This is the mail archive of the
gcc-testresults@gcc.gnu.org
mailing list for the GCC project.
Results for gcc acats testsuite on
- From: guerby at gcc12 dot fsffrance dot org
- To: gcc-testresults at gcc dot gnu dot org
- Date: Tue, 29 Apr 2008 06:43:55 +0200
- Subject: Results for gcc acats testsuite on
LAST_UPDATED: Tue Apr 29 02:57:21 UTC 2008 (revision 134775)
=== acats tests ===
FAIL: c94008c
=== acats Summary ===
# of expected passes 2314
# of unexpected failures 1
Compiler version: gcc acats
Platform:
configure flags: --prefix=/n/04/guerby/install-4.3 --enable-languages=all,ada --enable-__cxa_atexit --disable-nls --enable-threads=posix --disable-multilib --with-mpfr=/opt/cfarm/mpfr-2.3.1