This is the mail archive of the
gcc-testresults@gcc.gnu.org
mailing list for the GCC project.
Results for 4.4.0 20080427 (experimental) [trunk revision 134729] (GCC) testsuite on x86_64-unknown-linux-gnu
- From: Joey Ye <jye2 at shgcc-2 dot sh dot intel dot com>
- To: gcc-testresults at gcc dot gnu dot org
- Date: Mon, 28 Apr 2008 07:25:11 +0800
- Subject: Results for 4.4.0 20080427 (experimental) [trunk revision 134729] (GCC) testsuite on x86_64-unknown-linux-gnu
LAST_UPDATED: Sun Apr 27 17:01:31 UTC 2008 (revision 134729)
Native configuration is x86_64-unknown-linux-gnu
=== g++ tests ===
Running target unix/-m32
FAIL: g++.dg/ext/vector14.C (test for excess errors)
=== g++ Summary for unix/-m32 ===
# of expected passes 17721
# of unexpected failures 1
# of expected failures 82
# of unsupported tests 90
Running target unix
=== g++ Summary for unix ===
# of expected passes 17631
# of expected failures 82
# of unsupported tests 121
=== g++ Summary ===
# of expected passes 35352
# of unexpected failures 1
# of expected failures 164
# of unsupported tests 211
/home/jye2/gcc/build-daily/gcc/testsuite/g++/../../g++ version 4.4.0 20080427 (experimental) [trunk revision 134729] (GCC)
=== gcc tests ===
Running target unix/-m32
FAIL: gcc.dg/tls/section-2.c (test for errors, line 7)
FAIL: gcc.dg/torture/builtin-math-4.c -O0 (test for excess errors)
FAIL: gcc.dg/torture/builtin-math-4.c -O1 (test for excess errors)
FAIL: gcc.dg/torture/builtin-math-4.c -O2 (test for excess errors)
FAIL: gcc.dg/torture/builtin-math-4.c -O3 -fomit-frame-pointer (test for excess errors)
FAIL: gcc.dg/torture/builtin-math-4.c -O3 -fomit-frame-pointer -funroll-loops (test for excess errors)
FAIL: gcc.dg/torture/builtin-math-4.c -O3 -fomit-frame-pointer -funroll-all-loops -finline-functions (test for excess errors)
FAIL: gcc.dg/torture/builtin-math-4.c -O3 -g (test for excess errors)
FAIL: gcc.dg/torture/builtin-math-4.c -Os (test for excess errors)
XPASS: gcc.dg/tree-ssa/ltrans-3.c scan-tree-dump-times ltrans "transformed loop" 1
=== gcc Summary for unix/-m32 ===
# of expected passes 49536
# of unexpected failures 9
# of unexpected successes 1
# of expected failures 167
# of untested testcases 35
# of unsupported tests 418
Running target unix
FAIL: gcc.dg/tls/section-2.c (test for errors, line 7)
FAIL: gcc.dg/torture/builtin-math-4.c -O0 (test for excess errors)
FAIL: gcc.dg/torture/builtin-math-4.c -O1 (test for excess errors)
FAIL: gcc.dg/torture/builtin-math-4.c -O2 (test for excess errors)
FAIL: gcc.dg/torture/builtin-math-4.c -O3 -fomit-frame-pointer (test for excess errors)
FAIL: gcc.dg/torture/builtin-math-4.c -O3 -fomit-frame-pointer -funroll-loops (test for excess errors)
FAIL: gcc.dg/torture/builtin-math-4.c -O3 -fomit-frame-pointer -funroll-all-loops -finline-functions (test for excess errors)
FAIL: gcc.dg/torture/builtin-math-4.c -O3 -g (test for excess errors)
FAIL: gcc.dg/torture/builtin-math-4.c -Os (test for excess errors)
FAIL: gcc.dg/tree-prof/pr34999.c compilation, -fprofile-use -D_PROFILE_USE
UNRESOLVED: gcc.dg/tree-prof/pr34999.c execution, -fprofile-use -D_PROFILE_USE
XPASS: gcc.dg/tree-ssa/ltrans-3.c scan-tree-dump-times ltrans "transformed loop" 1
=== gcc Summary for unix ===
# of expected passes 49389
# of unexpected failures 10
# of unexpected successes 1
# of expected failures 167
# of unresolved testcases 1
# of untested testcases 35
# of unsupported tests 532
=== gcc Summary ===
# of expected passes 98925
# of unexpected failures 19
# of unexpected successes 2
# of expected failures 334
# of unresolved testcases 1
# of untested testcases 70
# of unsupported tests 950
/home/jye2/gcc/build-daily/gcc/xgcc version 4.4.0 20080427 (experimental) [trunk revision 134729] (GCC)
=== gfortran tests ===
Running target unix/-m32
=== gfortran Summary for unix/-m32 ===
# of expected passes 24502
# of expected failures 3
# of unsupported tests 64
Running target unix
=== gfortran Summary for unix ===
# of expected passes 24564
# of expected failures 3
# of unsupported tests 34
=== gfortran Summary ===
# of expected passes 49066
# of expected failures 6
# of unsupported tests 98
/home/jye2/gcc/build-daily/gcc/testsuite/gfortran/../../gfortran version 4.4.0 20080427 (experimental) [trunk revision 134729] (GCC)
=== objc tests ===
Running target unix/-m32
=== objc Summary for unix/-m32 ===
# of expected passes 1814
# of expected failures 7
# of unsupported tests 24
Running target unix
=== objc Summary for unix ===
# of expected passes 1814
# of expected failures 7
# of unsupported tests 24
=== objc Summary ===
# of expected passes 3628
# of expected failures 14
# of unsupported tests 48
/home/jye2/gcc/build-daily/gcc/xgcc version 4.4.0 20080427 (experimental) [trunk revision 134729] (GCC)
=== libffi tests ===
Running target unix/-m32
=== libffi Summary for unix/-m32 ===
# of expected passes 1389
# of unsupported tests 10
Running target unix
=== libffi Summary for unix ===
# of expected passes 1389
# of unsupported tests 10
=== libffi Summary ===
# of expected passes 2778
# of unsupported tests 20
=== libgomp tests ===
Running target unix/-m32
=== libgomp Summary for unix/-m32 ===
# of expected passes 1723
Running target unix
=== libgomp Summary for unix ===
# of expected passes 1723
=== libgomp Summary ===
# of expected passes 3446
=== libjava tests ===
Running target unix/-m32
=== libjava Summary for unix/-m32 ===
# of expected passes 2550
Running target unix
=== libjava Summary for unix ===
# of expected passes 2550
=== libjava Summary ===
# of expected passes 5100
=== libmudflap tests ===
Running target unix/-m32
=== libmudflap Summary for unix/-m32 ===
# of expected passes 1865
Running target unix
=== libmudflap Summary for unix ===
# of expected passes 1865
=== libmudflap Summary ===
# of expected passes 3730
=== libstdc++ tests ===
Running target unix/-m32
XPASS: 26_numerics/headers/cmath/c99_classification_macros_c.cc (test for excess errors)
=== libstdc++ Summary for unix/-m32 ===
# of expected passes 5686
# of unexpected successes 1
# of expected failures 73
# of unsupported tests 10
Running target unix
XPASS: 26_numerics/headers/cmath/c99_classification_macros_c.cc (test for excess errors)
=== libstdc++ Summary for unix ===
# of expected passes 5686
# of unexpected successes 1
# of expected failures 73
# of unsupported tests 10
=== libstdc++ Summary ===
# of expected passes 11372
# of unexpected successes 2
# of expected failures 146
# of unsupported tests 20
Compiler version: 4.4.0 20080427 (experimental) [trunk revision 134729] (GCC)
Platform: x86_64-unknown-linux-gnu
configure flags: --enable-clocale=gnu --with-system-zlib --enable-decimal-float=bid --with-demangler-in-ld --enable-shared --enable-threads=posix --enable-haifa --enable-checking=assert