This is the mail archive of the
gcc-testresults@gcc.gnu.org
mailing list for the GCC project.
IRA Branch Results for 4.4.0 20080328 (experimental) (GCC) testsuite on s390x-ibm-linux-gnu
- From: "Andreas Krebbel" <Andreas dot Krebbel at de dot ibm dot com>
- To: gcc-testresults at gcc dot gnu dot org
- Date: Fri, 25 Apr 2008 13:06:18 +0200
- Subject: IRA Branch Results for 4.4.0 20080328 (experimental) (GCC) testsuite on s390x-ibm-linux-gnu
LAST_UPDATED:
Native configuration is s390x-ibm-linux-gnu
=== g++ tests ===
Running target unix
FAIL: g++.old-deja/g++.robertl/eb130.C (test for excess errors)
=== g++ Summary ===
# of expected passes 17464
# of unexpected failures 1
# of expected failures 82
# of unsupported tests 139
/build2/gcc-ira-build/gcc/testsuite/g++/../../g++ version 4.4.0 20080328 (experimental) (GCC)
=== gcc tests ===
Running target unix
FAIL: gcc.c-torture/compile/pr11832.c -O0 (internal compiler error)
FAIL: gcc.c-torture/compile/pr11832.c -O0 (test for excess errors)
FAIL: gcc.c-torture/compile/pr11832.c -O1 (internal compiler error)
FAIL: gcc.c-torture/compile/pr11832.c -O1 (test for excess errors)
FAIL: gcc.c-torture/compile/pr11832.c -O2 (internal compiler error)
FAIL: gcc.c-torture/compile/pr11832.c -O2 (test for excess errors)
FAIL: gcc.c-torture/compile/pr11832.c -O3 -fomit-frame-pointer (internal compiler error)
FAIL: gcc.c-torture/compile/pr11832.c -O3 -fomit-frame-pointer (test for excess errors)
FAIL: gcc.c-torture/compile/pr11832.c -O3 -g (internal compiler error)
FAIL: gcc.c-torture/compile/pr11832.c -O3 -g (test for excess errors)
FAIL: gcc.c-torture/compile/pr11832.c -Os (internal compiler error)
FAIL: gcc.c-torture/compile/pr11832.c -Os (test for excess errors)
FAIL: gcc.c-torture/compile/pr33009.c -O0 (internal compiler error)
FAIL: gcc.c-torture/compile/pr33009.c -O0 (test for excess errors)
FAIL: gcc.c-torture/compile/pr33009.c -O1 (internal compiler error)
FAIL: gcc.c-torture/compile/pr33009.c -O1 (test for excess errors)
FAIL: gcc.c-torture/compile/pr33009.c -O2 (internal compiler error)
FAIL: gcc.c-torture/compile/pr33009.c -O2 (test for excess errors)
FAIL: gcc.c-torture/compile/pr33009.c -O3 -fomit-frame-pointer (internal compiler error)
FAIL: gcc.c-torture/compile/pr33009.c -O3 -fomit-frame-pointer (test for excess errors)
FAIL: gcc.c-torture/compile/pr33009.c -O3 -fomit-frame-pointer -funroll-loops (internal compiler error)
FAIL: gcc.c-torture/compile/pr33009.c -O3 -fomit-frame-pointer -funroll-loops (test for excess errors)
FAIL: gcc.c-torture/compile/pr33009.c -O3 -fomit-frame-pointer -funroll-all-loops -finline-functions (internal compiler error)
FAIL: gcc.c-torture/compile/pr33009.c -O3 -fomit-frame-pointer -funroll-all-loops -finline-functions (test for excess errors)
FAIL: gcc.c-torture/compile/pr33009.c -O3 -g (internal compiler error)
FAIL: gcc.c-torture/compile/pr33009.c -O3 -g (test for excess errors)
FAIL: gcc.c-torture/compile/pr33009.c -Os (internal compiler error)
FAIL: gcc.c-torture/compile/pr33009.c -Os (test for excess errors)
FAIL: gcc.dg/uninit-13.c unconditional (test for warnings, line 8)
FAIL: gcc.dg/uninit-13.c (test for excess errors)
FAIL: gcc.dg/tree-prof/pr34999.c compilation, -fprofile-use -D_PROFILE_USE
UNRESOLVED: gcc.dg/tree-prof/pr34999.c execution, -fprofile-use -D_PROFILE_USE
XPASS: gcc.dg/tree-ssa/20040204-1.c scan-tree-dump-times optimized "link_error" 0
FAIL: gcc.dg/tree-ssa/loop-25.c scan-tree-dump-times profile "Found latch edge" 5
FAIL: gcc.dg/tree-ssa/loop-25.c scan-tree-dump-times profile "Merged latch edges" 2
FAIL: gcc.dg/tree-ssa/loop-25.c scan-tree-dump-times profile "4 loops found" 2
FAIL: gcc.dg/tree-ssa/loop-25.c scan-tree-dump-times profile "3 loops found" 2
FAIL: gcc.dg/tree-ssa/loop-25.c scan-tree-dump-times profile "2 loops found" 1
XPASS: gcc.dg/tree-ssa/sra-2.c scan-tree-dump-times optimized "link_error" 0
=== gcc Summary ===
# of expected passes 46681
# of unexpected failures 36
# of unexpected successes 2
# of expected failures 87
# of unresolved testcases 1
# of untested testcases 35
# of unsupported tests 435
/build2/gcc-ira-build/gcc/xgcc version 4.4.0 20080328 (experimental) (GCC)
=== gfortran tests ===
Running target unix
FAIL: gfortran.dg/fmt_float.f90 -O0 output pattern test, is 0.10E+01 0.10E+00 0.10E-01
FAIL: gfortran.dg/fmt_float.f90 -O1 output pattern test, is 0.10E+01 0.10E+00 0.10E-01
FAIL: gfortran.dg/fmt_float.f90 -O2 output pattern test, is 0.10E+01 0.10E+00 0.10E-01
FAIL: gfortran.dg/fmt_float.f90 -O3 -fomit-frame-pointer output pattern test, is 0.10E+01 0.10E+00 0.10E-01
FAIL: gfortran.dg/fmt_float.f90 -O3 -fomit-frame-pointer -funroll-loops output pattern test, is 0.10E+01 0.10E+00 0.10E-01
FAIL: gfortran.dg/fmt_float.f90 -O3 -fomit-frame-pointer -funroll-all-loops -finline-functions output pattern test, is 0.10E+01 0.10E+00 0.10E-01
FAIL: gfortran.dg/fmt_float.f90 -O3 -g output pattern test, is 0.10E+01 0.10E+00 0.10E-01
FAIL: gfortran.dg/fmt_float.f90 -Os output pattern test, is 0.10E+01 0.10E+00 0.10E-01
FAIL: gfortran.dg/fmt_zero_digits.f90 -O0 execution test
FAIL: gfortran.dg/fmt_zero_digits.f90 -O1 execution test
FAIL: gfortran.dg/fmt_zero_digits.f90 -O2 execution test
FAIL: gfortran.dg/fmt_zero_digits.f90 -O3 -fomit-frame-pointer execution test
FAIL: gfortran.dg/fmt_zero_digits.f90 -O3 -fomit-frame-pointer -funroll-loops execution test
FAIL: gfortran.dg/fmt_zero_digits.f90 -O3 -fomit-frame-pointer -funroll-all-loops -finline-functions execution test
FAIL: gfortran.dg/fmt_zero_digits.f90 -O3 -g execution test
FAIL: gfortran.dg/fmt_zero_digits.f90 -Os execution test
FAIL: gfortran.dg/parameter_array_init_3.f90 -O (internal compiler error)
FAIL: gfortran.dg/parameter_array_init_3.f90 -O (test for excess errors)
=== gfortran Summary ===
# of expected passes 24044
# of unexpected failures 18
# of expected failures 3
# of unsupported tests 20
/build2/gcc-ira-build/gcc/testsuite/gfortran/../../gfortran version 4.4.0 20080328 (experimental) (GCC)
=== objc tests ===
Running target unix
=== objc Summary ===
# of expected passes 1814
# of expected failures 7
# of unsupported tests 24
/build2/gcc-ira-build/gcc/xgcc version 4.4.0 20080328 (experimental) (GCC)
=== libffi tests ===
Running target unix
=== libffi Summary ===
# of expected passes 1389
# of unsupported tests 10
=== libgomp tests ===
Running target unix
=== libgomp Summary ===
# of expected passes 1723
=== libjava tests ===
Running target unix
=== libjava Summary ===
# of expected passes 2550
=== libmudflap tests ===
Running target unix
=== libmudflap Summary ===
# of expected passes 1865
=== libstdc++ tests ===
Running target unix
XPASS: 26_numerics/headers/cmath/c99_classification_macros_c.cc (test for excess errors)
FAIL: backward/hash_map/1.cc (test for excess errors)
WARNING: backward/hash_map/1.cc compilation failed to produce executable
FAIL: backward/hash_map/14648.cc (test for excess errors)
WARNING: backward/hash_map/14648.cc compilation failed to produce executable
FAIL: backward/hash_map/23528.cc (test for excess errors)
FAIL: backward/hash_map/requirements/explicit_instantiation.cc (test for excess errors)
FAIL: backward/hash_set/1.cc (test for excess errors)
WARNING: backward/hash_set/1.cc compilation failed to produce executable
FAIL: backward/hash_set/check_construct_destroy.cc (test for excess errors)
WARNING: backward/hash_set/check_construct_destroy.cc compilation failed to produce executable
FAIL: backward/hash_set/requirements/explicit_instantiation.cc (test for excess errors)
=== libstdc++ Summary ===
# of expected passes 5599
# of unexpected failures 7
# of unexpected successes 1
# of expected failures 65
# of unsupported tests 10
Compiler version: 4.4.0 20080328 (experimental) (GCC)
Platform: s390x-ibm-linux-gnu
configure flags: --prefix=/build2/gcc-ira-install --enable-shared --with-system-zlib --enable-threads=posix --enable-__cxa_atexit --enable-checking --enable-decimal-float --program-suffix=-4.4.0