This is the mail archive of the
gcc-testresults@gcc.gnu.org
mailing list for the GCC project.
Results for 4.4.0 20080412 (experimental) [trunk revision 134221] (GCC) testsuite on i686-pc-linux-gnu
- From: Joey Ye <jye2 at shgcc-1 dot sh dot intel dot com>
- To: gcc-testresults at gcc dot gnu dot org
- Date: Sun, 13 Apr 2008 04:48:11 +0800
- Subject: Results for 4.4.0 20080412 (experimental) [trunk revision 134221] (GCC) testsuite on i686-pc-linux-gnu
LAST_UPDATED: Sat Apr 12 17:01:40 UTC 2008 (revision 134221)
Native configuration is i686-pc-linux-gnu
=== g++ tests ===
Running target unix
=== g++ Summary ===
# of expected passes 17616
# of expected failures 82
# of unsupported tests 90
/home/jye2/gcc/build-daily/gcc/testsuite/g++/../../g++ version 4.4.0 20080412 (experimental) [trunk revision 134221] (GCC)
=== gcc tests ===
Running target unix
ERROR: gcc.dg/pr30957-1.c: no files matched glob pattern "hard_float1580.c.[0-9][0-9][0-9]r.expand" for " dg-require-effective-target 8 hard_float "
UNRESOLVED: gcc.dg/pr30957-1.c: no files matched glob pattern "hard_float1580.c.[0-9][0-9][0-9]r.expand" for " dg-require-effective-target 8 hard_float "
ERROR: gcc.dg/var-expand1.c: can't read "et_cache(hard_float,value)": no such element in array for " dg-require-effective-target 4 hard_float "
UNRESOLVED: gcc.dg/var-expand1.c: can't read "et_cache(hard_float,value)": no such element in array for " dg-require-effective-target 4 hard_float "
FAIL: gcc.dg/tree-ssa/loop-25.c scan-tree-dump-times profile "Found latch edge" 5
FAIL: gcc.dg/tree-ssa/loop-25.c scan-tree-dump-times profile "Merged latch edges" 2
FAIL: gcc.dg/tree-ssa/loop-25.c scan-tree-dump-times profile "4 loops found" 2
FAIL: gcc.dg/tree-ssa/loop-25.c scan-tree-dump-times profile "3 loops found" 2
FAIL: gcc.dg/tree-ssa/loop-25.c scan-tree-dump-times profile "2 loops found" 1
=== gcc Summary ===
# of expected passes 49393
# of unexpected failures 5
# of expected failures 163
# of unresolved testcases 2
# of untested testcases 35
# of unsupported tests 418
/home/jye2/gcc/build-daily/gcc/xgcc version 4.4.0 20080412 (experimental) [trunk revision 134221] (GCC)
=== gfortran tests ===
Running target unix
=== gfortran Summary ===
# of expected passes 24305
# of expected failures 3
# of unsupported tests 64
/home/jye2/gcc/build-daily/gcc/testsuite/gfortran/../../gfortran version 4.4.0 20080412 (experimental) [trunk revision 134221] (GCC)
=== objc tests ===
Running target unix
=== objc Summary ===
# of expected passes 1814
# of expected failures 7
# of unsupported tests 24
/home/jye2/gcc/build-daily/gcc/xgcc version 4.4.0 20080412 (experimental) [trunk revision 134221] (GCC)
=== libffi tests ===
Running target unix
=== libffi Summary ===
# of expected passes 1389
# of unsupported tests 10
=== libgomp tests ===
Running target unix
=== libgomp Summary ===
# of expected passes 1723
=== libjava tests ===
Running target unix
=== libjava Summary ===
# of expected passes 2550
=== libmudflap tests ===
Running target unix
=== libmudflap Summary ===
# of expected passes 1865
=== libstdc++ tests ===
Running target unix
XPASS: 26_numerics/headers/cmath/c99_classification_macros_c.cc (test for excess errors)
=== libstdc++ Summary ===
# of expected passes 5682
# of unexpected successes 1
# of expected failures 73
# of unsupported tests 10
Compiler version: 4.4.0 20080412 (experimental) [trunk revision 134221] (GCC)
Platform: i686-pc-linux-gnu
configure flags: --enable-clocale=gnu --with-system-zlib --enable-decimal-float=bid --with-demangler-in-ld --enable-shared --enable-threads=posix --enable-haifa --enable-checking=assert