This is the mail archive of the
gcc-testresults@gcc.gnu.org
mailing list for the GCC project.
Results for 4.4.0 20080409 (experimental) [trunk revision 134149] (GCC) testsuite on x86_64-unknown-linux-gnu
- From: "H.J. Lu" <hjl dot tools at gmail dot com>
- To: gcc-testresults at gcc dot gnu dot org
- Date: Wed, 9 Apr 2008 11:32:29 -0700 (PDT)
- Subject: Results for 4.4.0 20080409 (experimental) [trunk revision 134149] (GCC) testsuite on x86_64-unknown-linux-gnu
LAST_UPDATED: Wed Apr 9 17:09:46 UTC 2008 (revision 134149)
Native configuration is x86_64-unknown-linux-gnu
=== gcc tests ===
Running target unix/-m32
FAIL: gcc.c-torture/compile/limits-exprparen.c -O0 (test for excess errors)
FAIL: gcc.c-torture/compile/limits-exprparen.c -O1 (test for excess errors)
FAIL: gcc.c-torture/compile/limits-exprparen.c -O2 (test for excess errors)
FAIL: gcc.c-torture/compile/limits-exprparen.c -O3 -fomit-frame-pointer (test for excess errors)
FAIL: gcc.c-torture/compile/limits-exprparen.c -O3 -g (test for excess errors)
FAIL: gcc.c-torture/compile/limits-exprparen.c -Os (test for excess errors)
ERROR: gcc.dg/pr30957-1.c: no files matched glob pattern "hard_float16774.c.[0-9][0-9][0-9]r.expand" for " dg-require-effective-target 8 hard_float "
UNRESOLVED: gcc.dg/pr30957-1.c: no files matched glob pattern "hard_float16774.c.[0-9][0-9][0-9]r.expand" for " dg-require-effective-target 8 hard_float "
ERROR: gcc.dg/var-expand1.c: can't read "et_cache(hard_float,value)": no such element in array for " dg-require-effective-target 4 hard_float "
UNRESOLVED: gcc.dg/var-expand1.c: can't read "et_cache(hard_float,value)": no such element in array for " dg-require-effective-target 4 hard_float "
FAIL: gcc.dg/tree-ssa/loop-25.c scan-tree-dump-times profile "Found latch edge" 5
FAIL: gcc.dg/tree-ssa/loop-25.c scan-tree-dump-times profile "Merged latch edges" 2
FAIL: gcc.dg/tree-ssa/loop-25.c scan-tree-dump-times profile "4 loops found" 2
FAIL: gcc.dg/tree-ssa/loop-25.c scan-tree-dump-times profile "3 loops found" 2
FAIL: gcc.dg/tree-ssa/loop-25.c scan-tree-dump-times profile "2 loops found" 1
=== gcc Summary for unix/-m32 ===
# of expected passes 49431
# of unexpected failures 11
# of expected failures 163
# of unresolved testcases 2
# of untested testcases 35
# of unsupported tests 398
Running target unix
FAIL: gcc.c-torture/compile/limits-exprparen.c -O0 (test for excess errors)
FAIL: gcc.c-torture/compile/limits-exprparen.c -O1 (test for excess errors)
FAIL: gcc.c-torture/compile/limits-exprparen.c -O2 (test for excess errors)
FAIL: gcc.c-torture/compile/limits-exprparen.c -O3 -fomit-frame-pointer (test for excess errors)
FAIL: gcc.c-torture/compile/limits-exprparen.c -O3 -g (test for excess errors)
FAIL: gcc.c-torture/compile/limits-exprparen.c -Os (test for excess errors)
ERROR: gcc.dg/pr30957-1.c: no files matched glob pattern "hard_float16774.c.[0-9][0-9][0-9]r.expand" for " dg-require-effective-target 8 hard_float "
UNRESOLVED: gcc.dg/pr30957-1.c: no files matched glob pattern "hard_float16774.c.[0-9][0-9][0-9]r.expand" for " dg-require-effective-target 8 hard_float "
ERROR: gcc.dg/var-expand1.c: can't read "et_cache(hard_float,value)": no such element in array for " dg-require-effective-target 4 hard_float "
UNRESOLVED: gcc.dg/var-expand1.c: can't read "et_cache(hard_float,value)": no such element in array for " dg-require-effective-target 4 hard_float "
FAIL: gcc.dg/tree-prof/pr34999.c compilation, -fprofile-use -D_PROFILE_USE
UNRESOLVED: gcc.dg/tree-prof/pr34999.c execution, -fprofile-use -D_PROFILE_USE
FAIL: gcc.dg/tree-ssa/loop-25.c scan-tree-dump-times profile "Found latch edge" 5
FAIL: gcc.dg/tree-ssa/loop-25.c scan-tree-dump-times profile "Merged latch edges" 2
FAIL: gcc.dg/tree-ssa/loop-25.c scan-tree-dump-times profile "4 loops found" 2
FAIL: gcc.dg/tree-ssa/loop-25.c scan-tree-dump-times profile "3 loops found" 2
FAIL: gcc.dg/tree-ssa/loop-25.c scan-tree-dump-times profile "2 loops found" 1
=== gcc Summary for unix ===
# of expected passes 49286
# of unexpected failures 12
# of expected failures 163
# of unresolved testcases 3
# of untested testcases 35
# of unsupported tests 512
=== gcc Summary ===
# of expected passes 98717
# of unexpected failures 23
# of expected failures 326
# of unresolved testcases 5
# of untested testcases 70
# of unsupported tests 910
/export/build/gnu/gcc/build-x86_64-linux/gcc/xgcc version 4.4.0 20080409 (experimental) [trunk revision 134149] (GCC)
=== gfortran tests ===
Running target unix/-m32
=== gfortran Summary for unix/-m32 ===
# of expected passes 24305
# of expected failures 3
# of unsupported tests 64
Running target unix
=== gfortran Summary for unix ===
# of expected passes 24367
# of expected failures 3
# of unsupported tests 34
=== gfortran Summary ===
# of expected passes 48672
# of expected failures 6
# of unsupported tests 98
/export/build/gnu/gcc/build-x86_64-linux/gcc/testsuite/gfortran/../../gfortran version 4.4.0 20080409 (experimental) [trunk revision 134149] (GCC)
=== g++ tests ===
Running target unix/-m32
=== g++ Summary for unix/-m32 ===
# of expected passes 17617
# of expected failures 82
# of unsupported tests 90
Running target unix
=== g++ Summary for unix ===
# of expected passes 17528
# of expected failures 82
# of unsupported tests 121
=== g++ Summary ===
# of expected passes 35145
# of expected failures 164
# of unsupported tests 211
/export/build/gnu/gcc/build-x86_64-linux/gcc/testsuite/g++/../../g++ version 4.4.0 20080409 (experimental) [trunk revision 134149] (GCC)
=== objc tests ===
Running target unix/-m32
=== objc Summary for unix/-m32 ===
# of expected passes 1814
# of expected failures 7
# of unsupported tests 24
Running target unix
=== objc Summary for unix ===
# of expected passes 1814
# of expected failures 7
# of unsupported tests 24
=== objc Summary ===
# of expected passes 3628
# of expected failures 14
# of unsupported tests 48
/export/build/gnu/gcc/build-x86_64-linux/gcc/xgcc version 4.4.0 20080409 (experimental) [trunk revision 134149] (GCC)
=== libffi tests ===
Running target unix/-m32
=== libffi Summary for unix/-m32 ===
# of expected passes 1389
# of unsupported tests 10
Running target unix
=== libffi Summary for unix ===
# of expected passes 1389
# of unsupported tests 10
=== libffi Summary ===
# of expected passes 2778
# of unsupported tests 20
=== libgomp tests ===
Running target unix/-m32
=== libgomp Summary for unix/-m32 ===
# of expected passes 1723
Running target unix
=== libgomp Summary for unix ===
# of expected passes 1723
=== libgomp Summary ===
# of expected passes 3446
=== libjava tests ===
Running target unix/-m32
=== libjava Summary for unix/-m32 ===
# of expected passes 2550
Running target unix
=== libjava Summary for unix ===
# of expected passes 2550
=== libjava Summary ===
# of expected passes 5100
=== libmudflap tests ===
Running target unix/-m32
FAIL: libmudflap.cth/pass39-frag.c (-O2) (rerun 7) execution test
FAIL: libmudflap.cth/pass39-frag.c (-O2) (rerun 7) output pattern test
=== libmudflap Summary for unix/-m32 ===
# of expected passes 1863
# of unexpected failures 2
Running target unix
=== libmudflap Summary for unix ===
# of expected passes 1865
=== libmudflap Summary ===
# of expected passes 3728
# of unexpected failures 2
=== libstdc++ tests ===
Running target unix/-m32
XPASS: 26_numerics/headers/cmath/c99_classification_macros_c.cc (test for excess errors)
=== libstdc++ Summary for unix/-m32 ===
# of expected passes 5615
# of unexpected successes 1
# of expected failures 65
# of unsupported tests 10
Running target unix
XPASS: 26_numerics/headers/cmath/c99_classification_macros_c.cc (test for excess errors)
=== libstdc++ Summary for unix ===
# of expected passes 5615
# of unexpected successes 1
# of expected failures 65
# of unsupported tests 10
=== libstdc++ Summary ===
# of expected passes 11230
# of unexpected successes 2
# of expected failures 130
# of unsupported tests 20
Compiler version: 4.4.0 20080409 (experimental) [trunk revision 134149] (GCC)
Platform: x86_64-unknown-linux-gnu
configure flags: --enable-clocale=gnu --with-system-zlib --enable-decimal-float=bid --with-demangler-in-ld --enable-shared --enable-threads=posix --enable-haifa --enable-checking=assert --prefix=/usr/gcc-4.4 --with-local-prefix=/usr/local