This is the mail archive of the
gcc-testresults@gcc.gnu.org
mailing list for the GCC project.
Results for 4.4.0 20080313 (experimental) [gomp-3_0-branch revision 133493] (GCC) testsuite on x86_64-unknown-linux-gnu
- From: Mike Stein <mstein dot lists at googlemail dot com>
- To: gcc-testresults at gcc dot gnu dot org
- Date: Tue, 25 Mar 2008 23:50:15 +0100
- Subject: Results for 4.4.0 20080313 (experimental) [gomp-3_0-branch revision 133493] (GCC) testsuite on x86_64-unknown-linux-gnu
- Reply-to: gcc at gcc dot gnu dot org
LAST_UPDATED: Mon Mar 24 23:09:39 UTC 2008 (revision 133493)
Native configuration is x86_64-unknown-linux-gnu
=== gcc tests ===
Running target unix
FAIL: gcc.c-torture/compile/limits-structnest.c -O2 (test for excess errors)
FAIL: gcc.c-torture/compile/limits-structnest.c -O3 -fomit-frame-pointer (test for excess errors)
FAIL: gcc.c-torture/compile/limits-structnest.c -O3 -g (test for excess errors)
FAIL: gcc.c-torture/compile/limits-structnest.c -Os (test for excess errors)
FAIL: gcc.dg/tree-ssa/ldist-4.c scan-tree-dump-times ldist "distributed: split to 2 loops" 0
=== gcc Summary ===
# of expected passes 48813
# of unexpected failures 5
# of expected failures 168
# of untested testcases 35
# of unsupported tests 466
/home/mstein/obj/gomp-3_0-branch/gcc/xgcc version 4.4.0 20080313 (experimental) [gomp-3_0-branch revision 133493] (GCC)
=== libgomp tests ===
Running target unix
=== libgomp Summary ===
# of expected passes 201
=== libmudflap tests ===
Running target unix
=== libmudflap Summary ===
# of expected passes 1700
# of unsupported tests 2
Compiler version: 4.4.0 20080313 (experimental) [gomp-3_0-branch revision 133493] (GCC)
Platform: x86_64-unknown-linux-gnu
configure flags: --enable-languages=c --disable-nls --prefix=/home/mstein/host-gcc/gomp-3_0-branch-2008-03-25 --with-mpfr=/opt/cfarm/mpfr-2.3.1 --enable-checking=yes,rtl