This is the mail archive of the
gcc-testresults@gcc.gnu.org
mailing list for the GCC project.
Results for 4.4.0 20080322 (experimental) [trunk revision 133450] (GCC) testsuite on x86_64-unknown-linux-gnu
- From: "H.J. Lu" <hjl dot tools at gmail dot com>
- To: gcc-testresults at gcc dot gnu dot org
- Date: Sat, 22 Mar 2008 12:58:09 -0700 (PDT)
- Subject: Results for 4.4.0 20080322 (experimental) [trunk revision 133450] (GCC) testsuite on x86_64-unknown-linux-gnu
LAST_UPDATED: Sat Mar 22 18:29:49 UTC 2008 (revision 133450)
Native configuration is x86_64-unknown-linux-gnu
=== gcc tests ===
Running target unix/-m32
FAIL: gcc.dg/tree-ssa/loop-25.c scan-tree-dump-times profile "Found latch edge" 5
FAIL: gcc.dg/tree-ssa/loop-25.c scan-tree-dump-times profile "Merged latch edges" 2
FAIL: gcc.dg/tree-ssa/loop-25.c scan-tree-dump-times profile "4 loops found" 2
FAIL: gcc.dg/tree-ssa/loop-25.c scan-tree-dump-times profile "3 loops found" 2
FAIL: gcc.dg/tree-ssa/loop-25.c scan-tree-dump-times profile "2 loops found" 1
=== gcc Summary for unix/-m32 ===
# of expected passes 49177
# of unexpected failures 5
# of expected failures 164
# of untested testcases 35
# of unsupported tests 366
Running target unix
FAIL: gcc.dg/tree-prof/pr34999.c compilation, -fprofile-use -D_PROFILE_USE
UNRESOLVED: gcc.dg/tree-prof/pr34999.c execution, -fprofile-use -D_PROFILE_USE
FAIL: gcc.dg/tree-ssa/loop-25.c scan-tree-dump-times profile "Found latch edge" 5
FAIL: gcc.dg/tree-ssa/loop-25.c scan-tree-dump-times profile "Merged latch edges" 2
FAIL: gcc.dg/tree-ssa/loop-25.c scan-tree-dump-times profile "4 loops found" 2
FAIL: gcc.dg/tree-ssa/loop-25.c scan-tree-dump-times profile "3 loops found" 2
FAIL: gcc.dg/tree-ssa/loop-25.c scan-tree-dump-times profile "2 loops found" 1
=== gcc Summary for unix ===
# of expected passes 49037
# of unexpected failures 6
# of expected failures 163
# of unresolved testcases 1
# of untested testcases 35
# of unsupported tests 478
=== gcc Summary ===
# of expected passes 98214
# of unexpected failures 11
# of expected failures 327
# of unresolved testcases 1
# of untested testcases 70
# of unsupported tests 844
/export/build/gnu/gcc/build-x86_64-linux/gcc/xgcc version 4.4.0 20080322 (experimental) [trunk revision 133450] (GCC)
=== gfortran tests ===
Running target unix/-m32
=== gfortran Summary for unix/-m32 ===
# of expected passes 24002
# of expected failures 3
# of unsupported tests 32
Running target unix
=== gfortran Summary for unix ===
# of expected passes 24032
# of expected failures 3
# of unsupported tests 18
=== gfortran Summary ===
# of expected passes 48034
# of expected failures 6
# of unsupported tests 50
/export/build/gnu/gcc/build-x86_64-linux/gcc/testsuite/gfortran/../../gfortran version 4.4.0 20080322 (experimental) [trunk revision 133450] (GCC)
=== g++ tests ===
Running target unix/-m32
=== g++ Summary for unix/-m32 ===
# of expected passes 17560
# of expected failures 82
# of unsupported tests 89
Running target unix
=== g++ Summary for unix ===
# of expected passes 17471
# of expected failures 82
# of unsupported tests 120
=== g++ Summary ===
# of expected passes 35031
# of expected failures 164
# of unsupported tests 209
/export/build/gnu/gcc/build-x86_64-linux/gcc/testsuite/g++/../../g++ version 4.4.0 20080322 (experimental) [trunk revision 133450] (GCC)
=== objc tests ===
Running target unix/-m32
=== objc Summary for unix/-m32 ===
# of expected passes 1812
# of expected failures 7
# of unsupported tests 24
Running target unix
=== objc Summary for unix ===
# of expected passes 1812
# of expected failures 7
# of unsupported tests 24
=== objc Summary ===
# of expected passes 3624
# of expected failures 14
# of unsupported tests 48
/export/build/gnu/gcc/build-x86_64-linux/gcc/xgcc version 4.4.0 20080322 (experimental) [trunk revision 133450] (GCC)
=== libffi tests ===
Running target unix/-m32
=== libffi Summary for unix/-m32 ===
# of expected passes 1389
# of unsupported tests 10
Running target unix
=== libffi Summary for unix ===
# of expected passes 1389
# of unsupported tests 10
=== libffi Summary ===
# of expected passes 2778
# of unsupported tests 20
=== libgomp tests ===
Running target unix/-m32
=== libgomp Summary for unix/-m32 ===
# of expected passes 1723
Running target unix
=== libgomp Summary for unix ===
# of expected passes 1723
=== libgomp Summary ===
# of expected passes 3446
=== libjava tests ===
Running target unix/-m32
=== libjava Summary for unix/-m32 ===
# of expected passes 2550
Running target unix
=== libjava Summary for unix ===
# of expected passes 2550
=== libjava Summary ===
# of expected passes 5100
=== libmudflap tests ===
Running target unix/-m32
=== libmudflap Summary for unix/-m32 ===
# of expected passes 1865
Running target unix
=== libmudflap Summary for unix ===
# of expected passes 1865
=== libmudflap Summary ===
# of expected passes 3730
=== libstdc++ tests ===
Running target unix/-m32
XPASS: 26_numerics/headers/cmath/c99_classification_macros_c.cc (test for excess errors)
=== libstdc++ Summary for unix/-m32 ===
# of expected passes 5611
# of unexpected successes 1
# of expected failures 65
# of unsupported tests 10
Running target unix
XPASS: 26_numerics/headers/cmath/c99_classification_macros_c.cc (test for excess errors)
=== libstdc++ Summary for unix ===
# of expected passes 5611
# of unexpected successes 1
# of expected failures 65
# of unsupported tests 10
=== libstdc++ Summary ===
# of expected passes 11222
# of unexpected successes 2
# of expected failures 130
# of unsupported tests 20
Compiler version: 4.4.0 20080322 (experimental) [trunk revision 133450] (GCC)
Platform: x86_64-unknown-linux-gnu
configure flags: --enable-clocale=gnu --with-system-zlib --enable-decimal-float=bid --with-demangler-in-ld --enable-shared --enable-threads=posix --enable-haifa --enable-checking=assert --prefix=/usr/gcc-4.4 --with-local-prefix=/usr/local