This is the mail archive of the
gcc-testresults@gcc.gnu.org
mailing list for the GCC project.
Results for 4.4.0 20080320 (experimental)(GCC) testsuite on i686-pc-linux-gnu"
- From: "John Pavel" <jrp at dial dot pipex dot com>
- To: <gcc-testresults at gcc dot gnu dot org>
- Date: Thu, 20 Mar 2008 23:32:27 -0000
- Subject: Results for 4.4.0 20080320 (experimental)(GCC) testsuite on i686-pc-linux-gnu"
LAST_UPDATED:
Native configuration is i686-pc-linux-gnu
=== gcc tests ===
Running target unix
FAIL: gcc.dg/tree-ssa/loop-25.c scan-tree-dump-times profile "Found latch
edge" 5
FAIL: gcc.dg/tree-ssa/loop-25.c scan-tree-dump-times profile "Merged latch
edges" 2
FAIL: gcc.dg/tree-ssa/loop-25.c scan-tree-dump-times profile "4 loops found"
2
FAIL: gcc.dg/tree-ssa/loop-25.c scan-tree-dump-times profile "3 loops found"
2
FAIL: gcc.dg/tree-ssa/loop-25.c scan-tree-dump-times profile "2 loops found"
1
FAIL: gcc.dg/tree-ssa/ssa-ccp-17.c scan-tree-dump ccp1 "= i;"
FAIL: gcc.dg/tree-ssa/ssa-ccp-17.c scan-tree-dump ccp1 "= f.i;"
FAIL: gcc.dg/tree-ssa/ssa-ccp-17.c scan-tree-dump ccp1 "= g.i;"
=== gcc Summary ===
# of expected passes 49148
# of unexpected failures 8
# of expected failures 164
# of untested testcases 35
# of unsupported tests 377
/home/jrp/build/gcc/xgcc version 4.4.0 20080320 (experimental) (GCC)
=== gfortran tests ===
Running target unix
=== gfortran Summary ===
# of expected passes 23970
# of expected failures 3
# of unsupported tests 24
/home/jrp/build/gcc/testsuite/gfortran/../../gfortran version 4.4.0
20080320 (experimental) (GCC)
=== g++ tests ===
Running target unix
=== g++ Summary ===
# of expected passes 17559
# of expected failures 82
# of unsupported tests 89
/home/jrp/build/gcc/testsuite/g++/../../g++ version 4.4.0 20080320
(experimental) (GCC)
=== libgomp tests ===
Running target unix
=== libgomp Summary ===
# of expected passes 1723
=== libmudflap tests ===
Running target unix
=== libmudflap Summary ===
# of expected passes 1865
=== libstdc++ tests ===
Running target unix
XPASS: 26_numerics/headers/cmath/c99_classification_macros_c.cc (test for
excess errors)
=== libstdc++ Summary ===
# of expected passes 4979
# of unexpected successes 1
# of expected failures 65
# of unsupported tests 326
Compiler version: 4.4.020080320(experimental)(GCC)
Platform: i686-pc-linux-gnu
configure flags: -v --enable-languages=c,c++,fortran --enable-shared
--with-system-zlib --without-included-gettext --enable-threads=posix
--enable-nls --enable-__cxa_atexit --enable-clocale=gnu
--enable-libstdcxx-debug --enable-mpfr --enable-checking=release
--with-arch=core2