This is the mail archive of the
gcc-testresults@gcc.gnu.org
mailing list for the GCC project.
Results for 4.4.0 20080315 (experimental) [trunk revision 133251] (GCC) testsuite on x86_64-unknown-linux-gnu
- From: "H.J. Lu" <hjl dot tools at gmail dot com>
- To: gcc-testresults at gcc dot gnu dot org
- Date: Sat, 15 Mar 2008 09:42:47 -0700 (PDT)
- Subject: Results for 4.4.0 20080315 (experimental) [trunk revision 133251] (GCC) testsuite on x86_64-unknown-linux-gnu
LAST_UPDATED: Sat Mar 15 15:14:46 UTC 2008 (revision 133251)
Native configuration is x86_64-unknown-linux-gnu
=== gcc tests ===
Running target unix/-m32
=== gcc Summary for unix/-m32 ===
# of expected passes 49151
# of expected failures 168
# of untested testcases 35
# of unsupported tests 258
Running target unix
FAIL: gcc.dg/tree-prof/pr34999.c compilation, -fprofile-use -D_PROFILE_USE
UNRESOLVED: gcc.dg/tree-prof/pr34999.c execution, -fprofile-use -D_PROFILE_USE
=== gcc Summary for unix ===
# of expected passes 49011
# of unexpected failures 1
# of expected failures 167
# of unresolved testcases 1
# of untested testcases 35
# of unsupported tests 370
=== gcc Summary ===
# of expected passes 98162
# of unexpected failures 1
# of expected failures 335
# of unresolved testcases 1
# of untested testcases 70
# of unsupported tests 628
/export/build/gnu/gcc/build-x86_64-linux/gcc/xgcc version 4.4.0 20080315 (experimental) [trunk revision 133251] (GCC)
=== gfortran tests ===
Running target unix/-m32
=== gfortran Summary for unix/-m32 ===
# of expected passes 23899
# of expected failures 3
# of unsupported tests 16
Running target unix
=== gfortran Summary for unix ===
# of expected passes 23897
# of expected failures 3
# of unsupported tests 18
=== gfortran Summary ===
# of expected passes 47796
# of expected failures 6
# of unsupported tests 34
/export/build/gnu/gcc/build-x86_64-linux/gcc/testsuite/gfortran/../../gfortran version 4.4.0 20080315 (experimental) [trunk revision 133251] (GCC)
=== g++ tests ===
Running target unix/-m32
=== g++ Summary for unix/-m32 ===
# of expected passes 17554
# of expected failures 82
# of unsupported tests 89
Running target unix
=== g++ Summary for unix ===
# of expected passes 17467
# of expected failures 82
# of unsupported tests 119
=== g++ Summary ===
# of expected passes 35021
# of expected failures 164
# of unsupported tests 208
/export/build/gnu/gcc/build-x86_64-linux/gcc/testsuite/g++/../../g++ version 4.4.0 20080315 (experimental) [trunk revision 133251] (GCC)
=== objc tests ===
Running target unix/-m32
=== objc Summary for unix/-m32 ===
# of expected passes 1812
# of expected failures 7
# of unsupported tests 24
Running target unix
=== objc Summary for unix ===
# of expected passes 1812
# of expected failures 7
# of unsupported tests 24
=== objc Summary ===
# of expected passes 3624
# of expected failures 14
# of unsupported tests 48
/export/build/gnu/gcc/build-x86_64-linux/gcc/xgcc version 4.4.0 20080315 (experimental) [trunk revision 133251] (GCC)
=== libffi tests ===
Running target unix/-m32
=== libffi Summary for unix/-m32 ===
# of expected passes 1389
# of unsupported tests 10
Running target unix
=== libffi Summary for unix ===
# of expected passes 1389
# of unsupported tests 10
=== libffi Summary ===
# of expected passes 2778
# of unsupported tests 20
=== libgomp tests ===
Running target unix/-m32
=== libgomp Summary for unix/-m32 ===
# of expected passes 1719
Running target unix
=== libgomp Summary for unix ===
# of expected passes 1719
=== libgomp Summary ===
# of expected passes 3438
=== libjava tests ===
Running target unix/-m32
=== libjava Summary for unix/-m32 ===
# of expected passes 2550
Running target unix
=== libjava Summary for unix ===
# of expected passes 2550
=== libjava Summary ===
# of expected passes 5100
=== libmudflap tests ===
Running target unix/-m32
=== libmudflap Summary for unix/-m32 ===
# of expected passes 1849
Running target unix
=== libmudflap Summary for unix ===
# of expected passes 1849
=== libmudflap Summary ===
# of expected passes 3698
=== libstdc++ tests ===
Running target unix/-m32
XPASS: 26_numerics/headers/cmath/c99_classification_macros_c.cc (test for excess errors)
=== libstdc++ Summary for unix/-m32 ===
# of expected passes 5603
# of unexpected successes 1
# of expected failures 64
# of unsupported tests 10
Running target unix
XPASS: 26_numerics/headers/cmath/c99_classification_macros_c.cc (test for excess errors)
=== libstdc++ Summary for unix ===
# of expected passes 5603
# of unexpected successes 1
# of expected failures 64
# of unsupported tests 10
=== libstdc++ Summary ===
# of expected passes 11206
# of unexpected successes 2
# of expected failures 128
# of unsupported tests 20
Compiler version: 4.4.0 20080315 (experimental) [trunk revision 133251] (GCC)
Platform: x86_64-unknown-linux-gnu
configure flags: --enable-clocale=gnu --with-system-zlib --enable-decimal-float=bid --with-demangler-in-ld --enable-shared --enable-threads=posix --enable-haifa --enable-checking=assert --prefix=/usr/gcc-4.4 --with-local-prefix=/usr/local