This is the mail archive of the
gcc-testresults@gcc.gnu.org
mailing list for the GCC project.
Results for 4.4.0 20080313 (experimental) [trunk revision 133160] (GCC) testsuite on x86_64-unknown-linux-gnu
- From: Weidong Cui <mason dot cui at gmail dot com>
- To: gcc-testresults at gcc dot gnu dot org
- Date: Wed, 12 Mar 2008 20:56:10 -0700 (PDT)
- Subject: Results for 4.4.0 20080313 (experimental) [trunk revision 133160] (GCC) testsuite on x86_64-unknown-linux-gnu
LAST_UPDATED: Thu Mar 13 01:15:43 UTC 2008 (revision 133160)
Native configuration is x86_64-unknown-linux-gnu
=== gcc tests ===
Running target unix
XPASS: gcc.dg/cpp/cmdlne-dI-M.c scan-file (^|\\\\n)cmdlne-dI-M.*:[^\\\\n]*cmdlne-dI-M.c
XPASS: gcc.dg/cpp/cmdlne-dM-M.c scan-file (^|\\\\n)cmdlne-dM-M[^\\\\n]*:[^\\\\n]*cmdlne-dM-M.c
FAIL: gcc.dg/tree-prof/pr34999.c compilation, -fprofile-use -D_PROFILE_USE
UNRESOLVED: gcc.dg/tree-prof/pr34999.c execution, -fprofile-use -D_PROFILE_USE
FAIL: gcc.dg/tree-ssa/ldist-4.c scan-tree-dump-times ldist "distributed: split to 2 loops" 0
=== gcc Summary ===
# of expected passes 48957
# of unexpected failures 2
# of unexpected successes 2
# of expected failures 166
# of unresolved testcases 1
# of untested testcases 35
# of unsupported tests 375
/home/cuiwd/gcc/build/gcc/xgcc version 4.4.0 20080313 (experimental) [trunk revision 133160] (GCC)
=== gfortran tests ===
Running target unix
FAIL: gfortran.dg/ldist-1.f90 -O scan-tree-dump-times ldist "distributed: split to 4 loops" 1
=== gfortran Summary ===
# of expected passes 23892
# of unexpected failures 1
# of expected failures 3
# of unsupported tests 18
/home/cuiwd/gcc/build/gcc/testsuite/gfortran/../../gfortran version 4.4.0 20080313 (experimental) [trunk revision 133160] (GCC)
=== g++ tests ===
Running target unix
=== g++ Summary ===
# of expected passes 17462
# of expected failures 82
# of unsupported tests 120
/home/cuiwd/gcc/build/gcc/testsuite/g++/../../g++ version 4.4.0 20080313 (experimental) [trunk revision 133160] (GCC)
=== objc tests ===
Running target unix
=== objc Summary ===
# of expected passes 1812
# of expected failures 7
# of unsupported tests 24
/home/cuiwd/gcc/build/gcc/xgcc version 4.4.0 20080313 (experimental) [trunk revision 133160] (GCC)
=== libffi tests ===
Running target unix
=== libffi Summary ===
# of expected passes 1389
# of unsupported tests 10
=== libgomp tests ===
Running target unix
=== libgomp Summary ===
# of expected passes 1703
=== libjava tests ===
Running target unix
=== libjava Summary ===
# of expected passes 2550
=== libmudflap tests ===
Running target unix
=== libmudflap Summary ===
# of expected passes 1849
=== libstdc++ tests ===
Running target unix
FAIL: abi_check
XPASS: 26_numerics/headers/cmath/c99_classification_macros_c.cc (test for excess errors)
=== libstdc++ Summary ===
# of expected passes 4969
# of unexpected failures 1
# of unexpected successes 1
# of expected failures 64
# of unsupported tests 326
Compiler version: 4.4.0 20080313 (experimental) [trunk revision 133160] (GCC)
Platform: x86_64-unknown-linux-gnu
configure flags: --prefix=/home/cuiwd/gcc/ins --with-gnu-as --with-as=/home/cuiwd/gcc/binutils/bin/as --with-gnu-ld --with-ld=/home/cuiwd/gcc/binutils/bin/ld --with-mpfr=/home/cuiwd/gcc/mpfr --with-gmp=/home/cuiwd/gcc/gmp --enable-clocale=gnu --with-system-zlib --enable-shared --enable-threads=posix --enable-nls --enable-checking=assert --enable-__cxa_atexit