This is the mail archive of the
gcc-testresults@gcc.gnu.org
mailing list for the GCC project.
Results for 4.3.0 (GCC) testsuite on i686-pc-linux-gnu
- From: Greg Schafer <gschafer at zip dot com dot au>
- To: gcc-testresults at gcc dot gnu dot org
- Date: Thu, 6 Mar 2008 13:19:00 +1100
- Subject: Results for 4.3.0 (GCC) testsuite on i686-pc-linux-gnu
This is using the GCC 4.3.0 Release tarball and is based on the
DIY Linux Reference Build recipe from:
http://www.diy-linux.org/
Using these packages:
FSF binutils-2.18
glibc-2.7
Running under a 2.6.24 kernel.
NOTE: This build is the third GCC iteration in the context of a full
Linux system bootstrap, hence the `--disable-bootstrap' used here.
NOTE: The cause of the warnings about "Could not compile
gcc.dg/compat/struct-layout-1 generator" is explained here:
http://gcc.gnu.org/ml/gcc/2008-03/msg00224.html
LAST_UPDATED: Obtained from SVN: tags/gcc_4_3_0_release revision 132947
Native configuration is i686-pc-linux-gnu
=== g++ tests ===
Running target unix
WARNING: Could not compile g++.dg/compat/struct-layout-1 generator
=== g++ Summary ===
# of expected passes 17352
# of expected failures 82
# of unsupported tests 88
/home/pkgmgr/src/gcc-build/gcc/testsuite/g++/../../g++ version 4.3.0 (GCC)
=== gcc tests ===
Running target unix
WARNING: Could not compile gcc.dg/compat/struct-layout-1 generator
=== gcc Summary ===
# of expected passes 48719
# of expected failures 167
# of untested testcases 35
# of unsupported tests 269
/home/pkgmgr/src/gcc-build/gcc/xgcc version 4.3.0 (GCC)
=== libgomp tests ===
Running target unix
=== libgomp Summary ===
# of expected passes 538
=== libmudflap tests ===
Running target unix
FAIL: libmudflap.c++/pass41-frag.cxx execution test
FAIL: libmudflap.c++/pass41-frag.cxx (-static) execution test
FAIL: libmudflap.c++/pass41-frag.cxx ( -O) execution test
FAIL: libmudflap.c++/pass41-frag.cxx (-O2) execution test
FAIL: libmudflap.c++/pass41-frag.cxx (-O3) execution test
=== libmudflap Summary ===
# of expected passes 1844
# of unexpected failures 5
=== libstdc++ tests ===
Running target unix
XPASS: 26_numerics/headers/cmath/c99_classification_macros_c.cc (test for excess errors)
=== libstdc++ Summary ===
# of expected passes 4927
# of unexpected successes 1
# of expected failures 57
# of unsupported tests 326
Compiler version: 4.3.0 (GCC)
Platform: i686-pc-linux-gnu
configure flags: --libexecdir=/usr/lib --enable-shared --disable-bootstrap --enable-languages=c,c++ --enable-clocale=gnu --enable-threads=posix --enable-__cxa_atexit