This is the mail archive of the
gcc-testresults@gcc.gnu.org
mailing list for the GCC project.
Results for 4.3.0 20080202 (experimental) [trunk revision 132072] (Debian 4.3-20080202-1) testsuite on i486-pc-linux-gnu
- From: Matthias Klose <doko at debian dot org>
- To: gcc-testresults at gcc dot gnu dot org
- Cc: debian-gcc at lists dot debian dot org
- Date: Sun, 02 Mar 2008 06:56:31 -0700
- Subject: Results for 4.3.0 20080202 (experimental) [trunk revision 132072] (Debian 4.3-20080202-1) testsuite on i486-pc-linux-gnu
- Reply-to: Matthias Klose <doko at debian dot org>
LAST_UPDATED: Sat Feb 2 18:53:24 UTC 2008 (revision 132072)
Target: i486-linux-gnu
gcc version 4.3.0 20080202 (experimental) [trunk revision 132072] (Debian 4.3-20080202-1)
Native configuration is i486-pc-linux-gnu
=== g++ tests ===
Running target unix
WARNING: Could not compile g++.dg/compat/struct-layout-1 generator
FAIL: g++.dg/conversion/simd3.C (test for errors, line 13)
FAIL: g++.dg/conversion/simd3.C (test for excess errors)
=== g++ Summary for unix ===
# of expected passes 17275
# of unexpected failures 2
# of expected failures 82
# of unsupported tests 87
Running target unix/-fstack-protector
WARNING: Could not compile g++.dg/compat/struct-layout-1 generator
FAIL: g++.dg/conversion/simd3.C (test for errors, line 13)
FAIL: g++.dg/conversion/simd3.C (test for excess errors)
=== g++ Summary for unix/-fstack-protector ===
# of expected passes 17275
# of unexpected failures 2
# of expected failures 82
# of unsupported tests 87
Running target unix/-m64
WARNING: Could not compile g++.dg/compat/struct-layout-1 generator
FAIL: g++.dg/conversion/simd3.C (test for errors, line 13)
FAIL: g++.dg/conversion/simd3.C (test for excess errors)
FAIL: g++.dg/inherit/override-attribs.C (test for errors, line 7)
FAIL: g++.dg/inherit/override-attribs.C (test for errors, line 14)
FAIL: g++.dg/inherit/override-attribs.C (test for excess errors)
=== g++ Summary for unix/-m64 ===
# of expected passes 17186
# of unexpected failures 5
# of expected failures 82
# of unsupported tests 117
=== g++ Summary ===
# of expected passes 51736
# of unexpected failures 9
# of expected failures 246
# of unsupported tests 291
/scratch/packages/gcc/4.3/gcc-4.3-4.3-20080202/build/gcc/testsuite/g++/../../g++ version 4.3.0 20080202 (experimental) [trunk revision 132072] (Debian 4.3-20080202-1)
=== gcc tests ===
Running target unix
WARNING: Could not compile gcc.dg/compat/struct-layout-1 generator
=== gcc Summary for unix ===
# of expected passes 48603
# of expected failures 167
# of untested testcases 35
# of unsupported tests 269
Running target unix/-fstack-protector
FAIL: gcc.c-torture/compile/limits-blockid.c -O0 (internal compiler error)
FAIL: gcc.c-torture/compile/limits-blockid.c -O0 (test for excess errors)
WARNING: Could not compile gcc.dg/compat/struct-layout-1 generator
=== gcc Summary for unix/-fstack-protector ===
# of expected passes 48602
# of unexpected failures 2
# of expected failures 167
# of untested testcases 35
# of unsupported tests 269
Running target unix/-m64
WARNING: Could not compile gcc.dg/compat/struct-layout-1 generator
=== gcc Summary for unix/-m64 ===
# of expected passes 48467
# of expected failures 166
# of untested testcases 35
# of unsupported tests 381
=== gcc Summary ===
# of expected passes 145672
# of unexpected failures 2
# of expected failures 500
# of untested testcases 105
# of unsupported tests 919
/scratch/packages/gcc/4.3/gcc-4.3-4.3-20080202/build/gcc/xgcc version 4.3.0 20080202 (experimental) [trunk revision 132072] (Debian 4.3-20080202-1)
=== gfortran tests ===
Running target unix
FAIL: gfortran.dg/stat_1.f90 -O0 execution test
FAIL: gfortran.dg/stat_1.f90 -O1 execution test
FAIL: gfortran.dg/stat_1.f90 -O2 execution test
FAIL: gfortran.dg/stat_1.f90 -O3 -fomit-frame-pointer execution test
FAIL: gfortran.dg/stat_1.f90 -O3 -fomit-frame-pointer -funroll-loops execution test
FAIL: gfortran.dg/stat_1.f90 -O3 -fomit-frame-pointer -funroll-all-loops -finline-functions execution test
FAIL: gfortran.dg/stat_1.f90 -O3 -g execution test
FAIL: gfortran.dg/stat_1.f90 -Os execution test
FAIL: gfortran.dg/stat_2.f90 -O0 execution test
FAIL: gfortran.dg/stat_2.f90 -O1 execution test
FAIL: gfortran.dg/stat_2.f90 -O2 execution test
FAIL: gfortran.dg/stat_2.f90 -O3 -fomit-frame-pointer execution test
FAIL: gfortran.dg/stat_2.f90 -O3 -fomit-frame-pointer -funroll-loops execution test
FAIL: gfortran.dg/stat_2.f90 -O3 -fomit-frame-pointer -funroll-all-loops -finline-functions execution test
FAIL: gfortran.dg/stat_2.f90 -O3 -g execution test
FAIL: gfortran.dg/stat_2.f90 -Os execution test
=== gfortran Summary for unix ===
# of expected passes 23655
# of unexpected failures 16
# of expected failures 3
# of unsupported tests 24
Running target unix/-fstack-protector
FAIL: gfortran.dg/stat_1.f90 -O0 execution test
FAIL: gfortran.dg/stat_1.f90 -O1 execution test
FAIL: gfortran.dg/stat_1.f90 -O2 execution test
FAIL: gfortran.dg/stat_1.f90 -O3 -fomit-frame-pointer execution test
FAIL: gfortran.dg/stat_1.f90 -O3 -fomit-frame-pointer -funroll-loops execution test
FAIL: gfortran.dg/stat_1.f90 -O3 -fomit-frame-pointer -funroll-all-loops -finline-functions execution test
FAIL: gfortran.dg/stat_1.f90 -O3 -g execution test
FAIL: gfortran.dg/stat_1.f90 -Os execution test
FAIL: gfortran.dg/stat_2.f90 -O0 execution test
FAIL: gfortran.dg/stat_2.f90 -O1 execution test
FAIL: gfortran.dg/stat_2.f90 -O2 execution test
FAIL: gfortran.dg/stat_2.f90 -O3 -fomit-frame-pointer execution test
FAIL: gfortran.dg/stat_2.f90 -O3 -fomit-frame-pointer -funroll-loops execution test
FAIL: gfortran.dg/stat_2.f90 -O3 -fomit-frame-pointer -funroll-all-loops -finline-functions execution test
FAIL: gfortran.dg/stat_2.f90 -O3 -g execution test
FAIL: gfortran.dg/stat_2.f90 -Os execution test
=== gfortran Summary for unix/-fstack-protector ===
# of expected passes 23655
# of unexpected failures 16
# of expected failures 3
# of unsupported tests 24
Running target unix/-m64
FAIL: gfortran.dg/stat_1.f90 -O0 execution test
FAIL: gfortran.dg/stat_1.f90 -O1 execution test
FAIL: gfortran.dg/stat_1.f90 -O2 execution test
FAIL: gfortran.dg/stat_1.f90 -O3 -fomit-frame-pointer execution test
FAIL: gfortran.dg/stat_1.f90 -O3 -fomit-frame-pointer -funroll-loops execution test
FAIL: gfortran.dg/stat_1.f90 -O3 -fomit-frame-pointer -funroll-all-loops -finline-functions execution test
FAIL: gfortran.dg/stat_1.f90 -O3 -g execution test
FAIL: gfortran.dg/stat_1.f90 -Os execution test
FAIL: gfortran.dg/stat_2.f90 -O0 execution test
FAIL: gfortran.dg/stat_2.f90 -O1 execution test
FAIL: gfortran.dg/stat_2.f90 -O2 execution test
FAIL: gfortran.dg/stat_2.f90 -O3 -fomit-frame-pointer execution test
FAIL: gfortran.dg/stat_2.f90 -O3 -fomit-frame-pointer -funroll-loops execution test
FAIL: gfortran.dg/stat_2.f90 -O3 -fomit-frame-pointer -funroll-all-loops -finline-functions execution test
FAIL: gfortran.dg/stat_2.f90 -O3 -g execution test
FAIL: gfortran.dg/stat_2.f90 -Os execution test
=== gfortran Summary for unix/-m64 ===
# of expected passes 23669
# of unexpected failures 16
# of expected failures 3
# of unsupported tests 18
=== gfortran Summary ===
# of expected passes 70979
# of unexpected failures 48
# of expected failures 9
# of unsupported tests 66
/scratch/packages/gcc/4.3/gcc-4.3-4.3-20080202/build/gcc/testsuite/gfortran/../../gfortran version 4.3.0 20080202 (experimental) [trunk revision 132072] (Debian 4.3-20080202-1)
=== obj-c++ tests ===
Running target unix
FAIL: obj-c++.dg/cxx-ivars-2.mm execution test
FAIL: obj-c++.dg/encode-2.mm scan-assembler {Vec<float>=ffi}
FAIL: obj-c++.dg/encode-2.mm scan-assembler {Vec<double>=ddi}
FAIL: obj-c++.dg/encode-3.mm execution test
FAIL: obj-c++.dg/encode-8.mm execution test
FAIL: obj-c++.dg/gnu-runtime-2.mm (test for excess errors)
FAIL: obj-c++.dg/isa-field-1.mm (test for excess errors)
FAIL: obj-c++.dg/lookup-2.mm (test for excess errors)
UNRESOLVED: obj-c++.dg/lookup-2.mm compilation failed to produce executable
FAIL: obj-c++.dg/try-catch-2.mm (test for excess errors)
UNRESOLVED: obj-c++.dg/try-catch-2.mm compilation failed to produce executable
FAIL: obj-c++.dg/try-catch-9.mm (test for excess errors)
UNRESOLVED: obj-c++.dg/try-catch-9.mm compilation failed to produce executable
=== obj-c++ Summary for unix ===
# of expected passes 425
# of unexpected failures 10
# of unresolved testcases 3
# of unsupported tests 13
Running target unix/-fstack-protector
FAIL: obj-c++.dg/cxx-ivars-2.mm execution test
FAIL: obj-c++.dg/encode-2.mm scan-assembler {Vec<float>=ffi}
FAIL: obj-c++.dg/encode-2.mm scan-assembler {Vec<double>=ddi}
FAIL: obj-c++.dg/encode-3.mm execution test
FAIL: obj-c++.dg/encode-8.mm execution test
FAIL: obj-c++.dg/gnu-runtime-2.mm (test for excess errors)
FAIL: obj-c++.dg/isa-field-1.mm (test for excess errors)
FAIL: obj-c++.dg/lookup-2.mm (test for excess errors)
UNRESOLVED: obj-c++.dg/lookup-2.mm compilation failed to produce executable
FAIL: obj-c++.dg/try-catch-2.mm (test for excess errors)
UNRESOLVED: obj-c++.dg/try-catch-2.mm compilation failed to produce executable
FAIL: obj-c++.dg/try-catch-9.mm (test for excess errors)
UNRESOLVED: obj-c++.dg/try-catch-9.mm compilation failed to produce executable
=== obj-c++ Summary for unix/-fstack-protector ===
# of expected passes 425
# of unexpected failures 10
# of unresolved testcases 3
# of unsupported tests 13
Running target unix/-m64
FAIL: obj-c++.dg/bitfield-1.mm (test for excess errors)
FAIL: obj-c++.dg/bitfield-4.mm (test for excess errors)
FAIL: obj-c++.dg/cxx-ivars-2.mm execution test
FAIL: obj-c++.dg/encode-2.mm scan-assembler {Vec<float>=ffi}
FAIL: obj-c++.dg/encode-2.mm scan-assembler {Vec<double>=ddi}
FAIL: obj-c++.dg/encode-3.mm execution test
FAIL: obj-c++.dg/encode-8.mm execution test
FAIL: obj-c++.dg/gnu-runtime-2.mm (test for excess errors)
FAIL: obj-c++.dg/isa-field-1.mm (test for excess errors)
FAIL: obj-c++.dg/layout-1.mm (test for excess errors)
FAIL: obj-c++.dg/lookup-2.mm (test for excess errors)
UNRESOLVED: obj-c++.dg/lookup-2.mm compilation failed to produce executable
FAIL: obj-c++.dg/try-catch-2.mm (test for excess errors)
UNRESOLVED: obj-c++.dg/try-catch-2.mm compilation failed to produce executable
FAIL: obj-c++.dg/try-catch-9.mm (test for excess errors)
UNRESOLVED: obj-c++.dg/try-catch-9.mm compilation failed to produce executable
=== obj-c++ Summary for unix/-m64 ===
# of expected passes 422
# of unexpected failures 13
# of unresolved testcases 3
# of unsupported tests 13
=== obj-c++ Summary ===
# of expected passes 1272
# of unexpected failures 33
# of unresolved testcases 9
# of unsupported tests 39
/scratch/packages/gcc/4.3/gcc-4.3-4.3-20080202/build/gcc/testsuite/obj-c++/../../g++ version 4.3.0 20080202 (experimental) [trunk revision 132072] (Debian 4.3-20080202-1)
=== objc tests ===
Running target unix
WARNING: Could not compile objc.dg/gnu-encoding/struct-layout-encoding-1 generator
=== objc Summary for unix ===
# of expected passes 1757
# of unsupported tests 24
Running target unix/-fstack-protector
WARNING: Could not compile objc.dg/gnu-encoding/struct-layout-encoding-1 generator
=== objc Summary for unix/-fstack-protector ===
# of expected passes 1757
# of unsupported tests 24
Running target unix/-m64
WARNING: Could not compile objc.dg/gnu-encoding/struct-layout-encoding-1 generator
=== objc Summary for unix/-m64 ===
# of expected passes 1757
# of unsupported tests 24
=== objc Summary ===
# of expected passes 5271
# of unsupported tests 72
/scratch/packages/gcc/4.3/gcc-4.3-4.3-20080202/build/gcc/xgcc version 4.3.0 20080202 (experimental) [trunk revision 132072] (Debian 4.3-20080202-1)
=== treelang tests ===
Running target unix
=== treelang Summary for unix ===
# of expected passes 52
Running target unix/-fstack-protector
=== treelang Summary for unix/-fstack-protector ===
# of expected passes 52
Running target unix/-m64
=== treelang Summary for unix/-m64 ===
# of expected passes 52
=== treelang Summary ===
# of expected passes 156
=== libffi tests ===
Running target unix
=== libffi Summary for unix ===
# of expected passes 1389
# of unsupported tests 10
Running target unix/-fstack-protector
=== libffi Summary for unix/-fstack-protector ===
# of expected passes 1389
# of unsupported tests 10
Running target unix/-m64
=== libffi Summary for unix/-m64 ===
# of expected passes 1389
# of unsupported tests 10
=== libffi Summary ===
# of expected passes 4167
# of unsupported tests 30
=== libgomp tests ===
Running target unix
WARNING: program timed out.
FAIL: libgomp.fortran/do2.f90 -O0 execution test
WARNING: program timed out.
FAIL: libgomp.fortran/do2.f90 -O1 execution test
WARNING: program timed out.
FAIL: libgomp.fortran/do2.f90 -O2 execution test
WARNING: program timed out.
FAIL: libgomp.fortran/do2.f90 -O3 -fomit-frame-pointer -funroll-loops execution test
WARNING: program timed out.
FAIL: libgomp.fortran/do2.f90 -O3 -fomit-frame-pointer -funroll-all-loops -finline-functions execution test
WARNING: program timed out.
FAIL: libgomp.fortran/do2.f90 -O3 -g execution test
WARNING: program timed out.
FAIL: libgomp.fortran/do2.f90 -Os execution test
=== libgomp Summary for unix ===
# of expected passes 1686
# of unexpected failures 7
Running target unix/-fstack-protector
WARNING: program timed out.
FAIL: libgomp.fortran/do2.f90 -O0 execution test
WARNING: program timed out.
FAIL: libgomp.fortran/do2.f90 -O1 execution test
WARNING: program timed out.
FAIL: libgomp.fortran/do2.f90 -O2 execution test
WARNING: program timed out.
FAIL: libgomp.fortran/do2.f90 -O3 -fomit-frame-pointer -funroll-loops execution test
WARNING: program timed out.
FAIL: libgomp.fortran/do2.f90 -O3 -fomit-frame-pointer -funroll-all-loops -finline-functions execution test
WARNING: program timed out.
FAIL: libgomp.fortran/do2.f90 -Os execution test
=== libgomp Summary for unix/-fstack-protector ===
# of expected passes 1687
# of unexpected failures 6
Running target unix/-m64
=== libgomp Summary for unix/-m64 ===
# of expected passes 1693
=== libgomp Summary ===
# of expected passes 5066
# of unexpected failures 13
=== libmudflap tests ===
Running target unix
FAIL: libmudflap.c++/pass41-frag.cxx execution test
FAIL: libmudflap.c++/pass41-frag.cxx (-static) execution test
FAIL: libmudflap.c++/pass41-frag.cxx ( -O) execution test
FAIL: libmudflap.c++/pass41-frag.cxx (-O2) execution test
FAIL: libmudflap.c++/pass41-frag.cxx (-O3) execution test
=== libmudflap Summary for unix ===
# of expected passes 1844
# of unexpected failures 5
Running target unix/-fstack-protector
FAIL: libmudflap.c++/pass41-frag.cxx execution test
FAIL: libmudflap.c++/pass41-frag.cxx (-static) execution test
FAIL: libmudflap.c++/pass41-frag.cxx ( -O) execution test
FAIL: libmudflap.c++/pass41-frag.cxx (-O2) execution test
FAIL: libmudflap.c++/pass41-frag.cxx (-O3) execution test
=== libmudflap Summary for unix/-fstack-protector ===
# of expected passes 1844
# of unexpected failures 5
Running target unix/-m64
FAIL: libmudflap.c/fail8-frag.c (-static) output pattern test
FAIL: libmudflap.c/fail9-frag.c (-static) output pattern test
FAIL: libmudflap.c++/pass41-frag.cxx execution test
FAIL: libmudflap.c++/pass41-frag.cxx (-static) execution test
FAIL: libmudflap.c++/pass41-frag.cxx ( -O) execution test
FAIL: libmudflap.c++/pass41-frag.cxx (-O2) execution test
FAIL: libmudflap.c++/pass41-frag.cxx (-O3) execution test
=== libmudflap Summary for unix/-m64 ===
# of expected passes 1842
# of unexpected failures 7
=== libmudflap Summary ===
# of expected passes 5530
# of unexpected failures 17
=== libstdc++ tests ===
Running target unix
FAIL: 22_locale/codecvt/encoding/wchar_t/1.cc (test for excess errors)
FAIL: 22_locale/codecvt/length/char/1.cc (test for excess errors)
XPASS: 26_numerics/headers/cmath/c99_classification_macros_c.cc (test for excess errors)
=== libstdc++ Summary for unix ===
# of expected passes 4961
# of unexpected failures 2
# of unexpected successes 1
# of expected failures 61
# of unsupported tests 326
Running target unix/-fstack-protector
XPASS: 26_numerics/headers/cmath/c99_classification_macros_c.cc (test for excess errors)
=== libstdc++ Summary for unix/-fstack-protector ===
# of expected passes 4963
# of unexpected successes 1
# of expected failures 61
# of unsupported tests 326
Running target unix/-m64
XPASS: 26_numerics/headers/cmath/c99_classification_macros_c.cc (test for excess errors)
XPASS: 27_io/fpos/14320-1.cc execution test
=== libstdc++ Summary for unix/-m64 ===
# of expected passes 4963
# of unexpected successes 2
# of expected failures 60
# of unsupported tests 326
=== libstdc++ Summary ===
# of expected passes 14887
# of unexpected failures 2
# of unexpected successes 4
# of expected failures 182
# of unsupported tests 978
Compiler version: 4.3.0 20080202 (experimental) [trunk revision 132072] (Debian 4.3-20080202-1)
Platform: i486-pc-linux-gnu
configure flags: -v --with-pkgversion='Debian 4.3-20080202-1' --with-bugurl=file:///usr/share/doc/gcc-4.3/README.Bugs --enable-languages=c,c++,fortran,objc,obj-c++,treelang --prefix=/usr --enable-shared --with-system-zlib --libexecdir=/usr/lib --without-included-gettext --enable-threads=posix --enable-nls --with-gxx-include-dir=/usr/include/c++/4.3 --program-suffix=-4.3 --enable-clocale=gnu --enable-libstdcxx-debug --enable-libffi --enable-objc-gc --enable-mpfr --enable-targets=all --enable-checking=release --build=i486-linux-gnu --host=i486-linux-gnu --target=i486-linux-gnu
BOOT_CFLAGS=
Build Dependencies:
Desired=Unknown/Install/Remove/Purge/Hold
| Status=Not/Installed/Config-files/Unpacked/Failed-config/Half-installed
|/ Err?=(none)/Hold/Reinst-required/X=both-problems (Status,Err: uppercase=bad)
||/ Name Version Description
+++-=======================================================-==========================-==============================================
ii binutils 2.18.1~cvs20080103-1 The GNU assembler, linker and binary utilities
ii libc6 2.7-6 GNU C Library: Shared libraries
Patches that Debian applied in this version:
rename-info-files:
Allow transformations on info file names. Reference the
transformed info file names in the texinfo files.
gcc-textdomain:
Set gettext's domain and textdomain to the versioned package name.
gcc-driver-extra-langs:
Add options and specs for languages that are not built from a source
(but built from separate sources).
gcc-hash-style-both:
Link using --hash-style=both (alpha, amd64, ia64, i386, powerpc, ppc64, s390, sparc)
libstdc++-pic:
Build and install libstdc++_pic.a library.
libstdc++-doclink:
adjust hrefs to point to the local documentation
libjava-stacktrace:
libgcj: Lookup source file name and line number in separated
debug files found in /usr/lib/debug
libjava-subdir:
- Set the libjava sublibdir to /usr/lib/gcj-4.3
- Set the default libgcj database dir to /var/lib/gcj-4.3
libjava-jnipath:
- Add /usr/lib/jni to java.library.path.
- When running the i386 binaries on amd64, look in
- /usr/lib32/gcj-x.y and /usr/lib32/jni instead.
libjava-sjlj:
Don't try to use _Unwind_Backtrace on SJLJ targets.
See bug #387875, #388505, GCC PR 29206.
libjava-rpath:
- Link ecjx with -rpath \$(dbexecdir)
libjava-examples:
Fix build for libjava/classpath/examples
libjava-jar:
gjar: support @ arguments.
libjava-soname:
Bump the libgcj soversion.
libffi-configure:
Add --enable-libffi option to toplevel configure script
pr28102:
Apply proposed fix for PR target/28102.
alpha-no-ev4-directive:
boehm-gc-getnprocs:
boehm-gc/pthread_support.c (GC_get_nprocs): Use sysconf as fallback.
note-gnu-stack:
Add .note.GNU-stack sections for gcc's crt files, libffi and boehm-gc
Taken from FC.
arm-unbreak-eabi-armv4t:
Fix armv4t build on ARM
libjava-armel-ldflags:
Adjust libjava extra_ldflags for armel.
deb-protoize:
build protoize/unprotoize binaries
cpu-default-i486:
set default 32bit ix86 architecture to i486
multiarch-include:
biarch-include.dpatch
Adds biarch include directories
/usr/local/include/<arch>-linux-gnu
/usr/include/<arch>-linux-gnu
to the system include paths, depending on 32/64 bit mode.
gcc-ice-hack:
Retry the build on an ice, save the calling options and preprocessed
source when the ice is reproducible.
libjava-disable-static:
Disable building the static libjava.
gcc-ice-apport:
Report an ICE to apport (if apport is available
and the environment variable GCC_NOAPPORT is not set)
libjava-nobiarch-check:
For biarch builds, disable the testsuite for the non-default architecture
for runtime libraries, which are not built by default (libjava).
config-ml:
disable some biarch libraries for biarch builds
Counting all warnings,
there are 0 warnings in stage3 of this bootstrap.
Number of warnings per file:
Number of warning types: