This is the mail archive of the
gcc-testresults@gcc.gnu.org
mailing list for the GCC project.
Results for 4.4.0 20080229 (experimental) [trunk revision 132782] (GCC) gcc testsuite on mips-unknown-elf
- From: Mike Stein <mstein dot lists at googlemail dot com>
- To: gcc-testresults at gcc dot gnu dot org
- Date: Sat, 1 Mar 2008 23:50:13 +0100
- Subject: Results for 4.4.0 20080229 (experimental) [trunk revision 132782] (GCC) gcc testsuite on mips-unknown-elf
- Reply-to: gcc at gcc dot gnu dot org
Debian 4 on x86_64
cross tool versions:
GNU assembler (GNU Binutils) 2.18.50.20080225
GNU gdb 6.7.50.20080224-cvs
GNU ld (GNU Binutils) 2.18.50.20080225
GNU Make 3.81
expect version 5.43.0
host gcc version: gcc (GCC) 4.1.2 20061115 (prerelease) (Debian 4.1.1-21)
LAST_UPDATED: Fri Feb 29 23:03:27 UTC 2008 (revision 132782)
Target is mips-unknown-elf
Host is x86_64-unknown-linux-gnu
=== gcc tests ===
Running target mips-sim
FAIL: gcc.c-torture/compile/limits-structnest.c -O2 (test for excess errors)
FAIL: gcc.c-torture/compile/limits-structnest.c -O3 -fomit-frame-pointer (test for excess errors)
FAIL: gcc.c-torture/compile/limits-structnest.c -O3 -g (test for excess errors)
FAIL: gcc.c-torture/compile/limits-structnest.c -Os (test for excess errors)
FAIL: gcc.c-torture/execute/991118-1.c compilation, -O3 -fomit-frame-pointer (internal compiler error)
UNRESOLVED: gcc.c-torture/execute/991118-1.c execution, -O3 -fomit-frame-pointer
FAIL: gcc.c-torture/execute/991118-1.c compilation, -O3 -g (internal compiler error)
UNRESOLVED: gcc.c-torture/execute/991118-1.c execution, -O3 -g
FAIL: gcc.c-torture/execute/bf64-1.c compilation, -O3 -fomit-frame-pointer (internal compiler error)
UNRESOLVED: gcc.c-torture/execute/bf64-1.c execution, -O3 -fomit-frame-pointer
FAIL: gcc.c-torture/execute/bf64-1.c compilation, -O3 -g (internal compiler error)
UNRESOLVED: gcc.c-torture/execute/bf64-1.c execution, -O3 -g
=== gcc Summary ===
# of expected passes 46568
# of unexpected failures 8
# of expected failures 86
# of unresolved testcases 4
# of untested testcases 35
# of unsupported tests 354
/home/mstein/sim/trunk/mips-elf/build/gcc/xgcc version 4.4.0 20080229 (experimental) [trunk revision 132782] (GCC)
Compiler version: 4.4.0 20080229 (experimental) [trunk revision 132782] (GCC) gcc
Platform: mips-unknown-elf
configure flags: --target=mips-elf --prefix=/home/mstein/cross-local/mips-elf --enable-languages=c --disable-nls --disable-build-warnings --with-ld=/home/mstein/cross-local/mips-elf/bin/mips-elf-ld --with-as=/home/mstein/cross-local/mips-elf/bin/mips-elf-as --disable-libssp --with-mpfr=/opt/cfarm/mpfr-2.3.1