This is the mail archive of the
gcc-testresults@gcc.gnu.org
mailing list for the GCC project.
Results for 4.3.0 20080220 (prerelease) (GCC) testsuite on mipsisa64-unknown-elf
- From: Richard Sandiford <richard at nildram dot co dot uk>
- To: gcc-testresults at gcc dot gnu dot org
- Date: Thu, 21 Feb 2008 20:42:47 +0000
- Subject: Results for 4.3.0 20080220 (prerelease) (GCC) testsuite on mipsisa64-unknown-elf
LAST_UPDATED: Tue Feb 19 08:36:33 UTC 2008
Target is mipsisa64-unknown-elf
Host is x86_64-unknown-linux-gnu
=== gcc tests ===
Running target mips-sim-idt32/-EB
=== gcc Summary for mips-sim-idt32/-EB ===
# of expected passes 46603
# of expected failures 125
# of untested testcases 35
# of unsupported tests 674
Running target mips-sim-idt32/-EB/-msoft-float
=== gcc Summary for mips-sim-idt32/-EB/-msoft-float ===
# of expected passes 46307
# of expected failures 84
# of untested testcases 35
# of unsupported tests 379
Running target mips-sim-idt32/-EL
=== gcc Summary for mips-sim-idt32/-EL ===
# of expected passes 46602
# of expected failures 125
# of untested testcases 35
# of unsupported tests 675
Running target mips-sim-idt32/-EL/-msoft-float
=== gcc Summary for mips-sim-idt32/-EL/-msoft-float ===
# of expected passes 46306
# of expected failures 84
# of untested testcases 35
# of unsupported tests 380
=== gcc Summary ===
# of expected passes 185818
# of expected failures 418
# of untested testcases 140
# of unsupported tests 2108
/scratch/richard/gcc/gcc-4_3-branch/mipsisa64-elf/x86_64-unknown-linux-gnu/gcc/xgcc version 4.3.0 20080220 (prerelease) (GCC)
Host is x86_64-unknown-linux-gnu
=== g++ tests ===
Running target mips-sim-idt32/-EB
=== g++ Summary for mips-sim-idt32/-EB ===
# of expected passes 16835
# of expected failures 81
# of unsupported tests 164
Running target mips-sim-idt32/-EB/-msoft-float
=== g++ Summary for mips-sim-idt32/-EB/-msoft-float ===
# of expected passes 16824
# of expected failures 81
# of unsupported tests 164
Running target mips-sim-idt32/-EL
=== g++ Summary for mips-sim-idt32/-EL ===
# of expected passes 16835
# of expected failures 81
# of unsupported tests 164
Running target mips-sim-idt32/-EL/-msoft-float
=== g++ Summary for mips-sim-idt32/-EL/-msoft-float ===
# of expected passes 16824
# of expected failures 81
# of unsupported tests 164
=== g++ Summary ===
# of expected passes 67318
# of expected failures 324
# of unsupported tests 656
/scratch/richard/gcc/gcc-4_3-branch/mipsisa64-elf/x86_64-unknown-linux-gnu/gcc/testsuite/g++/../../g++ version 4.3.0 20080220 (prerelease) (GCC)
Host is x86_64-unknown-linux-gnu
=== objc tests ===
Running target mips-sim-idt32/-EB
FAIL: objc.dg/stabs-1.m scan-assembler (.SUBSPA.*[\$]CODE[\$]|.text"?)\\n\\t.stabs.*100,0,0,([.\$])?L?L[\$]?etext[0-9]*\\n([.\$])?L?L[\$]?etext
=== objc Summary for mips-sim-idt32/-EB ===
# of expected passes 1811
# of unexpected failures 1
# of expected failures 7
# of unsupported tests 24
Running target mips-sim-idt32/-EB/-msoft-float
FAIL: objc.dg/stabs-1.m scan-assembler (.SUBSPA.*[\$]CODE[\$]|.text"?)\\n\\t.stabs.*100,0,0,([.\$])?L?L[\$]?etext[0-9]*\\n([.\$])?L?L[\$]?etext
=== objc Summary for mips-sim-idt32/-EB/-msoft-float ===
# of expected passes 1811
# of unexpected failures 1
# of expected failures 7
# of unsupported tests 24
Running target mips-sim-idt32/-EL
FAIL: objc.dg/stabs-1.m scan-assembler (.SUBSPA.*[\$]CODE[\$]|.text"?)\\n\\t.stabs.*100,0,0,([.\$])?L?L[\$]?etext[0-9]*\\n([.\$])?L?L[\$]?etext
=== objc Summary for mips-sim-idt32/-EL ===
# of expected passes 1811
# of unexpected failures 1
# of expected failures 7
# of unsupported tests 24
Running target mips-sim-idt32/-EL/-msoft-float
FAIL: objc.dg/stabs-1.m scan-assembler (.SUBSPA.*[\$]CODE[\$]|.text"?)\\n\\t.stabs.*100,0,0,([.\$])?L?L[\$]?etext[0-9]*\\n([.\$])?L?L[\$]?etext
=== objc Summary for mips-sim-idt32/-EL/-msoft-float ===
# of expected passes 1811
# of unexpected failures 1
# of expected failures 7
# of unsupported tests 24
=== objc Summary ===
# of expected passes 7244
# of unexpected failures 4
# of expected failures 28
# of unsupported tests 96
/scratch/richard/gcc/gcc-4_3-branch/mipsisa64-elf/x86_64-unknown-linux-gnu/gcc/xgcc version 4.3.0 20080220 (prerelease) (GCC)
Host is mipsisa64-unknown-elf
=== libstdc++ tests ===
Running target mips-sim-idt32/-EB
XPASS: 26_numerics/headers/cmath/c99_classification_macros_c.cc (test for excess errors)
=== libstdc++ Summary for mips-sim-idt32/-EB ===
# of expected passes 3684
# of unexpected successes 1
# of expected failures 56
# of unsupported tests 369
Running target mips-sim-idt32/-EB/-msoft-float
XPASS: 26_numerics/headers/cmath/c99_classification_macros_c.cc (test for excess errors)
=== libstdc++ Summary for mips-sim-idt32/-EB/-msoft-float ===
# of expected passes 3684
# of unexpected successes 1
# of expected failures 56
# of unsupported tests 369
Running target mips-sim-idt32/-EL
XPASS: 26_numerics/headers/cmath/c99_classification_macros_c.cc (test for excess errors)
=== libstdc++ Summary for mips-sim-idt32/-EL ===
# of expected passes 3684
# of unexpected successes 1
# of expected failures 56
# of unsupported tests 369
Running target mips-sim-idt32/-EL/-msoft-float
XPASS: 26_numerics/headers/cmath/c99_classification_macros_c.cc (test for excess errors)
=== libstdc++ Summary for mips-sim-idt32/-EL/-msoft-float ===
# of expected passes 3684
# of unexpected successes 1
# of expected failures 56
# of unsupported tests 369
=== libstdc++ Summary ===
# of expected passes 14736
# of unexpected successes 4
# of expected failures 224
# of unsupported tests 1476
Compiler version: 4.3.0 20080220 (prerelease) (GCC)
Platform: mipsisa64-unknown-elf
configure flags: --prefix=/scratch/richard/usr/gcc-4_3-branch --exec-prefix=/scratch/richard/usr/gcc-4_3-branch/H-x86_64-unknown-linux-gnu --build=x86_64-unknown-linux-gnu --host=x86_64-unknown-linux-gnu --target=mipsisa64-elf --enable-__cxa_atexit --with-gmp=/scratch/richard/usr/gmp/H-x86_64-unknown-linux-gnu --with-gnu-as --with-as=/scratch/richard/usr/src/H-x86_64-unknown-linux-gnu/bin/mipsisa64-elf-as --with-gnu-ld --with-ld=/scratch/richard/usr/src/H-x86_64-unknown-linux-gnu/bin/mipsisa64-elf-ld --enable-werror-always