This is the mail archive of the
gcc-testresults@gcc.gnu.org
mailing list for the GCC project.
Results for 4.3.020080211(experimental)[trunkrevision132232](GCC) testsuite on mips64-unknown-linux-gnu
- From: David Daney <daney at avtrex dot com>
- To: gcc-testresults at gcc dot gnu dot org
- Date: Sat, 16 Feb 2008 22:09:38 -0800
- Subject: Results for 4.3.020080211(experimental)[trunkrevision132232](GCC) testsuite on mips64-unknown-linux-gnu
LAST_UPDATED: Mon Feb 11 04:05:13 UTC 2008 (revision 132232)
Native configuration is mips64-unknown-linux-gnu
=== g++ tests ===
Running target unix/
WARNING: program timed out.
FAIL: g++.dg/torture/pr31863.C -O2 (test for excess errors)
WARNING: program timed out.
FAIL: g++.dg/torture/pr31863.C -O3 -fomit-frame-pointer (test for excess errors)
WARNING: program timed out.
FAIL: g++.dg/torture/pr31863.C -O3 -g (test for excess errors)
=== g++ Summary for unix/ ===
# of expected passes 17332
# of unexpected failures 3
# of expected failures 82
# of unsupported tests 134
Running target unix//-mabi=64
WARNING: program timed out.
FAIL: g++.dg/torture/pr31863.C -O2 (test for excess errors)
WARNING: program timed out.
FAIL: g++.dg/torture/pr31863.C -O3 -fomit-frame-pointer (test for excess errors)
WARNING: program timed out.
FAIL: g++.dg/torture/pr31863.C -O3 -g (test for excess errors)
=== g++ Summary for unix//-mabi=64 ===
# of expected passes 17300
# of unexpected failures 3
# of expected failures 82
# of unsupported tests 136
=== g++ Summary ===
# of expected passes 34632
# of unexpected failures 6
# of expected failures 164
# of unsupported tests 270
/home/daney/gccsvn/trunk-build/gcc/testsuite/g++/../../g++ version 4.3.0 20080211 (experimental) [trunk revision 132232] (GCC)
=== gcc tests ===
Running target unix/
WARNING: program timed out.
FAIL: gcc.c-torture/compile/20001226-1.c -O2 (test for excess errors)
WARNING: program timed out.
FAIL: gcc.c-torture/compile/20001226-1.c -O3 -fomit-frame-pointer (test for excess errors)
WARNING: program timed out.
FAIL: gcc.c-torture/compile/20001226-1.c -O3 -g (test for excess errors)
WARNING: program timed out.
FAIL: gcc.c-torture/compile/20001226-1.c -Os (test for excess errors)
WARNING: program timed out.
FAIL: gcc.c-torture/compile/limits-fnargs.c -O2 (test for excess errors)
WARNING: program timed out.
FAIL: gcc.c-torture/compile/limits-fnargs.c -O3 -fomit-frame-pointer (test for excess errors)
WARNING: program timed out.
FAIL: gcc.c-torture/compile/limits-fnargs.c -O3 -g (test for excess errors)
WARNING: program timed out.
FAIL: gcc.c-torture/compile/limits-fnargs.c -Os (test for excess errors)
WARNING: program timed out.
FAIL: gcc.c-torture/compile/limits-fndefn.c -O3 -g (test for excess errors)
FAIL: gcc.misc-tests/linkage.c link
=== gcc Summary for unix/ ===
# of expected passes 45946
# of unexpected failures 10
# of expected failures 90
# of untested testcases 35
# of unsupported tests 332
Running target unix//-mabi=64
WARNING: program timed out.
FAIL: gcc.c-torture/compile/20001226-1.c -O2 (test for excess errors)
WARNING: program timed out.
FAIL: gcc.c-torture/compile/20001226-1.c -O3 -fomit-frame-pointer (test for excess errors)
WARNING: program timed out.
FAIL: gcc.c-torture/compile/20001226-1.c -O3 -g (test for excess errors)
WARNING: program timed out.
FAIL: gcc.c-torture/compile/20001226-1.c -Os (test for excess errors)
WARNING: program timed out.
FAIL: gcc.c-torture/compile/limits-fnargs.c -O2 (test for excess errors)
WARNING: program timed out.
FAIL: gcc.c-torture/compile/limits-fnargs.c -O3 -fomit-frame-pointer (test for excess errors)
WARNING: program timed out.
FAIL: gcc.c-torture/compile/limits-fnargs.c -O3 -g (test for excess errors)
WARNING: program timed out.
FAIL: gcc.c-torture/compile/limits-fnargs.c -Os (test for excess errors)
WARNING: program timed out.
FAIL: gcc.c-torture/compile/limits-fndefn.c -O1 (test for excess errors)
WARNING: program timed out.
FAIL: gcc.c-torture/compile/limits-fndefn.c -O2 (test for excess errors)
WARNING: program timed out.
FAIL: gcc.c-torture/compile/limits-fndefn.c -O3 -fomit-frame-pointer (test for excess errors)
WARNING: program timed out.
FAIL: gcc.c-torture/compile/limits-fndefn.c -O3 -g (test for excess errors)
WARNING: program timed out.
FAIL: gcc.c-torture/compile/limits-fndefn.c -Os (test for excess errors)
FAIL: gcc.misc-tests/linkage.c link
=== gcc Summary for unix//-mabi=64 ===
# of expected passes 45705
# of unexpected failures 14
# of expected failures 90
# of untested testcases 35
# of unsupported tests 374
=== gcc Summary ===
# of expected passes 91651
# of unexpected failures 24
# of expected failures 180
# of untested testcases 70
# of unsupported tests 706
/home/daney/gccsvn/trunk-build/gcc/xgcc version 4.3.0 20080211 (experimental) [trunk revision 132232] (GCC)
=== libffi tests ===
Running target unix/
=== libffi Summary for unix/ ===
# of expected passes 1389
# of unsupported tests 10
Running target unix//-mabi=64
=== libffi Summary for unix//-mabi=64 ===
# of expected passes 1389
# of unsupported tests 10
=== libffi Summary ===
# of expected passes 2778
# of unsupported tests 20
=== libjava tests ===
Running target unix/
=== libjava Summary for unix/ ===
# of expected passes 2550
Running target unix//-mabi=64
=== libjava Summary for unix//-mabi=64 ===
# of expected passes 2550
=== libjava Summary ===
# of expected passes 5100
=== libstdc++ tests ===
Running target unix/
FAIL: abi_check
WARNING: program timed out.
FAIL: 23_containers/vector/bool/modifiers/insert/31370.cc execution test
XPASS: 26_numerics/headers/cmath/c99_classification_macros_c.cc (test for excess errors)
WARNING: program timed out.
FAIL: ext/pb_ds/regression/hash_data_map_rand.cc (test for excess errors)
UNRESOLVED: ext/pb_ds/regression/hash_data_map_rand.cc compilation failed to produce executable
WARNING: program timed out.
FAIL: ext/pb_ds/regression/hash_no_data_map_rand.cc (test for excess errors)
UNRESOLVED: ext/pb_ds/regression/hash_no_data_map_rand.cc compilation failed to produce executable
WARNING: program timed out.
FAIL: ext/pb_ds/regression/tree_data_map_rand.cc (test for excess errors)
UNRESOLVED: ext/pb_ds/regression/tree_data_map_rand.cc compilation failed to produce executable
WARNING: program timed out.
FAIL: ext/pb_ds/regression/tree_no_data_map_rand.cc (test for excess errors)
UNRESOLVED: ext/pb_ds/regression/tree_no_data_map_rand.cc compilation failed to produce executable
WARNING: program timed out.
FAIL: ext/pb_ds/regression/trie_data_map_rand.cc (test for excess errors)
UNRESOLVED: ext/pb_ds/regression/trie_data_map_rand.cc compilation failed to produce executable
WARNING: program timed out.
FAIL: ext/pb_ds/regression/trie_no_data_map_rand.cc (test for excess errors)
UNRESOLVED: ext/pb_ds/regression/trie_no_data_map_rand.cc compilation failed to produce executable
=== libstdc++ Summary for unix/ ===
# of expected passes 4949
# of unexpected failures 8
# of unexpected successes 1
# of expected failures 61
# of unresolved testcases 6
# of unsupported tests 326
Running target unix//-mabi=64
FAIL: abi_check
XPASS: 26_numerics/headers/cmath/c99_classification_macros_c.cc (test for excess errors)
XPASS: 27_io/fpos/14320-1.cc execution test
WARNING: program timed out.
FAIL: ext/pb_ds/regression/hash_data_map_rand.cc (test for excess errors)
UNRESOLVED: ext/pb_ds/regression/hash_data_map_rand.cc compilation failed to produce executable
WARNING: program timed out.
FAIL: ext/pb_ds/regression/hash_no_data_map_rand.cc (test for excess errors)
UNRESOLVED: ext/pb_ds/regression/hash_no_data_map_rand.cc compilation failed to produce executable
WARNING: program timed out.
FAIL: ext/pb_ds/regression/tree_data_map_rand.cc (test for excess errors)
UNRESOLVED: ext/pb_ds/regression/tree_data_map_rand.cc compilation failed to produce executable
WARNING: program timed out.
FAIL: ext/pb_ds/regression/tree_no_data_map_rand.cc (test for excess errors)
UNRESOLVED: ext/pb_ds/regression/tree_no_data_map_rand.cc compilation failed to produce executable
WARNING: program timed out.
FAIL: ext/pb_ds/regression/trie_data_map_rand.cc (test for excess errors)
UNRESOLVED: ext/pb_ds/regression/trie_data_map_rand.cc compilation failed to produce executable
WARNING: program timed out.
FAIL: ext/pb_ds/regression/trie_no_data_map_rand.cc (test for excess errors)
UNRESOLVED: ext/pb_ds/regression/trie_no_data_map_rand.cc compilation failed to produce executable
=== libstdc++ Summary for unix//-mabi=64 ===
# of expected passes 4950
# of unexpected failures 7
# of unexpected successes 2
# of expected failures 60
# of unresolved testcases 6
# of unsupported tests 326
=== libstdc++ Summary ===
# of expected passes 9899
# of unexpected failures 15
# of unexpected successes 3
# of expected failures 121
# of unresolved testcases 12
# of unsupported tests 652
Compiler version: 4.3.020080211(experimental)[trunkrevision132232](GCC)
Platform: mips64-unknown-linux-gnu
configure flags: --with-arch=r5000 --disable-java-awt --without-x --enable-__cxa_atexit --disable-jvmpi --disable-libgomp --disable-static --enable-languages=c,c++,java --disable-fixed-point --enable-checking=release --with-gmp=/home/daney/mp --with-mpfr=/home/daney/mp --disable-libmudflap