This is the mail archive of the
gcc-testresults@gcc.gnu.org
mailing list for the GCC project.
Results for 4.3.0 20080212 (experimental) (GCC) testsuite on arm-none-linux-gnueabi
- From: CodeSourcery Automatic Testing System <gcc at codesourcery dot com>
- To: gcc-testresults at gcc dot gnu dot org
- Date: Wed, 13 Feb 2008 01:23:58 -0800
- Subject: Results for 4.3.0 20080212 (experimental) (GCC) testsuite on arm-none-linux-gnueabi
LAST_UPDATED: Tue Feb 12 08:34:53 UTC 2008 (/trunk revision 132254)
Target is arm-none-linux-gnueabi
Host is i686-pc-linux-gnu
=== g++ tests ===
Running target qemu-default
FAIL: g++.dg/abi/forced.C execution test
FAIL: g++.dg/ext/java-1.C (test for excess errors)
FAIL: g++.dg/ext/java-2.C (test for excess errors)
FAIL: g++.dg/ext/visibility/arm3.C scan-not-hidden hidden[ \\t_]*_ZTI1A
FAIL: g++.dg/ext/visibility/arm3.C scan-not-hidden hidden[ \\t_]*_ZTS1A
FAIL: g++.dg/ext/visibility/arm3.C scan-not-hidden hidden[ \\t_]*_ZTI1B
FAIL: g++.dg/ext/visibility/arm3.C scan-not-hidden hidden[ \\t_]*_ZTS1B
FAIL: g++.dg/other/anon5.C (test for errors, line 14)
FAIL: g++.dg/other/anon5.C (test for excess errors)
XPASS: g++.dg/other/packed1.C execution test
FAIL: g++.dg/template/cond5.C (internal compiler error)
FAIL: g++.dg/template/cond5.C (test for excess errors)
FAIL: g++.old-deja/g++.jason/enum6.C (test for excess errors)
FAIL: g++.old-deja/g++.law/enum9.C (test for excess errors)
FAIL: g++.old-deja/g++.other/enum4.C (test for excess errors)
=== g++ Summary ===
# of expected passes 17293
# of unexpected failures 14
# of unexpected successes 1
# of expected failures 82
# of unsupported tests 149
/scratch/gcc/nightly-2008-02-12-mainline/arm-none-linux-gnueabi/build_gcc/build/test-mainline-0-arm-none-linux-gnueabi/host-i686-pc-linux-gnu/fsf-mainline/bin/arm-none-linux-gnueabi-g++ version 4.3.0 20080212 (experimental) (GCC)
Host is i686-pc-linux-gnu
=== gcc tests ===
Running target qemu-default
FAIL: gcc.dg/fshort-wchar.c (test for excess errors)
UNRESOLVED: gcc.dg/fshort-wchar.c compilation failed to produce executable
FAIL: gcc.dg/memcpy-1.c scan-tree-dump-times optimized "nasty_local" 0
FAIL: gcc.dg/uninit-13.c unconditional (test for warnings, line 8)
FAIL: gcc.dg/uninit-13.c (test for excess errors)
FAIL: gcc.dg/tree-prof/bb-reorg.c compilation, -fprofile-use -D_PROFILE_USE
UNRESOLVED: gcc.dg/tree-prof/bb-reorg.c execution, -fprofile-use -D_PROFILE_USE
=== gcc Summary ===
# of expected passes 45658
# of unexpected failures 5
# of expected failures 90
# of unresolved testcases 2
# of untested testcases 35
# of unsupported tests 2236
/scratch/gcc/nightly-2008-02-12-mainline/arm-none-linux-gnueabi/build_gcc/build/test-mainline-0-arm-none-linux-gnueabi/host-i686-pc-linux-gnu/fsf-mainline/bin/arm-none-linux-gnueabi-gcc version 4.3.0 20080212 (experimental) (GCC)
Host is i686-pc-linux-gnu
=== libstdc++ tests ===
Running target qemu-default
FAIL: 20_util/make_signed/requirements/typedefs-2.cc (test for excess errors)
FAIL: 20_util/make_unsigned/requirements/typedefs-2.cc (test for excess errors)
=== libstdc++ Summary ===
# of expected passes 4942
# of unexpected failures 2
# of expected failures 62
# of unsupported tests 335
Host is i686-pc-linux-gnu
=== g++ tests ===
Running target qemu-default/-mthumb
FAIL: g++.dg/abi/forced.C execution test
FAIL: g++.dg/ext/java-1.C (test for excess errors)
FAIL: g++.dg/ext/java-2.C (test for excess errors)
FAIL: g++.dg/ext/visibility/arm3.C scan-not-hidden hidden[ \\t_]*_ZTI1A
FAIL: g++.dg/ext/visibility/arm3.C scan-not-hidden hidden[ \\t_]*_ZTS1A
FAIL: g++.dg/ext/visibility/arm3.C scan-not-hidden hidden[ \\t_]*_ZTI1B
FAIL: g++.dg/ext/visibility/arm3.C scan-not-hidden hidden[ \\t_]*_ZTS1B
FAIL: g++.dg/other/anon5.C (test for errors, line 14)
FAIL: g++.dg/other/anon5.C (test for excess errors)
XPASS: g++.dg/other/packed1.C execution test
FAIL: g++.dg/template/cond5.C (internal compiler error)
FAIL: g++.dg/template/cond5.C (test for excess errors)
FAIL: g++.old-deja/g++.jason/enum6.C (test for excess errors)
FAIL: g++.old-deja/g++.law/enum9.C (test for excess errors)
FAIL: g++.old-deja/g++.other/enum4.C (test for excess errors)
=== g++ Summary ===
# of expected passes 17202
# of unexpected failures 14
# of unexpected successes 1
# of expected failures 82
# of unsupported tests 166
/scratch/gcc/nightly-2008-02-12-mainline/arm-none-linux-gnueabi/build_gcc/build/test-mainline-0-arm-none-linux-gnueabi/host-i686-pc-linux-gnu/fsf-mainline/bin/arm-none-linux-gnueabi-g++ version 4.3.0 20080212 (experimental) (GCC)
Host is i686-pc-linux-gnu
=== gcc tests ===
Running target qemu-default/-mthumb
FAIL: gcc.dg/fshort-wchar.c (test for excess errors)
UNRESOLVED: gcc.dg/fshort-wchar.c compilation failed to produce executable
FAIL: gcc.dg/memcpy-1.c scan-tree-dump-times optimized "nasty_local" 0
FAIL: gcc.dg/nested-func-4.c (test for excess errors)
UNRESOLVED: gcc.dg/nested-func-4.c compilation failed to produce executable
FAIL: gcc.dg/sibcall-3.c execution test
FAIL: gcc.dg/sibcall-4.c execution test
FAIL: gcc.dg/uninit-13.c unconditional (test for warnings, line 8)
FAIL: gcc.dg/uninit-13.c (test for excess errors)
FAIL: gcc.dg/tree-prof/bb-reorg.c compilation, -fprofile-use -D_PROFILE_USE
UNRESOLVED: gcc.dg/tree-prof/bb-reorg.c execution, -fprofile-use -D_PROFILE_USE
=== gcc Summary ===
# of expected passes 45266
# of unexpected failures 8
# of expected failures 90
# of unresolved testcases 3
# of untested testcases 35
# of unsupported tests 2286
/scratch/gcc/nightly-2008-02-12-mainline/arm-none-linux-gnueabi/build_gcc/build/test-mainline-0-arm-none-linux-gnueabi/host-i686-pc-linux-gnu/fsf-mainline/bin/arm-none-linux-gnueabi-gcc version 4.3.0 20080212 (experimental) (GCC)
Host is i686-pc-linux-gnu
=== libstdc++ tests ===
Running target qemu-default/-mthumb
FAIL: 20_util/make_signed/requirements/typedefs-2.cc (test for excess errors)
FAIL: 20_util/make_unsigned/requirements/typedefs-2.cc (test for excess errors)
=== libstdc++ Summary ===
# of expected passes 4942
# of unexpected failures 2
# of expected failures 62
# of unsupported tests 335
Compiler version: 4.3.0 20080212 (experimental) (GCC)
Platform: arm-none-linux-gnueabi
configure flags: --build=i686-pc-linux-gnu --host=i686-pc-linux-gnu --target=arm-none-linux-gnueabi --enable-threads --disable-libmudflap --disable-libssp --disable-libgomp --disable-libstdcxx-pch --with-gnu-as --with-gnu-ld --enable-languages=c,c++ --enable-shared --enable-symvers=gnu --enable-__cxa_atexit --disable-nls --prefix=/opt/codesourcery --with-sysroot=/opt/codesourcery/arm-none-linux-gnueabi/libc --with-build-sysroot=/scratch/gcc/nightly-2008-02-12-mainline/arm-none-linux-gnueabi/build_gcc/install/arm-none-linux-gnueabi/libc --with-gmp=/scratch/gcc/nightly-2008-02-12-mainline/arm-none-linux-gnueabi/build_gcc/build/host-libs-mainline-0-arm-none-linux-gnueabi-i686-pc-linux-gnu/usr --with-mpfr=/scratch/gcc/nightly-2008-02-12-mainline/arm-none-linux-gnueabi/build_gcc/build/host-libs-mainline-0-arm-none-linux-gnueabi-i686-pc-linux-gnu/usr --enable-poison-system-directories --with-build-time-tools=/scratch/gcc/nightly-2008-02-12-mainline/arm-none-linux-gnueabi/build_gcc!
/install/arm-none-linux-gnueabi/bin --with-build-time-tools=/scratch/gcc/nightly-2008-02-12-mainline/arm-none-linux-gnueabi/build_gcc/install/arm-none-linux-gnueabi/bin