This is the mail archive of the
gcc-testresults@gcc.gnu.org
mailing list for the GCC project.
Results for 4.3.0 20080206 (experimental) [trunk revision 132144] (GCC) testsuite on cris-axis-elf
- From: Hans-Peter Nilsson <hans-peter dot nilsson at axis dot com>
- To: gcc-testresults at gcc dot gnu dot org
- Date: Wed, 6 Feb 2008 20:32:53 +0100
- Subject: Results for 4.3.0 20080206 (experimental) [trunk revision 132144] (GCC) testsuite on cris-axis-elf
(dejagnu-1.4.4 with a local cris-sim.exp with sim_download and sim_upload)
LAST_UPDATED: Wed Feb 6 10:47:35 UTC 2008 (revision 132144)
Target is cris-axis-elf
Host is cris-axis-elf
=== libstdc++ tests ===
Running target cris-sim
XPASS: 26_numerics/headers/cmath/c99_classification_macros_c.cc (test for excess errors)
FAIL: 27_io/basic_filebuf/seekoff/12790-1.cc execution test
FAIL: 27_io/basic_filebuf/seekoff/12790-3.cc execution test
FAIL: 27_io/basic_filebuf/seekoff/char/1-in.cc execution test
FAIL: 27_io/basic_filebuf/seekoff/char/1-io.cc execution test
FAIL: 27_io/basic_filebuf/sputbackc/char/1-io.cc execution test
FAIL: 27_io/basic_filebuf/sputbackc/char/2-in.cc execution test
FAIL: 27_io/basic_filebuf/sputbackc/char/2-io.cc execution test
FAIL: 27_io/basic_filebuf/sungetc/char/1-in.cc execution test
FAIL: 27_io/basic_filebuf/sungetc/char/1-io.cc execution test
FAIL: 27_io/basic_filebuf/sungetc/char/2-in.cc execution test
FAIL: 27_io/basic_filebuf/sungetc/char/2-io.cc execution test
FAIL: 27_io/objects/char/6.cc execution test
=== libstdc++ Summary ===
# of expected passes 3994
# of unexpected failures 12
# of unexpected successes 1
# of expected failures 59
# of unsupported tests 205
Host is x86_64-unknown-linux-gnu
=== newlib tests ===
Running target cris-sim
FAIL: newlib.iconv/iconvjp.c compilation
UNRESOLVED: newlib.iconv/iconvjp.c execution
FAIL: newlib.iconv/iconvnm.c compilation
UNRESOLVED: newlib.iconv/iconvnm.c execution
FAIL: newlib.iconv/iconvru.c compilation
UNRESOLVED: newlib.iconv/iconvru.c execution
FAIL: newlib.locale/UTF-8.c compilation
UNRESOLVED: newlib.locale/UTF-8.c output
FAIL: newlib.search/hsearchtest.c compilation
UNRESOLVED: newlib.search/hsearchtest.c execution
FAIL: newlib.stdlib/atexit.c compilation
UNRESOLVED: newlib.stdlib/atexit.c output
FAIL: newlib.string/tstring.c compilation
UNRESOLVED: newlib.string/tstring.c execution
FAIL: newlib.string/memmove1.c compilation
UNRESOLVED: newlib.string/memmove1.c execution
FAIL: newlib.wctype/tiswctype.c compilation
UNRESOLVED: newlib.wctype/tiswctype.c execution
FAIL: newlib.wctype/twctype.c compilation
UNRESOLVED: newlib.wctype/twctype.c execution
FAIL: newlib.wctype/twctrans.c compilation
UNRESOLVED: newlib.wctype/twctrans.c execution
=== newlib Summary ===
# of unexpected failures 11
# of unresolved testcases 11
Host is x86_64-unknown-linux-gnu
=== newlib tests ===
Running target cris-sim
FAIL: newlib.iconv/iconvjp.c compilation
UNRESOLVED: newlib.iconv/iconvjp.c execution
FAIL: newlib.iconv/iconvnm.c compilation
UNRESOLVED: newlib.iconv/iconvnm.c execution
FAIL: newlib.iconv/iconvru.c compilation
UNRESOLVED: newlib.iconv/iconvru.c execution
FAIL: newlib.locale/UTF-8.c compilation
UNRESOLVED: newlib.locale/UTF-8.c output
FAIL: newlib.search/hsearchtest.c compilation
UNRESOLVED: newlib.search/hsearchtest.c execution
FAIL: newlib.stdlib/atexit.c compilation
UNRESOLVED: newlib.stdlib/atexit.c output
FAIL: newlib.string/tstring.c compilation
UNRESOLVED: newlib.string/tstring.c execution
FAIL: newlib.string/memmove1.c compilation
UNRESOLVED: newlib.string/memmove1.c execution
FAIL: newlib.wctype/tiswctype.c compilation
UNRESOLVED: newlib.wctype/tiswctype.c execution
FAIL: newlib.wctype/twctype.c compilation
UNRESOLVED: newlib.wctype/twctype.c execution
FAIL: newlib.wctype/twctrans.c compilation
UNRESOLVED: newlib.wctype/twctrans.c execution
=== newlib Summary ===
# of unexpected failures 11
# of unresolved testcases 11
Host is x86_64-unknown-linux-gnu
=== newlib tests ===
Running target cris-sim
FAIL: newlib.iconv/iconvjp.c compilation
UNRESOLVED: newlib.iconv/iconvjp.c execution
FAIL: newlib.iconv/iconvnm.c compilation
UNRESOLVED: newlib.iconv/iconvnm.c execution
FAIL: newlib.iconv/iconvru.c compilation
UNRESOLVED: newlib.iconv/iconvru.c execution
FAIL: newlib.locale/UTF-8.c compilation
UNRESOLVED: newlib.locale/UTF-8.c output
FAIL: newlib.search/hsearchtest.c compilation
UNRESOLVED: newlib.search/hsearchtest.c execution
FAIL: newlib.stdlib/atexit.c compilation
UNRESOLVED: newlib.stdlib/atexit.c output
FAIL: newlib.string/tstring.c compilation
UNRESOLVED: newlib.string/tstring.c execution
FAIL: newlib.string/memmove1.c compilation
UNRESOLVED: newlib.string/memmove1.c execution
FAIL: newlib.wctype/tiswctype.c compilation
UNRESOLVED: newlib.wctype/tiswctype.c execution
FAIL: newlib.wctype/twctype.c compilation
UNRESOLVED: newlib.wctype/twctype.c execution
FAIL: newlib.wctype/twctrans.c compilation
UNRESOLVED: newlib.wctype/twctrans.c execution
=== newlib Summary ===
# of unexpected failures 11
# of unresolved testcases 11
Host is x86_64-unknown-linux-gnu
=== g++ tests ===
Running target cris-sim
FAIL: g++.dg/abi/bitfield12.C (test for warnings, line 3)
FAIL: g++.dg/abi/vbase10.C (test for warnings, line 13)
=== g++ Summary ===
# of expected passes 16722
# of unexpected failures 2
# of expected failures 81
# of unsupported tests 211
/tmp/hpautotest-gcc1/cris-elf/gccobj/gcc/testsuite/g++/../../g++ version 4.3.0 20080206 (experimental) [trunk revision 132144] (GCC)
Host is x86_64-unknown-linux-gnu
=== gcc tests ===
Running target cris-sim
FAIL: gcc.dg/cleanup-12.c execution test
FAIL: gcc.dg/large-size-array-2.c (internal compiler error)
FAIL: gcc.dg/large-size-array-2.c (test for errors, line 6)
FAIL: gcc.dg/large-size-array-2.c (test for excess errors)
FAIL: gcc.dg/large-size-array-4.c (internal compiler error)
FAIL: gcc.dg/large-size-array-4.c (test for errors, line 6)
FAIL: gcc.dg/large-size-array-4.c (test for excess errors)
FAIL: gcc.dg/setjmp-1.c spurious clobbered warning (test for bogus messages, line 16)
FAIL: gcc.dg/trampoline-1.c execution test
=== gcc Summary ===
# of expected passes 44775
# of unexpected failures 9
# of expected failures 86
# of untested testcases 35
# of unsupported tests 422
/tmp/hpautotest-gcc1/cris-elf/gccobj/gcc/xgcc version 4.3.0 20080206 (experimental) [trunk revision 132144] (GCC)
Host is x86_64-unknown-linux-gnu
=== gfortran tests ===
Running target cris-sim
FAIL: gfortran.dg/PR19872.f -O0 execution test
FAIL: gfortran.dg/PR19872.f -O1 execution test
FAIL: gfortran.dg/PR19872.f -O2 execution test
FAIL: gfortran.dg/PR19872.f -O3 -fomit-frame-pointer execution test
FAIL: gfortran.dg/PR19872.f -O3 -fomit-frame-pointer -funroll-loops execution test
FAIL: gfortran.dg/PR19872.f -O3 -fomit-frame-pointer -funroll-all-loops -finline-functions execution test
FAIL: gfortran.dg/PR19872.f -O3 -g execution test
FAIL: gfortran.dg/PR19872.f -Os execution test
FAIL: gfortran.dg/backspace_1.f -O0 execution test
FAIL: gfortran.dg/backspace_1.f -O1 execution test
FAIL: gfortran.dg/backspace_1.f -O2 execution test
FAIL: gfortran.dg/backspace_1.f -O3 -fomit-frame-pointer execution test
FAIL: gfortran.dg/backspace_1.f -O3 -fomit-frame-pointer -funroll-loops execution test
FAIL: gfortran.dg/backspace_1.f -O3 -fomit-frame-pointer -funroll-all-loops -finline-functions execution test
FAIL: gfortran.dg/backspace_1.f -O3 -g execution test
FAIL: gfortran.dg/backspace_1.f -Os execution test
FAIL: gfortran.dg/backspace_8.f -O0 execution test
FAIL: gfortran.dg/backspace_8.f -O1 execution test
FAIL: gfortran.dg/backspace_8.f -O2 execution test
FAIL: gfortran.dg/backspace_8.f -O3 -fomit-frame-pointer execution test
FAIL: gfortran.dg/backspace_8.f -O3 -fomit-frame-pointer -funroll-loops execution test
FAIL: gfortran.dg/backspace_8.f -O3 -fomit-frame-pointer -funroll-all-loops -finline-functions execution test
FAIL: gfortran.dg/backspace_8.f -O3 -g execution test
FAIL: gfortran.dg/backspace_8.f -Os execution test
FAIL: gfortran.dg/backspace_9.f -O0 execution test
FAIL: gfortran.dg/backspace_9.f -O1 execution test
FAIL: gfortran.dg/backspace_9.f -O2 execution test
FAIL: gfortran.dg/backspace_9.f -O3 -fomit-frame-pointer execution test
FAIL: gfortran.dg/backspace_9.f -O3 -fomit-frame-pointer -funroll-loops execution test
FAIL: gfortran.dg/backspace_9.f -O3 -fomit-frame-pointer -funroll-all-loops -finline-functions execution test
FAIL: gfortran.dg/backspace_9.f -O3 -g execution test
FAIL: gfortran.dg/backspace_9.f -Os execution test
FAIL: gfortran.dg/chmod_1.f90 -O0 (test for excess errors)
WARNING: gfortran.dg/chmod_1.f90 -O0 compilation failed to produce executable
FAIL: gfortran.dg/chmod_1.f90 -O1 (test for excess errors)
WARNING: gfortran.dg/chmod_1.f90 -O1 compilation failed to produce executable
FAIL: gfortran.dg/chmod_1.f90 -O2 (test for excess errors)
WARNING: gfortran.dg/chmod_1.f90 -O2 compilation failed to produce executable
FAIL: gfortran.dg/chmod_1.f90 -O3 -fomit-frame-pointer (test for excess errors)
WARNING: gfortran.dg/chmod_1.f90 -O3 -fomit-frame-pointer compilation failed to produce executable
FAIL: gfortran.dg/chmod_1.f90 -O3 -fomit-frame-pointer -funroll-loops (test for excess errors)
WARNING: gfortran.dg/chmod_1.f90 -O3 -fomit-frame-pointer -funroll-loops compilation failed to produce executable
FAIL: gfortran.dg/chmod_1.f90 -O3 -fomit-frame-pointer -funroll-all-loops -finline-functions (test for excess errors)
WARNING: gfortran.dg/chmod_1.f90 -O3 -fomit-frame-pointer -funroll-all-loops -finline-functions compilation failed to produce executable
FAIL: gfortran.dg/chmod_1.f90 -O3 -g (test for excess errors)
WARNING: gfortran.dg/chmod_1.f90 -O3 -g compilation failed to produce executable
FAIL: gfortran.dg/chmod_1.f90 -Os (test for excess errors)
WARNING: gfortran.dg/chmod_1.f90 -Os compilation failed to produce executable
FAIL: gfortran.dg/chmod_2.f90 -O0 (test for excess errors)
WARNING: gfortran.dg/chmod_2.f90 -O0 compilation failed to produce executable
FAIL: gfortran.dg/chmod_2.f90 -O1 (test for excess errors)
WARNING: gfortran.dg/chmod_2.f90 -O1 compilation failed to produce executable
FAIL: gfortran.dg/chmod_2.f90 -O2 (test for excess errors)
WARNING: gfortran.dg/chmod_2.f90 -O2 compilation failed to produce executable
FAIL: gfortran.dg/chmod_2.f90 -O3 -fomit-frame-pointer (test for excess errors)
WARNING: gfortran.dg/chmod_2.f90 -O3 -fomit-frame-pointer compilation failed to produce executable
FAIL: gfortran.dg/chmod_2.f90 -O3 -fomit-frame-pointer -funroll-loops (test for excess errors)
WARNING: gfortran.dg/chmod_2.f90 -O3 -fomit-frame-pointer -funroll-loops compilation failed to produce executable
FAIL: gfortran.dg/chmod_2.f90 -O3 -fomit-frame-pointer -funroll-all-loops -finline-functions (test for excess errors)
WARNING: gfortran.dg/chmod_2.f90 -O3 -fomit-frame-pointer -funroll-all-loops -finline-functions compilation failed to produce executable
FAIL: gfortran.dg/chmod_2.f90 -O3 -g (test for excess errors)
WARNING: gfortran.dg/chmod_2.f90 -O3 -g compilation failed to produce executable
FAIL: gfortran.dg/chmod_2.f90 -Os (test for excess errors)
WARNING: gfortran.dg/chmod_2.f90 -Os compilation failed to produce executable
FAIL: gfortran.dg/chmod_3.f90 -O0 (test for excess errors)
WARNING: gfortran.dg/chmod_3.f90 -O0 compilation failed to produce executable
FAIL: gfortran.dg/chmod_3.f90 -O1 (test for excess errors)
WARNING: gfortran.dg/chmod_3.f90 -O1 compilation failed to produce executable
FAIL: gfortran.dg/chmod_3.f90 -O2 (test for excess errors)
WARNING: gfortran.dg/chmod_3.f90 -O2 compilation failed to produce executable
FAIL: gfortran.dg/chmod_3.f90 -O3 -fomit-frame-pointer (test for excess errors)
WARNING: gfortran.dg/chmod_3.f90 -O3 -fomit-frame-pointer compilation failed to produce executable
FAIL: gfortran.dg/chmod_3.f90 -O3 -fomit-frame-pointer -funroll-loops (test for excess errors)
WARNING: gfortran.dg/chmod_3.f90 -O3 -fomit-frame-pointer -funroll-loops compilation failed to produce executable
FAIL: gfortran.dg/chmod_3.f90 -O3 -fomit-frame-pointer -funroll-all-loops -finline-functions (test for excess errors)
WARNING: gfortran.dg/chmod_3.f90 -O3 -fomit-frame-pointer -funroll-all-loops -finline-functions compilation failed to produce executable
FAIL: gfortran.dg/chmod_3.f90 -O3 -g (test for excess errors)
WARNING: gfortran.dg/chmod_3.f90 -O3 -g compilation failed to produce executable
FAIL: gfortran.dg/chmod_3.f90 -Os (test for excess errors)
WARNING: gfortran.dg/chmod_3.f90 -Os compilation failed to produce executable
FAIL: gfortran.dg/common_5.f -O (test for warnings, line 6)
FAIL: gfortran.dg/default_format_denormal_1.f90 -O0 execution test
FAIL: gfortran.dg/default_format_denormal_1.f90 -O1 execution test
FAIL: gfortran.dg/default_format_denormal_1.f90 -O2 execution test
FAIL: gfortran.dg/default_format_denormal_1.f90 -O3 -fomit-frame-pointer execution test
FAIL: gfortran.dg/default_format_denormal_1.f90 -O3 -fomit-frame-pointer -funroll-loops execution test
FAIL: gfortran.dg/default_format_denormal_1.f90 -O3 -fomit-frame-pointer -funroll-all-loops -finline-functions execution test
FAIL: gfortran.dg/default_format_denormal_1.f90 -O3 -g execution test
FAIL: gfortran.dg/default_format_denormal_1.f90 -Os execution test
FAIL: gfortran.dg/endfile.f90 -O0 execution test
FAIL: gfortran.dg/endfile.f90 -O1 execution test
FAIL: gfortran.dg/endfile.f90 -O2 execution test
FAIL: gfortran.dg/endfile.f90 -O3 -fomit-frame-pointer execution test
FAIL: gfortran.dg/endfile.f90 -O3 -fomit-frame-pointer -funroll-loops execution test
FAIL: gfortran.dg/endfile.f90 -O3 -fomit-frame-pointer -funroll-all-loops -finline-functions execution test
FAIL: gfortran.dg/endfile.f90 -O3 -g execution test
FAIL: gfortran.dg/endfile.f90 -Os execution test
FAIL: gfortran.dg/fmt_l.f90 -O0 output pattern test, is At line 14 of file /tmp/hpautotest-gcc1/gcc/gcc/testsuite/gfortran.dg/fmt_l.f90
FAIL: gfortran.dg/fmt_l.f90 -O1 output pattern test, is At line 14 of file /tmp/hpautotest-gcc1/gcc/gcc/testsuite/gfortran.dg/fmt_l.f90
FAIL: gfortran.dg/fmt_l.f90 -O2 output pattern test, is At line 14 of file /tmp/hpautotest-gcc1/gcc/gcc/testsuite/gfortran.dg/fmt_l.f90
FAIL: gfortran.dg/fmt_l.f90 -O3 -fomit-frame-pointer output pattern test, is At line 14 of file /tmp/hpautotest-gcc1/gcc/gcc/testsuite/gfortran.dg/fmt_l.f90
FAIL: gfortran.dg/fmt_l.f90 -O3 -fomit-frame-pointer -funroll-loops output pattern test, is At line 14 of file /tmp/hpautotest-gcc1/gcc/gcc/testsuite/gfortran.dg/fmt_l.f90
FAIL: gfortran.dg/fmt_l.f90 -O3 -fomit-frame-pointer -funroll-all-loops -finline-functions output pattern test, is At line 14 of file /tmp/hpautotest-gcc1/gcc/gcc/testsuite/gfortran.dg/fmt_l.f90
FAIL: gfortran.dg/fmt_l.f90 -O3 -g output pattern test, is At line 14 of file /tmp/hpautotest-gcc1/gcc/gcc/testsuite/gfortran.dg/fmt_l.f90
FAIL: gfortran.dg/fmt_l.f90 -Os output pattern test, is At line 14 of file /tmp/hpautotest-gcc1/gcc/gcc/testsuite/gfortran.dg/fmt_l.f90
FAIL: gfortran.dg/fseek.f90 -O0 execution test
FAIL: gfortran.dg/fseek.f90 -O1 execution test
FAIL: gfortran.dg/fseek.f90 -O2 execution test
FAIL: gfortran.dg/fseek.f90 -O3 -fomit-frame-pointer execution test
FAIL: gfortran.dg/fseek.f90 -O3 -fomit-frame-pointer -funroll-loops execution test
FAIL: gfortran.dg/fseek.f90 -O3 -fomit-frame-pointer -funroll-all-loops -finline-functions execution test
FAIL: gfortran.dg/fseek.f90 -O3 -g execution test
FAIL: gfortran.dg/fseek.f90 -Os execution test
FAIL: gfortran.dg/list_read_5.f90 -O0 execution test
FAIL: gfortran.dg/list_read_5.f90 -O1 execution test
FAIL: gfortran.dg/list_read_5.f90 -O2 execution test
FAIL: gfortran.dg/list_read_5.f90 -O3 -fomit-frame-pointer execution test
FAIL: gfortran.dg/list_read_5.f90 -O3 -fomit-frame-pointer -funroll-loops execution test
FAIL: gfortran.dg/list_read_5.f90 -O3 -fomit-frame-pointer -funroll-all-loops -finline-functions execution test
FAIL: gfortran.dg/list_read_5.f90 -O3 -g execution test
FAIL: gfortran.dg/list_read_5.f90 -Os execution test
FAIL: gfortran.dg/mclock.f90 -O0 execution test
FAIL: gfortran.dg/mclock.f90 -O1 execution test
FAIL: gfortran.dg/mclock.f90 -O2 execution test
FAIL: gfortran.dg/mclock.f90 -O3 -fomit-frame-pointer execution test
FAIL: gfortran.dg/mclock.f90 -O3 -fomit-frame-pointer -funroll-loops execution test
FAIL: gfortran.dg/mclock.f90 -O3 -fomit-frame-pointer -funroll-all-loops -finline-functions execution test
FAIL: gfortran.dg/mclock.f90 -O3 -g execution test
FAIL: gfortran.dg/mclock.f90 -Os execution test
FAIL: gfortran.dg/open_errors.f90 -O0 (test for excess errors)
WARNING: gfortran.dg/open_errors.f90 -O0 compilation failed to produce executable
FAIL: gfortran.dg/open_errors.f90 -O1 (test for excess errors)
WARNING: gfortran.dg/open_errors.f90 -O1 compilation failed to produce executable
FAIL: gfortran.dg/open_errors.f90 -O2 (test for excess errors)
WARNING: gfortran.dg/open_errors.f90 -O2 compilation failed to produce executable
FAIL: gfortran.dg/open_errors.f90 -O3 -fomit-frame-pointer (test for excess errors)
WARNING: gfortran.dg/open_errors.f90 -O3 -fomit-frame-pointer compilation failed to produce executable
FAIL: gfortran.dg/open_errors.f90 -O3 -fomit-frame-pointer -funroll-loops (test for excess errors)
WARNING: gfortran.dg/open_errors.f90 -O3 -fomit-frame-pointer -funroll-loops compilation failed to produce executable
FAIL: gfortran.dg/open_errors.f90 -O3 -fomit-frame-pointer -funroll-all-loops -finline-functions (test for excess errors)
WARNING: gfortran.dg/open_errors.f90 -O3 -fomit-frame-pointer -funroll-all-loops -finline-functions compilation failed to produce executable
FAIL: gfortran.dg/open_errors.f90 -O3 -g (test for excess errors)
WARNING: gfortran.dg/open_errors.f90 -O3 -g compilation failed to produce executable
FAIL: gfortran.dg/open_errors.f90 -Os (test for excess errors)
WARNING: gfortran.dg/open_errors.f90 -Os compilation failed to produce executable
FAIL: gfortran.dg/overwrite_1.f -O0 execution test
FAIL: gfortran.dg/overwrite_1.f -O1 execution test
FAIL: gfortran.dg/overwrite_1.f -O2 execution test
FAIL: gfortran.dg/overwrite_1.f -O3 -fomit-frame-pointer execution test
FAIL: gfortran.dg/overwrite_1.f -O3 -fomit-frame-pointer -funroll-loops execution test
FAIL: gfortran.dg/overwrite_1.f -O3 -fomit-frame-pointer -funroll-all-loops -finline-functions execution test
FAIL: gfortran.dg/overwrite_1.f -O3 -g execution test
FAIL: gfortran.dg/overwrite_1.f -Os execution test
FAIL: gfortran.dg/read_eof_1.f90 -O0 execution test
FAIL: gfortran.dg/read_eof_1.f90 -O1 execution test
FAIL: gfortran.dg/read_eof_1.f90 -O2 execution test
FAIL: gfortran.dg/read_eof_1.f90 -O3 -fomit-frame-pointer execution test
FAIL: gfortran.dg/read_eof_1.f90 -O3 -fomit-frame-pointer -funroll-loops execution test
FAIL: gfortran.dg/read_eof_1.f90 -O3 -fomit-frame-pointer -funroll-all-loops -finline-functions execution test
FAIL: gfortran.dg/read_eof_1.f90 -O3 -g execution test
FAIL: gfortran.dg/read_eof_1.f90 -Os execution test
FAIL: gfortran.dg/read_eof_3.f90 -O0 execution test
FAIL: gfortran.dg/read_eof_3.f90 -O1 execution test
FAIL: gfortran.dg/read_eof_3.f90 -O2 execution test
FAIL: gfortran.dg/read_eof_3.f90 -O3 -fomit-frame-pointer execution test
FAIL: gfortran.dg/read_eof_3.f90 -O3 -fomit-frame-pointer -funroll-loops execution test
FAIL: gfortran.dg/read_eof_3.f90 -O3 -fomit-frame-pointer -funroll-all-loops -finline-functions execution test
FAIL: gfortran.dg/read_eof_3.f90 -O3 -g execution test
FAIL: gfortran.dg/read_eof_3.f90 -Os execution test
FAIL: gfortran.dg/read_many_1.f -O0 execution test
FAIL: gfortran.dg/read_many_1.f -O1 execution test
FAIL: gfortran.dg/read_many_1.f -O2 execution test
FAIL: gfortran.dg/read_many_1.f -O3 -fomit-frame-pointer execution test
FAIL: gfortran.dg/read_many_1.f -O3 -fomit-frame-pointer -funroll-loops execution test
FAIL: gfortran.dg/read_many_1.f -O3 -fomit-frame-pointer -funroll-all-loops -finline-functions execution test
FAIL: gfortran.dg/read_many_1.f -O3 -g execution test
FAIL: gfortran.dg/read_many_1.f -Os execution test
FAIL: gfortran.dg/record_marker_2.f -O0 execution test
FAIL: gfortran.dg/record_marker_2.f -O1 execution test
FAIL: gfortran.dg/record_marker_2.f -O2 execution test
FAIL: gfortran.dg/record_marker_2.f -O3 -fomit-frame-pointer execution test
FAIL: gfortran.dg/record_marker_2.f -O3 -fomit-frame-pointer -funroll-loops execution test
FAIL: gfortran.dg/record_marker_2.f -O3 -fomit-frame-pointer -funroll-all-loops -finline-functions execution test
FAIL: gfortran.dg/record_marker_2.f -O3 -g execution test
FAIL: gfortran.dg/record_marker_2.f -Os execution test
FAIL: gfortran.dg/stat_1.f90 -O0 (test for excess errors)
WARNING: gfortran.dg/stat_1.f90 -O0 compilation failed to produce executable
FAIL: gfortran.dg/stat_1.f90 -O1 (test for excess errors)
WARNING: gfortran.dg/stat_1.f90 -O1 compilation failed to produce executable
FAIL: gfortran.dg/stat_1.f90 -O2 (test for excess errors)
WARNING: gfortran.dg/stat_1.f90 -O2 compilation failed to produce executable
FAIL: gfortran.dg/stat_1.f90 -O3 -fomit-frame-pointer (test for excess errors)
WARNING: gfortran.dg/stat_1.f90 -O3 -fomit-frame-pointer compilation failed to produce executable
FAIL: gfortran.dg/stat_1.f90 -O3 -fomit-frame-pointer -funroll-loops (test for excess errors)
WARNING: gfortran.dg/stat_1.f90 -O3 -fomit-frame-pointer -funroll-loops compilation failed to produce executable
FAIL: gfortran.dg/stat_1.f90 -O3 -fomit-frame-pointer -funroll-all-loops -finline-functions (test for excess errors)
WARNING: gfortran.dg/stat_1.f90 -O3 -fomit-frame-pointer -funroll-all-loops -finline-functions compilation failed to produce executable
FAIL: gfortran.dg/stat_1.f90 -O3 -g (test for excess errors)
WARNING: gfortran.dg/stat_1.f90 -O3 -g compilation failed to produce executable
FAIL: gfortran.dg/stat_1.f90 -Os (test for excess errors)
WARNING: gfortran.dg/stat_1.f90 -Os compilation failed to produce executable
FAIL: gfortran.dg/stat_2.f90 -O0 (test for excess errors)
WARNING: gfortran.dg/stat_2.f90 -O0 compilation failed to produce executable
FAIL: gfortran.dg/stat_2.f90 -O1 (test for excess errors)
WARNING: gfortran.dg/stat_2.f90 -O1 compilation failed to produce executable
FAIL: gfortran.dg/stat_2.f90 -O2 (test for excess errors)
WARNING: gfortran.dg/stat_2.f90 -O2 compilation failed to produce executable
FAIL: gfortran.dg/stat_2.f90 -O3 -fomit-frame-pointer (test for excess errors)
WARNING: gfortran.dg/stat_2.f90 -O3 -fomit-frame-pointer compilation failed to produce executable
FAIL: gfortran.dg/stat_2.f90 -O3 -fomit-frame-pointer -funroll-loops (test for excess errors)
WARNING: gfortran.dg/stat_2.f90 -O3 -fomit-frame-pointer -funroll-loops compilation failed to produce executable
FAIL: gfortran.dg/stat_2.f90 -O3 -fomit-frame-pointer -funroll-all-loops -finline-functions (test for excess errors)
WARNING: gfortran.dg/stat_2.f90 -O3 -fomit-frame-pointer -funroll-all-loops -finline-functions compilation failed to produce executable
FAIL: gfortran.dg/stat_2.f90 -O3 -g (test for excess errors)
WARNING: gfortran.dg/stat_2.f90 -O3 -g compilation failed to produce executable
FAIL: gfortran.dg/stat_2.f90 -Os (test for excess errors)
WARNING: gfortran.dg/stat_2.f90 -Os compilation failed to produce executable
FAIL: gfortran.dg/unf_io_convert_1.f90 -O0 execution test
FAIL: gfortran.dg/unf_io_convert_1.f90 -O1 execution test
FAIL: gfortran.dg/unf_io_convert_1.f90 -O2 execution test
FAIL: gfortran.dg/unf_io_convert_1.f90 -O3 -fomit-frame-pointer execution test
FAIL: gfortran.dg/unf_io_convert_1.f90 -O3 -fomit-frame-pointer -funroll-loops execution test
FAIL: gfortran.dg/unf_io_convert_1.f90 -O3 -fomit-frame-pointer -funroll-all-loops -finline-functions execution test
FAIL: gfortran.dg/unf_io_convert_1.f90 -O3 -g execution test
FAIL: gfortran.dg/unf_io_convert_1.f90 -Os execution test
FAIL: gfortran.dg/unf_io_convert_2.f90 -O0 execution test
FAIL: gfortran.dg/unf_io_convert_2.f90 -O1 execution test
FAIL: gfortran.dg/unf_io_convert_2.f90 -O2 execution test
FAIL: gfortran.dg/unf_io_convert_2.f90 -O3 -fomit-frame-pointer execution test
FAIL: gfortran.dg/unf_io_convert_2.f90 -O3 -fomit-frame-pointer -funroll-loops execution test
FAIL: gfortran.dg/unf_io_convert_2.f90 -O3 -fomit-frame-pointer -funroll-all-loops -finline-functions execution test
FAIL: gfortran.dg/unf_io_convert_2.f90 -O3 -g execution test
FAIL: gfortran.dg/unf_io_convert_2.f90 -Os execution test
FAIL: gfortran.dg/unf_short_record_1.f90 -O0 execution test
FAIL: gfortran.dg/unf_short_record_1.f90 -O1 execution test
FAIL: gfortran.dg/unf_short_record_1.f90 -O2 execution test
FAIL: gfortran.dg/unf_short_record_1.f90 -O3 -fomit-frame-pointer execution test
FAIL: gfortran.dg/unf_short_record_1.f90 -O3 -fomit-frame-pointer -funroll-loops execution test
FAIL: gfortran.dg/unf_short_record_1.f90 -O3 -fomit-frame-pointer -funroll-all-loops -finline-functions execution test
FAIL: gfortran.dg/unf_short_record_1.f90 -O3 -g execution test
FAIL: gfortran.dg/unf_short_record_1.f90 -Os execution test
FAIL: gfortran.dg/unformatted_recl_1.f90 -O0 execution test
FAIL: gfortran.dg/unformatted_recl_1.f90 -O1 execution test
FAIL: gfortran.dg/unformatted_recl_1.f90 -O2 execution test
FAIL: gfortran.dg/unformatted_recl_1.f90 -O3 -fomit-frame-pointer execution test
FAIL: gfortran.dg/unformatted_recl_1.f90 -O3 -fomit-frame-pointer -funroll-loops execution test
FAIL: gfortran.dg/unformatted_recl_1.f90 -O3 -fomit-frame-pointer -funroll-all-loops -finline-functions execution test
FAIL: gfortran.dg/unformatted_recl_1.f90 -O3 -g execution test
FAIL: gfortran.dg/unformatted_recl_1.f90 -Os execution test
FAIL: gfortran.dg/vector_subscript_3.f90 -O0 execution test
FAIL: gfortran.dg/vector_subscript_3.f90 -O1 execution test
FAIL: gfortran.dg/vector_subscript_3.f90 -O2 execution test
FAIL: gfortran.dg/vector_subscript_3.f90 -O3 -fomit-frame-pointer execution test
FAIL: gfortran.dg/vector_subscript_3.f90 -O3 -fomit-frame-pointer -funroll-loops execution test
FAIL: gfortran.dg/vector_subscript_3.f90 -O3 -fomit-frame-pointer -funroll-all-loops -finline-functions execution test
FAIL: gfortran.dg/vector_subscript_3.f90 -O3 -g execution test
FAIL: gfortran.dg/vector_subscript_3.f90 -Os execution test
FAIL: gfortran.dg/write_back.f -O0 execution test
FAIL: gfortran.dg/write_back.f -O1 execution test
FAIL: gfortran.dg/write_back.f -O2 execution test
FAIL: gfortran.dg/write_back.f -O3 -fomit-frame-pointer execution test
FAIL: gfortran.dg/write_back.f -O3 -fomit-frame-pointer -funroll-loops execution test
FAIL: gfortran.dg/write_back.f -O3 -fomit-frame-pointer -funroll-all-loops -finline-functions execution test
FAIL: gfortran.dg/write_back.f -O3 -g execution test
FAIL: gfortran.dg/write_back.f -Os execution test
FAIL: gfortran.dg/write_rewind_1.f -O0 execution test
FAIL: gfortran.dg/write_rewind_1.f -O1 execution test
FAIL: gfortran.dg/write_rewind_1.f -O2 execution test
FAIL: gfortran.dg/write_rewind_1.f -O3 -fomit-frame-pointer execution test
FAIL: gfortran.dg/write_rewind_1.f -O3 -fomit-frame-pointer -funroll-loops execution test
FAIL: gfortran.dg/write_rewind_1.f -O3 -fomit-frame-pointer -funroll-all-loops -finline-functions execution test
FAIL: gfortran.dg/write_rewind_1.f -O3 -g execution test
FAIL: gfortran.dg/write_rewind_1.f -Os execution test
FAIL: gfortran.fortran-torture/execute/seq_io.f90 execution, -O0
FAIL: gfortran.fortran-torture/execute/seq_io.f90 execution, -O1
FAIL: gfortran.fortran-torture/execute/seq_io.f90 execution, -O2
FAIL: gfortran.fortran-torture/execute/seq_io.f90 execution, -O3 -fomit-frame-pointer
FAIL: gfortran.fortran-torture/execute/seq_io.f90 execution, -O3 -fomit-frame-pointer -funroll-loops
FAIL: gfortran.fortran-torture/execute/seq_io.f90 execution, -O3 -fomit-frame-pointer -funroll-all-loops -finline-functions
FAIL: gfortran.fortran-torture/execute/seq_io.f90 execution, -O3 -g
FAIL: gfortran.fortran-torture/execute/seq_io.f90 execution, -Os
=== gfortran Summary ===
# of expected passes 22950
# of unexpected failures 233
# of expected failures 1
# of unsupported tests 116
/tmp/hpautotest-gcc1/cris-elf/gccobj/gcc/testsuite/gfortran/../../gfortran version 4.3.0 20080206 (experimental) [trunk revision 132144] (GCC)
Host is x86_64-unknown-linux-gnu
=== objc tests ===
Running target cris-sim
=== objc Summary ===
# of expected passes 1812
# of expected failures 7
# of unsupported tests 24
/tmp/hpautotest-gcc1/cris-elf/gccobj/gcc/xgcc version 4.3.0 20080206 (experimental) [trunk revision 132144] (GCC)
Compiler version: 4.3.0 20080206 (experimental) [trunk revision 132144] (GCC)
Platform: cris-axis-elf
configure flags: --prefix=/tmp/hpautotest-gcc1/cris-elf/pre --target=cris-elf --with-gnu-ld --with-gnu-as --with-newlib