This is the mail archive of the gcc-testresults@gcc.gnu.org mailing list for the GCC project.
Index Nav: | [Date Index] [Subject Index] [Author Index] [Thread Index] | |
---|---|---|
Message Nav: | [Date Prev] [Date Next] | [Thread Prev] [Thread Next] |
Other format: | [Raw text] |
LAST_UPDATED: Sat Feb 2 00:42:21 UTC 2008 (revision 132058) === acats tests === FAIL: c380004 FAIL: c954a01 === acats Summary === # of expected passes 2313 # of unexpected failures 2 Native configuration is hppa2.0w-hp-hpux11.11 === g++ tests === Running target unix XPASS: g++.dg/tree-ssa/ivopts-1.C scan-tree-dump-not offset: -4B XPASS: g++.dg/tree-ssa/ivopts-1.C scan-tree-dump-not &x\\[5\\] === g++ Summary === # of expected passes 12960 # of unexpected successes 2 # of expected failures 70 # of unsupported tests 188 /mnt/gnu/gcc/objdir/gcc/testsuite/g++/../../g++ version 4.2.3 === gcc tests === Running target unix WARNING: program timed out. FAIL: gcc.c-torture/compile/20001226-1.c -O3 -g (test for excess errors) WARNING: program timed out. FAIL: gcc.c-torture/compile/20001226-1.c -Os (test for excess errors) XPASS: gcc.c-torture/execute/mayalias-2.c compilation, -O3 -g XPASS: gcc.dg/cpp/cmdlne-dI-M.c scan-file (^|\\\\n)cmdlne-dI-M.*:[^\\\\n]*cmdlne-dI-M.c XPASS: gcc.dg/cpp/cmdlne-dM-M.c scan-file (^|\\\\n)cmdlne-dM-M[^\\\\n]*:[^\\\\n]*cmdlne-dM-M.c === gcc Summary === # of expected passes 40308 # of unexpected failures 2 # of unexpected successes 3 # of expected failures 82 # of untested testcases 28 # of unsupported tests 501 /mnt/gnu/gcc/objdir/gcc/xgcc version 4.2.3 === gfortran tests === Running target unix === gfortran Summary === # of expected passes 16039 # of expected failures 6 # of unsupported tests 105 /mnt/gnu/gcc/objdir/gcc/testsuite/gfortran/../../gfortran version 4.2.3 === gnat tests === Running target unix === gnat Summary === # of expected passes 42 === obj-c++ tests === Running target unix FAIL: obj-c++.dg/cxx-ivars-2.mm execution test FAIL: obj-c++.dg/encode-8.mm execution test FAIL: obj-c++.dg/isa-field-1.mm (test for excess errors) FAIL: obj-c++.dg/lookup-2.mm (test for excess errors) WARNING: obj-c++.dg/lookup-2.mm compilation failed to produce executable FAIL: obj-c++.dg/try-catch-2.mm (test for excess errors) WARNING: obj-c++.dg/try-catch-2.mm compilation failed to produce executable FAIL: obj-c++.dg/try-catch-9.mm (test for excess errors) WARNING: obj-c++.dg/try-catch-9.mm compilation failed to produce executable === obj-c++ Summary === # of expected passes 427 # of unexpected failures 6 # of unsupported tests 14 /mnt/gnu/gcc/objdir/gcc/testsuite/obj-c++/../../g++ version 4.2.3 === objc tests === Running target unix === objc Summary === # of expected passes 1800 # of expected failures 7 # of unsupported tests 27 /mnt/gnu/gcc/objdir/gcc/xgcc version 4.2.3 === libgomp tests === Running target unix === libgomp Summary === # of expected passes 1340 # of unsupported tests 118 === libstdc++ tests === Running target unix === libstdc++ Summary === # of expected passes 3820 # of expected failures 15 # of unsupported tests 332 Compiler version: 4.2.3 Platform: hppa2.0w-hp-hpux11.11 configure flags: --with-gnu-as --with-as=/opt/gnu/bin/as --enable-shared --with-local-prefix=/opt/gnu --prefix=/opt/gnu/gcc/gcc-4.2.3 --with-gmp=/opt/gnu/gcc/gcc-4.2.3 --enable-threads=posix --enable-debug=no --disable-nls --disable-checking --enable-languages=c,ada,c++,fortran,objc,obj-c++
Index Nav: | [Date Index] [Subject Index] [Author Index] [Thread Index] | |
---|---|---|
Message Nav: | [Date Prev] [Date Next] | [Thread Prev] [Thread Next] |