This is the mail archive of the gcc-testresults@gcc.gnu.org mailing list for the GCC project.


Index Nav: [Date Index] [Subject Index] [Author Index] [Thread Index]
Message Nav: [Date Prev] [Date Next] [Thread Prev] [Thread Next]
Other format: [Raw text]

Results for 4.1.3 20080131 (prerelease) testsuite on s390-ibm-linux-gnu


LAST_UPDATED: Thu Jan 31 19:07:11 UTC 2008 (revision 131982M)

		=== acats tests ===

		=== acats Summary ===
# of expected passes		2317
# of unexpected failures	0
Native configuration is s390-ibm-linux-gnu

		=== g++ tests ===


Running target unix
XPASS: g++.dg/tree-ssa/pr14814.C scan-tree-dump-times &this 0
XPASS: g++.old-deja/g++.other/init5.C execution test

		=== g++ Summary ===

# of expected passes		12385
# of unexpected successes	2
# of expected failures		66
# of unsupported tests		120
/31bit/build/BUILD/gcc/obj-s390-redhat-linux/gcc/testsuite/g++/../../g++  version 4.1.3 20080131 (prerelease)

		=== gcc tests ===


Running target unix
XPASS: gcc.dg/cpp/cmdlne-dI-M.c scan-file (^|\\\\n)cmdlne-dI-M.*:[^\\\\n]*cmdlne-dI-M.c
XPASS: gcc.dg/cpp/cmdlne-dM-M.c scan-file (^|\\\\n)cmdlne-dM-M[^\\\\n]*:[^\\\\n]*cmdlne-dM-M.c
FAIL: gcc.dg/cpp/direct2s.c (test for excess errors)
XPASS: gcc.dg/tree-ssa/20040204-1.c scan-tree-dump-times link_error 0

		=== gcc Summary ===

# of expected passes		38121
# of unexpected failures	1
# of unexpected successes	3
# of expected failures		74
# of untested testcases		28
# of unsupported tests		310
/31bit/build/BUILD/gcc/obj-s390-redhat-linux/gcc/xgcc  version 4.1.3 20080131 (prerelease)

		=== gfortran tests ===


Running target unix
FAIL: gfortran.dg/char_result_6.f90  -O2  execution test
FAIL: gfortran.dg/char_result_6.f90  -O3 -fomit-frame-pointer  execution test
FAIL: gfortran.dg/char_result_6.f90  -O3 -fomit-frame-pointer -funroll-loops  execution test
FAIL: gfortran.dg/char_result_6.f90  -O3 -fomit-frame-pointer -funroll-all-loops -finline-functions  execution test
FAIL: gfortran.dg/char_result_6.f90  -O3 -g  execution test
FAIL: gfortran.dg/char_result_6.f90  -Os  execution test
XPASS: gfortran.dg/csqrt_2.f  -O0  execution test
XPASS: gfortran.dg/csqrt_2.f  -O1  execution test
XPASS: gfortran.dg/csqrt_2.f  -O2  execution test
XPASS: gfortran.dg/csqrt_2.f  -O3 -fomit-frame-pointer  execution test
XPASS: gfortran.dg/csqrt_2.f  -O3 -fomit-frame-pointer -funroll-loops  execution test
XPASS: gfortran.dg/csqrt_2.f  -O3 -fomit-frame-pointer -funroll-all-loops -finline-functions  execution test
XPASS: gfortran.dg/csqrt_2.f  -O3 -g  execution test
XPASS: gfortran.dg/csqrt_2.f  -Os  execution test

		=== gfortran Summary ===

# of expected passes		13647
# of unexpected failures	6
# of unexpected successes	8
# of expected failures		4
# of unsupported tests		34
/31bit/build/BUILD/gcc/obj-s390-redhat-linux/gcc/testsuite/gfortran/../../gfortran  version 4.1.3 20080131 (prerelease)

		=== obj-c++ tests ===


Running target unix
FAIL: obj-c++.dg/cxx-ivars-2.mm execution test
FAIL: obj-c++.dg/encode-8.mm execution test
FAIL: obj-c++.dg/isa-field-1.mm (test for excess errors)
FAIL: obj-c++.dg/lookup-2.mm (test for excess errors)
WARNING: obj-c++.dg/lookup-2.mm compilation failed to produce executable
FAIL: obj-c++.dg/try-catch-2.mm (test for excess errors)
WARNING: obj-c++.dg/try-catch-2.mm compilation failed to produce executable
FAIL: obj-c++.dg/try-catch-9.mm (test for excess errors)
WARNING: obj-c++.dg/try-catch-9.mm compilation failed to produce executable

		=== obj-c++ Summary ===

# of expected passes		423
# of unexpected failures	6
# of unsupported tests		13
/31bit/build/BUILD/gcc/obj-s390-redhat-linux/gcc/testsuite/obj-c++/../../g++  version 4.1.3 20080131 (prerelease)

		=== objc tests ===


Running target unix

		=== objc Summary ===

# of expected passes		1722
# of unsupported tests		22
/31bit/build/BUILD/gcc/obj-s390-redhat-linux/gcc/xgcc  version 4.1.3 20080131 (prerelease)

		=== libffi tests ===


Running target unix
FAIL: libffi.call/float.c execution test
FAIL: libffi.call/float2.c execution test

		=== libffi Summary ===

# of expected passes		226
# of unexpected failures	2
# of unsupported tests		2
		=== libjava tests ===


Running target unix

		=== libjava Summary ===

# of expected passes		4060
# of expected failures		10
# of untested testcases		8
		=== libmudflap tests ===


Running target unix
FAIL: libmudflap.cth/pass39-frag.c (rerun 4) execution test
FAIL: libmudflap.cth/pass39-frag.c (rerun 4) output pattern test

		=== libmudflap Summary ===

# of expected passes		1797
# of unexpected failures	2
		=== libstdc++ tests ===


Running target unix
FAIL: abi_check
FAIL: 22_locale/codecvt/in/wchar_t/2.cc execution test
FAIL: 22_locale/codecvt/in/wchar_t/3.cc execution test
FAIL: 22_locale/codecvt/length/wchar_t/2.cc execution test
FAIL: 22_locale/codecvt/length/wchar_t/3.cc execution test
FAIL: 22_locale/codecvt/out/wchar_t/2.cc execution test
FAIL: 22_locale/codecvt/out/wchar_t/3.cc execution test
FAIL: 22_locale/ctype/widen/wchar_t/2.cc execution test
FAIL: 22_locale/money_get/get/wchar_t/1.cc execution test
FAIL: 22_locale/money_get/get/wchar_t/wrapped_env.cc execution test
FAIL: 22_locale/money_get/get/wchar_t/wrapped_locale.cc execution test
FAIL: 22_locale/money_put/put/wchar_t/1.cc execution test
FAIL: 22_locale/money_put/put/wchar_t/3.cc execution test
FAIL: 22_locale/money_put/put/wchar_t/wrapped_env.cc execution test
FAIL: 22_locale/money_put/put/wchar_t/wrapped_locale.cc execution test
XPASS: 26_numerics/cmath/c99_classification_macros_c.cc (test for excess errors)
FAIL: 27_io/basic_filebuf/underflow/wchar_t/9520.cc execution test
FAIL: 27_io/objects/wchar_t/9520.cc execution test

		=== libstdc++ Summary ===

# of expected passes		3985
# of unexpected failures	17
# of unexpected successes	1
# of expected failures		12
# of unsupported tests		22

Compiler version: 4.1.3 20080131 (prerelease) 
Platform: s390-ibm-linux-gnu
configure flags: --prefix=/usr --mandir=/usr/share/man --infodir=/usr/share/info --enable-shared --enable-threads=posix --enable-checking=release --with-system-zlib --enable-__cxa_atexit --disable-libunwind-exceptions --with-long-double-128 --host=s390-redhat-linux --enable-languages=c,ada,c++,fortran,java,objc,obj-c++


Index Nav: [Date Index] [Subject Index] [Author Index] [Thread Index]
Message Nav: [Date Prev] [Date Next] [Thread Prev] [Thread Next]