This is the mail archive of the gcc-testresults@gcc.gnu.org mailing list for the GCC project.


Index Nav: [Date Index] [Subject Index] [Author Index] [Thread Index]
Message Nav: [Date Prev] [Date Next] [Thread Prev] [Thread Next]
Other format: [Raw text]

Results for 4.3.0 20080129 (experimental) [trunk revision 131942] (GCC) testsuite on mips-sgi-irix6.5


LAST_UPDATED: Tue Jan 29 16:35:10 GMT 2008 (revision 131942)

Testresults for both -mabi=n32 and -mabi=64.  
Using GNU assembler and GNU linker 2.18


Native configuration is mips-sgi-irix6.5

		=== g++ tests ===


Running target unix//-mabi=n32
FAIL: g++.dg/cpp/_Pragma1.C (test for excess errors)
FAIL: g++.dg/eh/gcsec1.C (test for excess errors)
WARNING: g++.dg/eh/gcsec1.C compilation failed to produce executable
XPASS: g++.dg/tree-ssa/ivopts-1.C scan-tree-dump-not ivopts "offset: (4294967292|0x0f+fc)"
WARNING: program timed out.
XPASS: g++.old-deja/g++.other/init19.C execution test

		=== g++ Summary for unix//-mabi=n32 ===

# of expected passes		17271
# of unexpected failures	2
# of unexpected successes	2
# of expected failures		83
# of unsupported tests		153

Running target unix//-mabi=64
FAIL: g++.dg/cpp/_Pragma1.C (test for excess errors)
FAIL: g++.dg/eh/gcsec1.C (test for excess errors)
WARNING: g++.dg/eh/gcsec1.C compilation failed to produce executable
XPASS: g++.dg/tree-ssa/ivopts-1.C scan-tree-dump-not ivopts "offset: (4294967292|0x0f+fc)"
FAIL: g++.old-deja/g++.eh/badalloc1.C execution test
FAIL: g++.old-deja/g++.other/comdat4.C (test for excess errors)
FAIL: g++.old-deja/g++.other/comdat5.C (test for excess errors)
XPASS: g++.old-deja/g++.other/init19.C execution test

		=== g++ Summary for unix//-mabi=64 ===

# of expected passes		17236
# of unexpected failures	5
# of unexpected successes	2
# of expected failures		83
# of unsupported tests		155

		=== g++ Summary ===

# of expected passes		34507
# of unexpected failures	7
# of unexpected successes	4
# of expected failures		166
# of unsupported tests		308
/usr/people/francois/devel/ibin/gcc/testsuite/g++/../../g++  version 4.3.0 20080129 (experimental) [trunk revision 131942] (GCC) 

		=== gcc tests ===


Running target unix//-mabi=n32
WARNING: program timed out.
FAIL: gcc.c-torture/compile/20001226-1.c  -O2  (test for excess errors)
WARNING: program timed out.
FAIL: gcc.c-torture/compile/20001226-1.c  -O3 -fomit-frame-pointer  (test for excess errors)
WARNING: program timed out.
FAIL: gcc.c-torture/compile/20001226-1.c  -O3 -g  (test for excess errors)
WARNING: program timed out.
FAIL: gcc.c-torture/compile/20001226-1.c  -Os  (test for excess errors)
FAIL: gcc.dg/cpp/_Pragma6.c (test for excess errors)
FAIL: gcc.dg/pthread-init-1.c (test for excess errors)
FAIL: gcc.dg/pthread-init-2.c (test for excess errors)
FAIL: gcc.dg/special/gcsec-1.c (test for excess errors)
WARNING: gcc.dg/special/gcsec-1.c compilation failed to produce executable
FAIL: gcc.dg/torture/builtin-modf-1.c  -O0  (test for excess errors)
FAIL: gcc.dg/torture/builtin-modf-1.c  -O1  (test for excess errors)
FAIL: gcc.dg/torture/builtin-modf-1.c  -O2  (test for excess errors)
FAIL: gcc.dg/torture/builtin-modf-1.c  -O3 -fomit-frame-pointer  (test for excess errors)
FAIL: gcc.dg/torture/builtin-modf-1.c  -O3 -fomit-frame-pointer -funroll-loops  (test for excess errors)
FAIL: gcc.dg/torture/builtin-modf-1.c  -O3 -fomit-frame-pointer -funroll-all-loops -finline-functions  (test for excess errors)
FAIL: gcc.dg/torture/builtin-modf-1.c  -O3 -g  (test for excess errors)
FAIL: gcc.dg/torture/builtin-modf-1.c  -Os  (test for excess errors)

		=== gcc Summary for unix//-mabi=n32 ===

# of expected passes		46494
# of unexpected failures	16
# of expected failures		90
# of untested testcases		35
# of unsupported tests		431

Running target unix//-mabi=64
WARNING: program timed out.
FAIL: gcc.c-torture/compile/20001226-1.c  -O2  (test for excess errors)
WARNING: program timed out.
FAIL: gcc.c-torture/compile/20001226-1.c  -O3 -fomit-frame-pointer  (test for excess errors)
WARNING: program timed out.
FAIL: gcc.c-torture/compile/20001226-1.c  -O3 -g  (test for excess errors)
WARNING: program timed out.
FAIL: gcc.c-torture/compile/20001226-1.c  -Os  (test for excess errors)
FAIL: tmpdir-gcc.dg-struct-layout-1/t028 c_compat_x_tst.o-c_compat_y_tst.o execute 
FAIL: gcc.dg/cpp/_Pragma6.c (test for excess errors)
FAIL: gcc.dg/pthread-init-1.c (test for excess errors)
FAIL: gcc.dg/pthread-init-2.c (test for excess errors)
FAIL: gcc.dg/special/gcsec-1.c (test for excess errors)
WARNING: gcc.dg/special/gcsec-1.c compilation failed to produce executable
FAIL: gcc.dg/torture/builtin-modf-1.c  -O0  (test for excess errors)
FAIL: gcc.dg/torture/builtin-modf-1.c  -O1  (test for excess errors)
FAIL: gcc.dg/torture/builtin-modf-1.c  -O2  (test for excess errors)
FAIL: gcc.dg/torture/builtin-modf-1.c  -O3 -fomit-frame-pointer  (test for excess errors)
FAIL: gcc.dg/torture/builtin-modf-1.c  -O3 -fomit-frame-pointer -funroll-loops  (test for excess errors)
FAIL: gcc.dg/torture/builtin-modf-1.c  -O3 -fomit-frame-pointer -funroll-all-loops -finline-functions  (test for excess errors)
FAIL: gcc.dg/torture/builtin-modf-1.c  -O3 -g  (test for excess errors)
FAIL: gcc.dg/torture/builtin-modf-1.c  -Os  (test for excess errors)

		=== gcc Summary for unix//-mabi=64 ===

# of expected passes		46518
# of unexpected failures	17
# of expected failures		90
# of untested testcases		35
# of unsupported tests		427

		=== gcc Summary ===

# of expected passes		93012
# of unexpected failures	33
# of expected failures		180
# of untested testcases		70
# of unsupported tests		858
/usr/people/francois/devel/ibin/gcc/xgcc  version 4.3.0 20080129 (experimental) [trunk revision 131942] (GCC) 

		=== gfortran tests ===


Running target unix//-mabi=n32
FAIL: gfortran.dg/default_format_1.f90  -O0  execution test
FAIL: gfortran.dg/default_format_1.f90  -O1  execution test
FAIL: gfortran.dg/default_format_1.f90  -O2  execution test
FAIL: gfortran.dg/default_format_1.f90  -O3 -fomit-frame-pointer  execution test
FAIL: gfortran.dg/default_format_1.f90  -O3 -fomit-frame-pointer -funroll-loops  execution test
FAIL: gfortran.dg/default_format_1.f90  -O3 -fomit-frame-pointer -funroll-all-loops -finline-functions  execution test
FAIL: gfortran.dg/default_format_1.f90  -O3 -g  execution test
FAIL: gfortran.dg/default_format_1.f90  -Os  execution test
FAIL: gfortran.dg/default_format_denormal_1.f90  -O0  execution test
FAIL: gfortran.dg/default_format_denormal_1.f90  -O1  execution test
FAIL: gfortran.dg/default_format_denormal_1.f90  -O2  execution test
FAIL: gfortran.dg/default_format_denormal_1.f90  -O3 -fomit-frame-pointer  execution test
FAIL: gfortran.dg/default_format_denormal_1.f90  -O3 -fomit-frame-pointer -funroll-loops  execution test
FAIL: gfortran.dg/default_format_denormal_1.f90  -O3 -fomit-frame-pointer -funroll-all-loops -finline-functions  execution test
FAIL: gfortran.dg/default_format_denormal_1.f90  -O3 -g  execution test
FAIL: gfortran.dg/default_format_denormal_1.f90  -Os  execution test
FAIL: gfortran.dg/function_kinds_5.f90  -O   (test for errors, line 8)
FAIL: gfortran.dg/integer_exponentiation_2.f90  -O0  execution test
FAIL: gfortran.dg/integer_exponentiation_2.f90  -O1  execution test
FAIL: gfortran.dg/integer_exponentiation_2.f90  -O2  execution test
FAIL: gfortran.dg/integer_exponentiation_2.f90  -O3 -fomit-frame-pointer  execution test
FAIL: gfortran.dg/integer_exponentiation_2.f90  -O3 -fomit-frame-pointer -funroll-loops  execution test
FAIL: gfortran.dg/integer_exponentiation_2.f90  -O3 -fomit-frame-pointer -funroll-all-loops -finline-functions  execution test
FAIL: gfortran.dg/integer_exponentiation_2.f90  -O3 -g  execution test
FAIL: gfortran.dg/integer_exponentiation_2.f90  -Os  execution test
FAIL: gfortran.dg/large_real_kind_form_io_2.f90  -O0  execution test
FAIL: gfortran.dg/large_real_kind_form_io_2.f90  -O1  execution test
FAIL: gfortran.dg/large_real_kind_form_io_2.f90  -O2  execution test
FAIL: gfortran.dg/large_real_kind_form_io_2.f90  -O3 -fomit-frame-pointer  execution test
FAIL: gfortran.dg/large_real_kind_form_io_2.f90  -O3 -fomit-frame-pointer -funroll-loops  execution test
FAIL: gfortran.dg/large_real_kind_form_io_2.f90  -O3 -fomit-frame-pointer -funroll-all-loops -finline-functions  execution test
FAIL: gfortran.dg/large_real_kind_form_io_2.f90  -O3 -g  execution test
FAIL: gfortran.dg/large_real_kind_form_io_2.f90  -Os  execution test
FAIL: gfortran.dg/nan_3.f90  -O0  execution test
FAIL: gfortran.dg/nan_3.f90  -O1  execution test
FAIL: gfortran.dg/nan_3.f90  -O2  execution test
FAIL: gfortran.dg/nan_3.f90  -O3 -fomit-frame-pointer  execution test
FAIL: gfortran.dg/nan_3.f90  -O3 -fomit-frame-pointer -funroll-loops  execution test
FAIL: gfortran.dg/nan_3.f90  -O3 -fomit-frame-pointer -funroll-all-loops -finline-functions  execution test
FAIL: gfortran.dg/nan_3.f90  -O3 -g  execution test
FAIL: gfortran.dg/nan_3.f90  -Os  execution test
FAIL: gfortran.dg/nearest_1.f90  -O0  execution test
FAIL: gfortran.dg/nearest_1.f90  -O1  execution test
FAIL: gfortran.dg/nearest_1.f90  -O2  execution test
FAIL: gfortran.dg/nearest_1.f90  -O3 -fomit-frame-pointer  execution test
FAIL: gfortran.dg/nearest_1.f90  -O3 -fomit-frame-pointer -funroll-loops  execution test
FAIL: gfortran.dg/nearest_1.f90  -O3 -fomit-frame-pointer -funroll-all-loops -finline-functions  execution test
FAIL: gfortran.dg/nearest_1.f90  -O3 -g  execution test
FAIL: gfortran.dg/nearest_1.f90  -Os  execution test
FAIL: gfortran.dg/specifics_1.f90  -O0  execution test
FAIL: gfortran.dg/specifics_1.f90  -O1  execution test
FAIL: gfortran.dg/specifics_1.f90  -O2  execution test
FAIL: gfortran.dg/specifics_1.f90  -O3 -fomit-frame-pointer  execution test
FAIL: gfortran.dg/specifics_1.f90  -O3 -fomit-frame-pointer -funroll-loops  execution test
FAIL: gfortran.dg/specifics_1.f90  -O3 -fomit-frame-pointer -funroll-all-loops -finline-functions  execution test
FAIL: gfortran.dg/specifics_1.f90  -O3 -g  execution test
FAIL: gfortran.dg/specifics_1.f90  -Os  execution test
XPASS: gfortran.dg/g77/cabs.f  -O1  execution test
XPASS: gfortran.dg/g77/cabs.f  -O2  execution test
XPASS: gfortran.dg/g77/cabs.f  -O3 -fomit-frame-pointer  execution test
XPASS: gfortran.dg/g77/cabs.f  -O3 -fomit-frame-pointer -funroll-loops  execution test
XPASS: gfortran.dg/g77/cabs.f  -O3 -fomit-frame-pointer -funroll-all-loops -finline-functions  execution test
XPASS: gfortran.dg/g77/cabs.f  -O3 -g  execution test
XPASS: gfortran.dg/g77/cabs.f  -Os  execution test
FAIL: gfortran.fortran-torture/execute/intrinsic_abs.f90 execution,  -O0 
FAIL: gfortran.fortran-torture/execute/intrinsic_dotprod.f90 execution,  -O2 
FAIL: gfortran.fortran-torture/execute/intrinsic_dotprod.f90 execution,  -O3 -fomit-frame-pointer 
FAIL: gfortran.fortran-torture/execute/intrinsic_dotprod.f90 execution,  -O3 -fomit-frame-pointer -funroll-loops 
FAIL: gfortran.fortran-torture/execute/intrinsic_dotprod.f90 execution,  -O3 -fomit-frame-pointer -funroll-all-loops -finline-functions 
FAIL: gfortran.fortran-torture/execute/intrinsic_dotprod.f90 execution,  -O3 -g 
FAIL: gfortran.fortran-torture/execute/intrinsic_dotprod.f90 execution,  -Os 
FAIL: gfortran.fortran-torture/execute/specifics.f90 execution,  -O0 
FAIL: gfortran.fortran-torture/execute/specifics.f90 execution,  -O1 
FAIL: gfortran.fortran-torture/execute/specifics.f90 execution,  -O2 
FAIL: gfortran.fortran-torture/execute/specifics.f90 execution,  -O3 -fomit-frame-pointer 
FAIL: gfortran.fortran-torture/execute/specifics.f90 execution,  -O3 -fomit-frame-pointer -funroll-loops 
FAIL: gfortran.fortran-torture/execute/specifics.f90 execution,  -O3 -fomit-frame-pointer -funroll-all-loops -finline-functions 
FAIL: gfortran.fortran-torture/execute/specifics.f90 execution,  -O3 -g 
FAIL: gfortran.fortran-torture/execute/specifics.f90 execution,  -Os 

		=== gfortran Summary for unix//-mabi=n32 ===

# of expected passes		23529
# of unexpected failures	72
# of unexpected successes	7
# of expected failures		4
# of unsupported tests		36

Running target unix//-mabi=64
FAIL: gfortran.dg/default_format_1.f90  -O0  execution test
FAIL: gfortran.dg/default_format_1.f90  -O1  execution test
FAIL: gfortran.dg/default_format_1.f90  -O2  execution test
FAIL: gfortran.dg/default_format_1.f90  -O3 -fomit-frame-pointer  execution test
FAIL: gfortran.dg/default_format_1.f90  -O3 -fomit-frame-pointer -funroll-loops  execution test
FAIL: gfortran.dg/default_format_1.f90  -O3 -fomit-frame-pointer -funroll-all-loops -finline-functions  execution test
FAIL: gfortran.dg/default_format_1.f90  -O3 -g  execution test
FAIL: gfortran.dg/default_format_1.f90  -Os  execution test
FAIL: gfortran.dg/default_format_denormal_1.f90  -O0  execution test
FAIL: gfortran.dg/default_format_denormal_1.f90  -O1  execution test
FAIL: gfortran.dg/default_format_denormal_1.f90  -O2  execution test
FAIL: gfortran.dg/default_format_denormal_1.f90  -O3 -fomit-frame-pointer  execution test
FAIL: gfortran.dg/default_format_denormal_1.f90  -O3 -fomit-frame-pointer -funroll-loops  execution test
FAIL: gfortran.dg/default_format_denormal_1.f90  -O3 -fomit-frame-pointer -funroll-all-loops -finline-functions  execution test
FAIL: gfortran.dg/default_format_denormal_1.f90  -O3 -g  execution test
FAIL: gfortran.dg/default_format_denormal_1.f90  -Os  execution test
FAIL: gfortran.dg/function_kinds_5.f90  -O   (test for errors, line 8)
FAIL: gfortran.dg/integer_exponentiation_2.f90  -O0  execution test
FAIL: gfortran.dg/integer_exponentiation_2.f90  -O1  execution test
FAIL: gfortran.dg/integer_exponentiation_2.f90  -O2  execution test
FAIL: gfortran.dg/integer_exponentiation_2.f90  -O3 -fomit-frame-pointer  execution test
FAIL: gfortran.dg/integer_exponentiation_2.f90  -O3 -fomit-frame-pointer -funroll-loops  execution test
FAIL: gfortran.dg/integer_exponentiation_2.f90  -O3 -fomit-frame-pointer -funroll-all-loops -finline-functions  execution test
FAIL: gfortran.dg/integer_exponentiation_2.f90  -O3 -g  execution test
FAIL: gfortran.dg/integer_exponentiation_2.f90  -Os  execution test
FAIL: gfortran.dg/large_real_kind_form_io_2.f90  -O0  execution test
FAIL: gfortran.dg/large_real_kind_form_io_2.f90  -O1  execution test
FAIL: gfortran.dg/large_real_kind_form_io_2.f90  -O2  execution test
FAIL: gfortran.dg/large_real_kind_form_io_2.f90  -O3 -fomit-frame-pointer  execution test
FAIL: gfortran.dg/large_real_kind_form_io_2.f90  -O3 -fomit-frame-pointer -funroll-loops  execution test
FAIL: gfortran.dg/large_real_kind_form_io_2.f90  -O3 -fomit-frame-pointer -funroll-all-loops -finline-functions  execution test
FAIL: gfortran.dg/large_real_kind_form_io_2.f90  -O3 -g  execution test
FAIL: gfortran.dg/large_real_kind_form_io_2.f90  -Os  execution test
FAIL: gfortran.dg/nan_3.f90  -O0  execution test
FAIL: gfortran.dg/nan_3.f90  -O1  execution test
FAIL: gfortran.dg/nan_3.f90  -O2  execution test
FAIL: gfortran.dg/nan_3.f90  -O3 -fomit-frame-pointer  execution test
FAIL: gfortran.dg/nan_3.f90  -O3 -fomit-frame-pointer -funroll-loops  execution test
FAIL: gfortran.dg/nan_3.f90  -O3 -fomit-frame-pointer -funroll-all-loops -finline-functions  execution test
FAIL: gfortran.dg/nan_3.f90  -O3 -g  execution test
FAIL: gfortran.dg/nan_3.f90  -Os  execution test
FAIL: gfortran.dg/nearest_1.f90  -O0  execution test
FAIL: gfortran.dg/nearest_1.f90  -O1  execution test
FAIL: gfortran.dg/nearest_1.f90  -O2  execution test
FAIL: gfortran.dg/nearest_1.f90  -O3 -fomit-frame-pointer  execution test
FAIL: gfortran.dg/nearest_1.f90  -O3 -fomit-frame-pointer -funroll-loops  execution test
FAIL: gfortran.dg/nearest_1.f90  -O3 -fomit-frame-pointer -funroll-all-loops -finline-functions  execution test
FAIL: gfortran.dg/nearest_1.f90  -O3 -g  execution test
FAIL: gfortran.dg/nearest_1.f90  -Os  execution test
FAIL: gfortran.dg/specifics_1.f90  -O0  execution test
FAIL: gfortran.dg/specifics_1.f90  -O1  execution test
FAIL: gfortran.dg/specifics_1.f90  -O2  execution test
FAIL: gfortran.dg/specifics_1.f90  -O3 -fomit-frame-pointer  execution test
FAIL: gfortran.dg/specifics_1.f90  -O3 -fomit-frame-pointer -funroll-loops  execution test
FAIL: gfortran.dg/specifics_1.f90  -O3 -fomit-frame-pointer -funroll-all-loops -finline-functions  execution test
FAIL: gfortran.dg/specifics_1.f90  -O3 -g  execution test
FAIL: gfortran.dg/specifics_1.f90  -Os  execution test
XPASS: gfortran.dg/g77/cabs.f  -O1  execution test
XPASS: gfortran.dg/g77/cabs.f  -O2  execution test
XPASS: gfortran.dg/g77/cabs.f  -O3 -fomit-frame-pointer  execution test
XPASS: gfortran.dg/g77/cabs.f  -O3 -fomit-frame-pointer -funroll-loops  execution test
XPASS: gfortran.dg/g77/cabs.f  -O3 -fomit-frame-pointer -funroll-all-loops -finline-functions  execution test
XPASS: gfortran.dg/g77/cabs.f  -O3 -g  execution test
XPASS: gfortran.dg/g77/cabs.f  -Os  execution test
FAIL: gfortran.fortran-torture/execute/intrinsic_abs.f90 execution,  -O0 
FAIL: gfortran.fortran-torture/execute/intrinsic_dotprod.f90 execution,  -O2 
FAIL: gfortran.fortran-torture/execute/intrinsic_dotprod.f90 execution,  -O3 -fomit-frame-pointer 
FAIL: gfortran.fortran-torture/execute/intrinsic_dotprod.f90 execution,  -O3 -fomit-frame-pointer -funroll-loops 
FAIL: gfortran.fortran-torture/execute/intrinsic_dotprod.f90 execution,  -O3 -fomit-frame-pointer -funroll-all-loops -finline-functions 
FAIL: gfortran.fortran-torture/execute/intrinsic_dotprod.f90 execution,  -O3 -g 
FAIL: gfortran.fortran-torture/execute/intrinsic_dotprod.f90 execution,  -Os 
FAIL: gfortran.fortran-torture/execute/specifics.f90 execution,  -O0 
FAIL: gfortran.fortran-torture/execute/specifics.f90 execution,  -O1 
FAIL: gfortran.fortran-torture/execute/specifics.f90 execution,  -O2 
FAIL: gfortran.fortran-torture/execute/specifics.f90 execution,  -O3 -fomit-frame-pointer 
FAIL: gfortran.fortran-torture/execute/specifics.f90 execution,  -O3 -fomit-frame-pointer -funroll-loops 
FAIL: gfortran.fortran-torture/execute/specifics.f90 execution,  -O3 -fomit-frame-pointer -funroll-all-loops -finline-functions 
FAIL: gfortran.fortran-torture/execute/specifics.f90 execution,  -O3 -g 
FAIL: gfortran.fortran-torture/execute/specifics.f90 execution,  -Os 

		=== gfortran Summary for unix//-mabi=64 ===

# of expected passes		23529
# of unexpected failures	72
# of unexpected successes	7
# of expected failures		4
# of unsupported tests		36

		=== gfortran Summary ===

# of expected passes		47058
# of unexpected failures	144
# of unexpected successes	14
# of expected failures		8
# of unsupported tests		72
/usr/people/francois/devel/ibin/gcc/testsuite/gfortran/../../gfortran  version 4.3.0 20080129 (experimental) [trunk revision 131942] (GCC) 

		=== obj-c++ tests ===


Running target unix//-mabi=n32
FAIL: obj-c++.dg/bitfield-1.mm (internal compiler error)
FAIL: obj-c++.dg/bitfield-1.mm (test for excess errors)
WARNING: obj-c++.dg/bitfield-1.mm compilation failed to produce executable
FAIL: obj-c++.dg/comp-types-10.mm (internal compiler error)
FAIL: obj-c++.dg/comp-types-10.mm (test for excess errors)
FAIL: obj-c++.dg/cxx-ivars-2.mm execution test
FAIL: obj-c++.dg/encode-2.mm scan-assembler {Vec<float>=ffi}
FAIL: obj-c++.dg/encode-2.mm scan-assembler {Vec<double>=ddi}
FAIL: obj-c++.dg/encode-3.mm execution test
FAIL: obj-c++.dg/encode-8.mm execution test
FAIL: obj-c++.dg/gnu-runtime-2.mm (test for excess errors)
FAIL: obj-c++.dg/isa-field-1.mm (test for excess errors)
FAIL: obj-c++.dg/lookup-2.mm (test for excess errors)
WARNING: obj-c++.dg/lookup-2.mm compilation failed to produce executable
FAIL: obj-c++.dg/try-catch-2.mm (test for excess errors)
WARNING: obj-c++.dg/try-catch-2.mm compilation failed to produce executable
FAIL: obj-c++.dg/try-catch-9.mm (internal compiler error)
FAIL: obj-c++.dg/try-catch-9.mm (test for excess errors)
WARNING: obj-c++.dg/try-catch-9.mm compilation failed to produce executable

		=== obj-c++ Summary for unix//-mabi=n32 ===

# of expected passes		422
# of unexpected failures	15
# of unsupported tests		13

Running target unix//-mabi=64
FAIL: obj-c++.dg/bitfield-1.mm (internal compiler error)
FAIL: obj-c++.dg/bitfield-1.mm (test for excess errors)
WARNING: obj-c++.dg/bitfield-1.mm compilation failed to produce executable
FAIL: obj-c++.dg/bitfield-4.mm (test for excess errors)
FAIL: obj-c++.dg/comp-types-10.mm (internal compiler error)
FAIL: obj-c++.dg/comp-types-10.mm (test for excess errors)
FAIL: obj-c++.dg/cxx-ivars-2.mm execution test
FAIL: obj-c++.dg/encode-2.mm scan-assembler {Vec<float>=ffi}
FAIL: obj-c++.dg/encode-2.mm scan-assembler {Vec<double>=ddi}
FAIL: obj-c++.dg/encode-3.mm execution test
FAIL: obj-c++.dg/encode-8.mm execution test
FAIL: obj-c++.dg/gnu-runtime-2.mm (test for excess errors)
FAIL: obj-c++.dg/isa-field-1.mm (test for excess errors)
FAIL: obj-c++.dg/layout-1.mm (test for excess errors)
FAIL: obj-c++.dg/lookup-2.mm (test for excess errors)
WARNING: obj-c++.dg/lookup-2.mm compilation failed to produce executable
FAIL: obj-c++.dg/try-catch-2.mm (test for excess errors)
WARNING: obj-c++.dg/try-catch-2.mm compilation failed to produce executable
FAIL: obj-c++.dg/try-catch-9.mm (internal compiler error)
FAIL: obj-c++.dg/try-catch-9.mm (test for excess errors)
WARNING: obj-c++.dg/try-catch-9.mm compilation failed to produce executable

		=== obj-c++ Summary for unix//-mabi=64 ===

# of expected passes		420
# of unexpected failures	17
# of unsupported tests		13

		=== obj-c++ Summary ===

# of expected passes		842
# of unexpected failures	32
# of unsupported tests		26
/usr/people/francois/devel/ibin/gcc/testsuite/obj-c++/../../g++  version 4.3.0 20080129 (experimental) [trunk revision 131942] (GCC) 

		=== objc tests ===


Running target unix//-mabi=n32
FAIL: objc.dg/stabs-1.m scan-assembler (.SUBSPA.*[\$]CODE[\$]|.text"?)\\n\\t.stabs.*100,0,0,([.\$])?L?L[\$]?etext[0-9]*\\n([.\$])?L?L[\$]?etext

		=== objc Summary for unix//-mabi=n32 ===

# of expected passes		1811
# of unexpected failures	1
# of expected failures		7
# of unsupported tests		24

Running target unix//-mabi=64
FAIL: objc.dg/stabs-1.m scan-assembler (.SUBSPA.*[\$]CODE[\$]|.text"?)\\n\\t.stabs.*100,0,0,([.\$])?L?L[\$]?etext[0-9]*\\n([.\$])?L?L[\$]?etext

		=== objc Summary for unix//-mabi=64 ===

# of expected passes		1811
# of unexpected failures	1
# of expected failures		7
# of unsupported tests		24

		=== objc Summary ===

# of expected passes		3622
# of unexpected failures	2
# of expected failures		14
# of unsupported tests		48
/usr/people/francois/devel/ibin/gcc/xgcc  version 4.3.0 20080129 (experimental) [trunk revision 131942] (GCC) 

		=== libgomp tests ===


Running target unix
WARNING: program timed out.
FAIL: libgomp.c/appendix-a/a.18.1.c execution test
WARNING: program timed out.
FAIL: libgomp.fortran/appendix-a/a.18.1.f90  -O3 -fomit-frame-pointer -funroll-loops  execution test
FAIL: libgomp.fortran/condinc2.f  -O  (test for excess errors)
WARNING: libgomp.fortran/condinc2.f  -O  compilation failed to produce executable
FAIL: libgomp.fortran/condinc4.f90  -O  (test for excess errors)
WARNING: libgomp.fortran/condinc4.f90  -O  compilation failed to produce executable
FAIL: libgomp.fortran/crayptr2.f90  -O0  execution test
FAIL: libgomp.fortran/crayptr2.f90  -O1  execution test
FAIL: libgomp.fortran/crayptr2.f90  -O2  execution test
FAIL: libgomp.fortran/crayptr2.f90  -O3 -fomit-frame-pointer  execution test
FAIL: libgomp.fortran/crayptr2.f90  -O3 -fomit-frame-pointer -funroll-loops  execution test
FAIL: libgomp.fortran/crayptr2.f90  -O3 -fomit-frame-pointer -funroll-all-loops -finline-functions  execution test
FAIL: libgomp.fortran/crayptr2.f90  -O3 -g  execution test
FAIL: libgomp.fortran/crayptr2.f90  -Os  execution test
FAIL: libgomp.fortran/omp_cond2.f  -O  (test for excess errors)
WARNING: libgomp.fortran/omp_cond2.f  -O  compilation failed to produce executable
FAIL: libgomp.fortran/omp_cond4.F90  -O  (test for excess errors)
WARNING: libgomp.fortran/omp_cond4.F90  -O  compilation failed to produce executable
FAIL: libgomp.fortran/pr32550.f90  -O0  execution test
FAIL: libgomp.fortran/pr32550.f90  -O1  execution test
FAIL: libgomp.fortran/pr32550.f90  -O2  execution test
FAIL: libgomp.fortran/pr32550.f90  -O3 -fomit-frame-pointer  execution test
FAIL: libgomp.fortran/pr32550.f90  -O3 -fomit-frame-pointer -funroll-loops  execution test
FAIL: libgomp.fortran/pr32550.f90  -O3 -fomit-frame-pointer -funroll-all-loops -finline-functions  execution test
FAIL: libgomp.fortran/pr32550.f90  -O3 -g  execution test
FAIL: libgomp.fortran/pr32550.f90  -Os  execution test
FAIL: libgomp.fortran/reference1.f90  -O1  execution test
FAIL: libgomp.fortran/reference1.f90  -Os  execution test

		=== libgomp Summary ===

# of expected passes		1433
# of unexpected failures	24
# of unsupported tests		116
		=== libstdc++ tests ===


Running target unix
FAIL: 18_support/numeric_limits/epsilon.cc execution test
FAIL: 21_strings/basic_string/inserters_extractors/wchar_t/1.cc execution test
FAIL: 21_strings/basic_string/inserters_extractors/wchar_t/11.cc execution test
FAIL: 21_strings/basic_string/inserters_extractors/wchar_t/5.cc execution test
FAIL: 22_locale/ctype/cons/char/1.cc execution test
FAIL: 22_locale/ctype/is/wchar_t/1.cc execution test
FAIL: 22_locale/ctype/scan/wchar_t/1.cc execution test
FAIL: 22_locale/money_get/get/wchar_t/19.cc execution test
FAIL: 22_locale/money_get/get/wchar_t/8.cc execution test
FAIL: 26_numerics/complex/inserters_extractors/wchar_t/1.cc execution test
FAIL: 27_io/basic_istream/extractors_arithmetic/char/12.cc execution test
FAIL: 27_io/basic_istream/extractors_arithmetic/wchar_t/01.cc execution test
FAIL: 27_io/basic_istream/extractors_arithmetic/wchar_t/07.cc execution test
FAIL: 27_io/basic_istream/extractors_arithmetic/wchar_t/08.cc execution test
FAIL: 27_io/basic_istream/extractors_arithmetic/wchar_t/10.cc execution test
FAIL: 27_io/basic_istream/extractors_arithmetic/wchar_t/12.cc execution test
FAIL: 27_io/basic_istream/extractors_arithmetic/wchar_t/13.cc execution test
FAIL: 27_io/basic_istream/extractors_character/wchar_t/1.cc execution test
FAIL: 27_io/basic_istream/extractors_character/wchar_t/11095-i.cc execution test
FAIL: 27_io/basic_istream/extractors_character/wchar_t/2.cc execution test
FAIL: 27_io/basic_istream/extractors_character/wchar_t/3.cc execution test
FAIL: 27_io/basic_istream/extractors_character/wchar_t/4.cc execution test
FAIL: 27_io/basic_istream/sentry/wchar_t/2.cc execution test
FAIL: 27_io/basic_istream/ws/wchar_t/1.cc execution test
FAIL: ext/mt_allocator/deallocate_global-2.cc execution test
FAIL: ext/mt_allocator/deallocate_global-4.cc execution test
FAIL: ext/mt_allocator/deallocate_global_thread-1.cc execution test
FAIL: ext/mt_allocator/deallocate_global_thread-3.cc execution test
FAIL: ext/mt_allocator/deallocate_local-2.cc execution test
FAIL: ext/mt_allocator/deallocate_local-4.cc execution test
FAIL: ext/mt_allocator/deallocate_local_thread-1.cc execution test
FAIL: ext/mt_allocator/deallocate_local_thread-3.cc execution test
WARNING: program timed out.
FAIL: ext/pb_ds/regression/tree_data_map_rand.cc (test for excess errors)
WARNING: ext/pb_ds/regression/tree_data_map_rand.cc compilation failed to produce executable
WARNING: program timed out.
FAIL: ext/pb_ds/regression/tree_no_data_map_rand.cc (test for excess errors)
WARNING: ext/pb_ds/regression/tree_no_data_map_rand.cc compilation failed to produce executable

		=== libstdc++ Summary ===

# of expected passes		4845
# of unexpected failures	34
# of expected failures		61
# of unsupported tests		370
		=== libgomp tests ===


Running target unix
WARNING: program timed out.
FAIL: libgomp.c/appendix-a/a.18.1.c execution test
WARNING: program timed out.
FAIL: libgomp.fortran/appendix-a/a.18.1.f90  -O3 -fomit-frame-pointer -funroll-loops  execution test
FAIL: libgomp.fortran/condinc2.f  -O  (test for excess errors)
WARNING: libgomp.fortran/condinc2.f  -O  compilation failed to produce executable
FAIL: libgomp.fortran/condinc4.f90  -O  (test for excess errors)
WARNING: libgomp.fortran/condinc4.f90  -O  compilation failed to produce executable
FAIL: libgomp.fortran/crayptr2.f90  -O0  execution test
FAIL: libgomp.fortran/crayptr2.f90  -O1  execution test
FAIL: libgomp.fortran/crayptr2.f90  -O2  execution test
FAIL: libgomp.fortran/crayptr2.f90  -O3 -fomit-frame-pointer  execution test
FAIL: libgomp.fortran/crayptr2.f90  -O3 -fomit-frame-pointer -funroll-loops  execution test
FAIL: libgomp.fortran/crayptr2.f90  -O3 -fomit-frame-pointer -funroll-all-loops -finline-functions  execution test
FAIL: libgomp.fortran/crayptr2.f90  -O3 -g  execution test
FAIL: libgomp.fortran/crayptr2.f90  -Os  execution test
FAIL: libgomp.fortran/omp_cond2.f  -O  (test for excess errors)
WARNING: libgomp.fortran/omp_cond2.f  -O  compilation failed to produce executable
FAIL: libgomp.fortran/omp_cond4.F90  -O  (test for excess errors)
WARNING: libgomp.fortran/omp_cond4.F90  -O  compilation failed to produce executable
FAIL: libgomp.fortran/pr32550.f90  -O0  execution test
FAIL: libgomp.fortran/pr32550.f90  -O1  execution test
FAIL: libgomp.fortran/pr32550.f90  -O2  execution test
FAIL: libgomp.fortran/pr32550.f90  -O3 -fomit-frame-pointer  execution test
FAIL: libgomp.fortran/pr32550.f90  -O3 -fomit-frame-pointer -funroll-loops  execution test
FAIL: libgomp.fortran/pr32550.f90  -O3 -fomit-frame-pointer -funroll-all-loops -finline-functions  execution test
FAIL: libgomp.fortran/pr32550.f90  -O3 -g  execution test
FAIL: libgomp.fortran/pr32550.f90  -Os  execution test
FAIL: libgomp.fortran/reference1.f90  -O1  execution test
FAIL: libgomp.fortran/reference1.f90  -Os  execution test

		=== libgomp Summary ===

# of expected passes		1433
# of unexpected failures	24
# of unsupported tests		116
		=== libstdc++ tests ===


Running target unix
FAIL: 18_support/numeric_limits/epsilon.cc execution test
FAIL: 21_strings/basic_string/inserters_extractors/wchar_t/1.cc execution test
FAIL: 21_strings/basic_string/inserters_extractors/wchar_t/11.cc execution test
FAIL: 21_strings/basic_string/inserters_extractors/wchar_t/5.cc execution test
FAIL: 22_locale/ctype/cons/char/1.cc execution test
FAIL: 22_locale/ctype/is/wchar_t/1.cc execution test
FAIL: 22_locale/ctype/scan/wchar_t/1.cc execution test
FAIL: 22_locale/money_get/get/wchar_t/19.cc execution test
FAIL: 22_locale/money_get/get/wchar_t/8.cc execution test
FAIL: 26_numerics/complex/inserters_extractors/wchar_t/1.cc execution test
FAIL: 27_io/basic_istream/extractors_arithmetic/char/12.cc execution test
FAIL: 27_io/basic_istream/extractors_arithmetic/wchar_t/01.cc execution test
FAIL: 27_io/basic_istream/extractors_arithmetic/wchar_t/07.cc execution test
FAIL: 27_io/basic_istream/extractors_arithmetic/wchar_t/08.cc execution test
FAIL: 27_io/basic_istream/extractors_arithmetic/wchar_t/10.cc execution test
FAIL: 27_io/basic_istream/extractors_arithmetic/wchar_t/12.cc execution test
FAIL: 27_io/basic_istream/extractors_arithmetic/wchar_t/13.cc execution test
FAIL: 27_io/basic_istream/extractors_character/wchar_t/1.cc execution test
FAIL: 27_io/basic_istream/extractors_character/wchar_t/11095-i.cc execution test
FAIL: 27_io/basic_istream/extractors_character/wchar_t/2.cc execution test
FAIL: 27_io/basic_istream/extractors_character/wchar_t/3.cc execution test
FAIL: 27_io/basic_istream/extractors_character/wchar_t/4.cc execution test
FAIL: 27_io/basic_istream/sentry/wchar_t/2.cc execution test
FAIL: 27_io/basic_istream/ws/wchar_t/1.cc execution test
FAIL: ext/mt_allocator/deallocate_global-2.cc execution test
FAIL: ext/mt_allocator/deallocate_global-4.cc execution test
FAIL: ext/mt_allocator/deallocate_global_thread-1.cc execution test
FAIL: ext/mt_allocator/deallocate_global_thread-3.cc execution test
FAIL: ext/mt_allocator/deallocate_local-2.cc execution test
FAIL: ext/mt_allocator/deallocate_local-4.cc execution test
FAIL: ext/mt_allocator/deallocate_local_thread-1.cc execution test
FAIL: ext/mt_allocator/deallocate_local_thread-3.cc execution test
WARNING: program timed out.
FAIL: ext/pb_ds/regression/tree_data_map_rand.cc (test for excess errors)
WARNING: ext/pb_ds/regression/tree_data_map_rand.cc compilation failed to produce executable
WARNING: program timed out.
FAIL: ext/pb_ds/regression/tree_no_data_map_rand.cc (test for excess errors)
WARNING: ext/pb_ds/regression/tree_no_data_map_rand.cc compilation failed to produce executable

		=== libstdc++ Summary ===

# of expected passes		4845
# of unexpected failures	34
# of expected failures		61
# of unsupported tests		370

Compiler version: 4.3.0 20080129 (experimental) [trunk revision 131942] (GCC) 
Platform: mips-sgi-irix6.5
configure flags: --prefix=/usr/people/francois/devel/irun --with-gmp=/usr/people/francois/local LD=/usr/people/francois/local/bin/ld AS=/usr/people/francois/local/bin/as --with-gnu-ld --with-gnu-as --enable-languages=c,c++,fortran,objc,obj-c++


Index Nav: [Date Index] [Subject Index] [Author Index] [Thread Index]
Message Nav: [Date Prev] [Date Next] [Thread Prev] [Thread Next]