This is the mail archive of the gcc-testresults@gcc.gnu.org mailing list for the GCC project.


Index Nav: [Date Index] [Subject Index] [Author Index] [Thread Index]
Message Nav: [Date Prev] [Date Next] [Thread Prev] [Thread Next]
Other format: [Raw text]

Results for 4.3.0 20080130 (experimental) [trunk revision 131954] (GCC) testsuite on hppa-unknown-linux-gnu


LAST_UPDATED: Wed Jan 30 02:12:42 UTC 2008 (revision 131954)

		=== acats tests ===
FAIL:	cxf3a01

		=== acats Summary ===
# of expected passes		2314
# of unexpected failures	1
Native configuration is hppa-unknown-linux-gnu

		=== g++ tests ===


Running target unix
XPASS: g++.dg/tree-ssa/ivopts-1.C scan-tree-dump-not ivopts "offset: (4294967292|0x0f+fc)"

		=== g++ Summary ===

# of expected passes		17307
# of unexpected successes	1
# of expected failures		82
# of unsupported tests		135
/home/dave/gnu/gcc-4.3/objdir/gcc/testsuite/g++/../../g++  version 4.3.0 20080130 (experimental) [trunk revision 131954] (GCC) 

		=== gcc tests ===


Running target unix
WARNING: program timed out.
FAIL: gcc.c-torture/execute/builtins/complex-1.c compilation,  -O3 -g 
UNRESOLVED: gcc.c-torture/execute/builtins/complex-1.c execution,  -O3 -g 
WARNING: program timed out.
FAIL: gcc.c-torture/execute/20050124-1.c compilation,  -O2 
UNRESOLVED: gcc.c-torture/execute/20050124-1.c execution,  -O2 
WARNING: program timed out.
FAIL: gcc.c-torture/execute/961213-1.c compilation,  -O3 -fomit-frame-pointer -funroll-loops 
UNRESOLVED: gcc.c-torture/execute/961213-1.c execution,  -O3 -fomit-frame-pointer -funroll-loops 
WARNING: program timed out.
FAIL: gcc.c-torture/execute/990127-1.c compilation,  -O3 -g 
UNRESOLVED: gcc.c-torture/execute/990127-1.c execution,  -O3 -g 
WARNING: program timed out.
FAIL: gcc.c-torture/execute/va-arg-10.c compilation,  -O3 -fomit-frame-pointer 
UNRESOLVED: gcc.c-torture/execute/va-arg-10.c execution,  -O3 -fomit-frame-pointer 
WARNING: program timed out.
FAIL: gcc.dg/sms-antideps.c (test for excess errors)
UNRESOLVED: gcc.dg/sms-antideps.c compilation failed to produce executable
XPASS: gcc.dg/tree-ssa/loop-1.c scan-assembler-times foo 5

		=== gcc Summary ===

# of expected passes		45405
# of unexpected failures	6
# of unexpected successes	1
# of expected failures		91
# of unresolved testcases	6
# of untested testcases		35
# of unsupported tests		336
/home/dave/gnu/gcc-4.3/objdir/gcc/xgcc  version 4.3.0 20080130 (experimental) [trunk revision 131954] (GCC) 

		=== gfortran tests ===


Running target unix
WARNING: program timed out.
FAIL: gfortran.dg/namelist_26.f90  -O3 -fomit-frame-pointer  (test for excess errors)
UNRESOLVED: gfortran.dg/namelist_26.f90  -O3 -fomit-frame-pointer  compilation failed to produce executable
WARNING: program timed out.
FAIL: gfortran.dg/random_5.f90  -O1  (test for excess errors)
UNRESOLVED: gfortran.dg/random_5.f90  -O1  compilation failed to produce executable

		=== gfortran Summary ===

# of expected passes		23436
# of unexpected failures	2
# of expected failures		3
# of unresolved testcases	2
# of unsupported tests		116
/home/dave/gnu/gcc-4.3/objdir/gcc/testsuite/gfortran/../../gfortran  version 4.3.0 20080130 (experimental) [trunk revision 131954] (GCC) 

		=== gnat tests ===


Running target unix

		=== gnat Summary ===

# of expected passes		347
		=== obj-c++ tests ===


Running target unix
FAIL: obj-c++.dg/bitfield-1.mm (internal compiler error)
FAIL: obj-c++.dg/bitfield-1.mm (test for excess errors)
UNRESOLVED: obj-c++.dg/bitfield-1.mm compilation failed to produce executable
FAIL: obj-c++.dg/comp-types-10.mm (internal compiler error)
FAIL: obj-c++.dg/comp-types-10.mm (test for excess errors)
FAIL: obj-c++.dg/cxx-ivars-2.mm execution test
FAIL: obj-c++.dg/encode-2.mm scan-assembler {Vec<float>=ffi}
FAIL: obj-c++.dg/encode-2.mm scan-assembler {Vec<double>=ddi}
FAIL: obj-c++.dg/encode-3.mm execution test
FAIL: obj-c++.dg/encode-8.mm execution test
FAIL: obj-c++.dg/gnu-runtime-2.mm (test for excess errors)
FAIL: obj-c++.dg/isa-field-1.mm (test for excess errors)
FAIL: obj-c++.dg/lookup-2.mm (test for excess errors)
UNRESOLVED: obj-c++.dg/lookup-2.mm compilation failed to produce executable
FAIL: obj-c++.dg/try-catch-2.mm (test for excess errors)
UNRESOLVED: obj-c++.dg/try-catch-2.mm compilation failed to produce executable
FAIL: obj-c++.dg/try-catch-9.mm (internal compiler error)
FAIL: obj-c++.dg/try-catch-9.mm (test for excess errors)
UNRESOLVED: obj-c++.dg/try-catch-9.mm compilation failed to produce executable

		=== obj-c++ Summary ===

# of expected passes		422
# of unexpected failures	15
# of unresolved testcases	4
# of unsupported tests		13
/home/dave/gnu/gcc-4.3/objdir/gcc/testsuite/obj-c++/../../g++  version 4.3.0 20080130 (experimental) [trunk revision 131954] (GCC) 

		=== objc tests ===


Running target unix
WARNING: program timed out.
FAIL: objc/execute/class-13.m compilation,  -O2  -fgnu-runtime
UNRESOLVED: objc/execute/class-13.m execution,  -O2  -fgnu-runtime

		=== objc Summary ===

# of expected passes		1810
# of unexpected failures	1
# of expected failures		7
# of unresolved testcases	1
# of unsupported tests		24
/home/dave/gnu/gcc-4.3/objdir/gcc/xgcc  version 4.3.0 20080130 (experimental) [trunk revision 131954] (GCC) 

		=== libffi tests ===


Running target unix

		=== libffi Summary ===

# of expected passes		1116
# of unsupported tests		8
		=== libgomp tests ===


Running target unix
WARNING: program timed out.
FAIL: libgomp.fortran/vla5.f90  -O3 -fomit-frame-pointer  (test for excess errors)
UNRESOLVED: libgomp.fortran/vla5.f90  -O3 -fomit-frame-pointer  compilation failed to produce executable

		=== libgomp Summary ===

# of expected passes		1677
# of unexpected failures	1
# of unresolved testcases	1
# of unsupported tests		7
		=== libjava tests ===


Running target unix

		=== libjava Summary ===

# of expected passes		2550
		=== libmudflap tests ===


Running target unix
FAIL: libmudflap.c++/pass41-frag.cxx execution test
FAIL: libmudflap.c++/pass41-frag.cxx (-static) execution test
FAIL: libmudflap.c++/pass41-frag.cxx ( -O) execution test
FAIL: libmudflap.c++/pass41-frag.cxx (-O2) execution test
FAIL: libmudflap.c++/pass41-frag.cxx (-O3) execution test
WARNING: program timed out.
FAIL: libmudflap.cth/pass40-frag.c execution test
FAIL: libmudflap.cth/pass40-frag.c output pattern test
WARNING: program timed out.
FAIL: libmudflap.cth/pass40-frag.c (-static -DSTATIC) execution test
FAIL: libmudflap.cth/pass40-frag.c (-static -DSTATIC) output pattern test
WARNING: program timed out.
FAIL: libmudflap.cth/pass40-frag.c (-O2) execution test
FAIL: libmudflap.cth/pass40-frag.c (-O2) output pattern test
WARNING: program timed out.
FAIL: libmudflap.cth/pass40-frag.c (-O3) execution test
FAIL: libmudflap.cth/pass40-frag.c (-O3) output pattern test

		=== libmudflap Summary ===

# of expected passes		1836
# of unexpected failures	13
		=== libstdc++ tests ===


Running target unix
FAIL: abi_check
FAIL: 22_locale/time_get/get_date/wchar_t/4.cc execution test
XPASS: 26_numerics/headers/cmath/c99_classification_macros_c.cc (test for excess errors)
WARNING: program timed out.
FAIL: thread/pthread7-rope.cc execution test

		=== libstdc++ Summary ===

# of expected passes		5592
# of unexpected failures	3
# of unexpected successes	1
# of expected failures		61
# of unsupported tests		10

Compiler version: 4.3.0 20080130 (experimental) [trunk revision 131954] (GCC) 
Platform: hppa-unknown-linux-gnu
configure flags: --with-gnu-as --with-gnu-ld --enable-shared --prefix=/home/dave/opt/gnu/gcc/gcc-4.3.0 --with-local-prefix=/home/dave/opt/gnu --enable-threads=posix --enable-__cxa_atexit --build=hppa-linux --enable-clocale=gnu --enable-java-gc=boehm --enable-java-awt=xlib --enable-languages=c,c++,objc,fortran,obj-c++,java,ada


Index Nav: [Date Index] [Subject Index] [Author Index] [Thread Index]
Message Nav: [Date Prev] [Date Next] [Thread Prev] [Thread Next]