This is the mail archive of the gcc-testresults@gcc.gnu.org mailing list for the GCC project.


Index Nav: [Date Index] [Subject Index] [Author Index] [Thread Index]
Message Nav: [Date Prev] [Date Next] [Thread Prev] [Thread Next]
Other format: [Raw text]

Results for 4.3.0 20080125 (experimental) (GCC) testsuite on i386-unknown-openbsd4.2


LAST_UPDATED: Obtained from SVN: trunk revision 131847

Native configuration is i386-unknown-openbsd4.2

		=== g++ tests ===


Running target unix
FAIL: g++.dg/cpp/_Pragma1.C (test for excess errors)
FAIL: g++.dg/cpp0x/vt-34103.C (internal compiler error)
FAIL: g++.dg/cpp0x/vt-34103.C (test for excess errors)
FAIL: g++.dg/eh/gcsec1.C (test for excess errors)
FAIL: g++.dg/ext/complit4.C (test for excess errors)
WARNING: g++.dg/ext/complit4.C compilation failed to produce executable
FAIL: g++.dg/init/cleanup3.C scan-assembler-not _tcf
FAIL: g++.dg/opt/mmx2.C (test for excess errors)
FAIL: g++.dg/other/i386-1.C (test for excess errors)
WARNING: g++.dg/other/i386-1.C compilation failed to produce executable
FAIL: g++.dg/other/i386-2.C (test for excess errors)
FAIL: g++.dg/other/mmintrin.C (test for excess errors)
FAIL: g++.dg/other/offsetof1.C (test for excess errors)
FAIL: g++.dg/other/offsetof2.C (test for excess errors)
FAIL: g++.dg/other/offsetof2.C execution test
FAIL: g++.dg/other/pr34435.C (test for excess errors)
FAIL: g++.dg/parse/offsetof1.C (test for excess errors)
FAIL: g++.dg/parse/offsetof2.C (test for excess errors)
FAIL: g++.dg/template/offsetof1.C (test for excess errors)
WARNING: program timed out.
FAIL: g++.dg/pch/externc-1.C (test for excess errors)
WARNING: program timed out.
FAIL: g++.dg/pch/pch.C (test for excess errors)
ERROR: (DejaGnu) proc "bgerror {write(spawn_id=2): broken pipe}" does not exist.
FAIL: g++.dg/pch/uninst.C (test for excess errors)
ERROR: tcl error sourcing /home/dongsheng/wc/tmp/gcc-4.3-20080125/gcc/testsuite/g++.dg/pch/pch.exp.
		=== gcc tests ===


Running target unix
FAIL: gcc.c-torture/execute/20071018-1.c execution,  -O0 
FAIL: gcc.c-torture/execute/20071018-1.c execution,  -O1 
FAIL: gcc.c-torture/execute/20071018-1.c execution,  -O2 
FAIL: gcc.c-torture/execute/20071018-1.c execution,  -O3 -fomit-frame-pointer 
FAIL: gcc.c-torture/execute/20071018-1.c execution,  -O3 -g 
FAIL: gcc.c-torture/execute/20071018-1.c execution,  -Os 
FAIL: gcc.c-torture/execute/990127-2.c execution,  -O2 
FAIL: gcc.c-torture/execute/990127-2.c execution,  -Os 
FAIL: gcc.dg/cpp/Wmissingdirs.c (internal compiler error)
FAIL: gcc.dg/cpp/Wmissingdirs.c -Wmissing-include-dirs (test for warnings, line )
FAIL: gcc.dg/cpp/Wmissingdirs.c (test for excess errors)
FAIL: gcc.dg/cpp/_Pragma6.c (test for excess errors)
FAIL: gcc.dg/20050105-2.c (test for excess errors)
FAIL: gcc.dg/bitfld-12.c  (test for errors, line 10)
FAIL: gcc.dg/bitfld-12.c (test for excess errors)
FAIL: gcc.dg/builtins-20.c (test for excess errors)
FAIL: gcc.dg/builtins-57.c (test for excess errors)
FAIL: gcc.dg/builtins-58.c scan-assembler-not pow
FAIL: gcc.dg/builtins-59.c scan-tree-dump gimple "__builtin_cexpi"
FAIL: gcc.dg/builtins-59.c scan-tree-dump-not gimple "sincos"
FAIL: gcc.dg/builtins-61.c scan-tree-dump optimized "cexpi"
FAIL: gcc.dg/builtins-61.c scan-tree-dump optimized "sin"
FAIL: gcc.dg/builtins-61.c scan-tree-dump optimized "cos"
FAIL: gcc.dg/builtins-61.c scan-tree-dump optimized "return 0.0"
FAIL: gcc.dg/builtins-62.c scan-tree-dump-times optimized "cexpi" 3
FAIL: gcc.dg/c99-float-1.c (test for excess errors)
FAIL: gcc.dg/c99-tgmath-1.c (test for excess errors)
FAIL: gcc.dg/c99-tgmath-2.c (test for excess errors)
ERROR: gcc.dg/c99-tgmath-2.c: error executing dg-final: couldn't open "c99-tgmath-2.s": no such file or directory
UNRESOLVED: gcc.dg/c99-tgmath-2.c: error executing dg-final: couldn't open "c99-tgmath-2.s": no such file or directory
FAIL: gcc.dg/c99-tgmath-3.c (test for excess errors)
ERROR: gcc.dg/c99-tgmath-3.c: error executing dg-final: couldn't open "c99-tgmath-3.s": no such file or directory
UNRESOLVED: gcc.dg/c99-tgmath-3.c: error executing dg-final: couldn't open "c99-tgmath-3.s": no such file or directory
FAIL: gcc.dg/c99-tgmath-4.c (test for excess errors)
ERROR: gcc.dg/c99-tgmath-4.c: error executing dg-final: couldn't open "c99-tgmath-4.s": no such file or directory
UNRESOLVED: gcc.dg/c99-tgmath-4.c: error executing dg-final: couldn't open "c99-tgmath-4.s": no such file or directory
FAIL: gcc.dg/initpri1.c execution test
FAIL: gcc.dg/single-precision-constant.c (test for excess errors)
FAIL: gcc.dg/single-precision-constant.c execution test
FAIL: gcc.dg/va-arg-2.c In file included from (test for warnings, line 6)
FAIL: gcc.dg/va-arg-2.c #error 1 (test for errors, line 4)
FAIL: gcc.dg/va-arg-2.c #error 2 (test for errors, line 5)
FAIL: gcc.dg/wint_t-1.c (test for excess errors)
FAIL: gcc.dg/format/array-1.c (test for excess errors)
FAIL: gcc.dg/format/array-1.c (test for excess errors)
FAIL: gcc.dg/format/asm_fprintf-1.c (test for excess errors)
FAIL: gcc.dg/format/asm_fprintf-1.c (test for excess errors)
FAIL: gcc.dg/format/attr-1.c (test for excess errors)
FAIL: gcc.dg/format/attr-1.c (test for excess errors)
FAIL: gcc.dg/format/attr-2.c (test for excess errors)
FAIL: gcc.dg/format/attr-2.c (test for excess errors)
FAIL: gcc.dg/format/attr-3.c (test for excess errors)
FAIL: gcc.dg/format/attr-3.c (test for excess errors)
FAIL: gcc.dg/format/attr-4.c (test for excess errors)
FAIL: gcc.dg/format/attr-4.c (test for excess errors)
FAIL: gcc.dg/format/attr-7.c (test for excess errors)
FAIL: gcc.dg/format/attr-7.c (test for excess errors)
FAIL: gcc.dg/format/bitfld-1.c (test for excess errors)
FAIL: gcc.dg/format/bitfld-1.c (test for excess errors)
FAIL: gcc.dg/format/branch-1.c (test for excess errors)
FAIL: gcc.dg/format/branch-1.c (test for excess errors)
FAIL: gcc.dg/format/builtin-1.c (test for excess errors)
FAIL: gcc.dg/format/builtin-1.c (test for excess errors)
FAIL: gcc.dg/format/c90-printf-1.c (test for excess errors)
FAIL: gcc.dg/format/c90-printf-1.c (test for excess errors)
FAIL: gcc.dg/format/c90-printf-2.c (test for excess errors)
FAIL: gcc.dg/format/c90-printf-2.c (test for excess errors)
FAIL: gcc.dg/format/c90-printf-3.c (test for excess errors)
FAIL: gcc.dg/format/c90-printf-3.c (test for excess errors)
FAIL: gcc.dg/format/c90-scanf-1.c (test for excess errors)
FAIL: gcc.dg/format/c90-scanf-1.c (test for excess errors)
FAIL: gcc.dg/format/c90-scanf-2.c (test for excess errors)
FAIL: gcc.dg/format/c90-scanf-2.c (test for excess errors)
FAIL: gcc.dg/format/c90-scanf-3.c (test for excess errors)
FAIL: gcc.dg/format/c90-scanf-3.c (test for excess errors)
FAIL: gcc.dg/format/c90-scanf-4.c (test for excess errors)
FAIL: gcc.dg/format/c90-scanf-4.c (test for excess errors)
FAIL: gcc.dg/format/c90-scanf-5.c (test for excess errors)
FAIL: gcc.dg/format/c90-scanf-5.c (test for excess errors)
FAIL: gcc.dg/format/c90-strftime-1.c (test for excess errors)
FAIL: gcc.dg/format/c90-strftime-1.c (test for excess errors)
FAIL: gcc.dg/format/c90-strftime-2.c (test for excess errors)
FAIL: gcc.dg/format/c90-strftime-2.c (test for excess errors)
FAIL: gcc.dg/format/c94-printf-1.c (test for excess errors)
FAIL: gcc.dg/format/c94-printf-1.c (test for excess errors)
FAIL: gcc.dg/format/c94-scanf-1.c (test for excess errors)
FAIL: gcc.dg/format/c94-scanf-1.c (test for excess errors)
FAIL: gcc.dg/format/c99-printf-1.c (test for excess errors)
FAIL: gcc.dg/format/c99-printf-1.c (test for excess errors)
FAIL: gcc.dg/format/c99-printf-2.c (test for excess errors)
FAIL: gcc.dg/format/c99-printf-2.c (test for excess errors)
FAIL: gcc.dg/format/c99-printf-3.c (test for excess errors)
FAIL: gcc.dg/format/c99-printf-3.c (test for excess errors)
FAIL: gcc.dg/format/c99-scanf-1.c (test for excess errors)
FAIL: gcc.dg/format/c99-scanf-1.c (test for excess errors)
FAIL: gcc.dg/format/c99-scanf-2.c (test for excess errors)
FAIL: gcc.dg/format/c99-scanf-2.c (test for excess errors)
FAIL: gcc.dg/format/c99-scanf-3.c (test for excess errors)
FAIL: gcc.dg/format/c99-scanf-3.c (test for excess errors)
FAIL: gcc.dg/format/c99-scanf-4.c (test for excess errors)
FAIL: gcc.dg/format/c99-scanf-4.c (test for excess errors)
FAIL: gcc.dg/format/c99-strftime-1.c (test for excess errors)
FAIL: gcc.dg/format/c99-strftime-1.c (test for excess errors)
FAIL: gcc.dg/format/c99-strftime-2.c (test for excess errors)
FAIL: gcc.dg/format/c99-strftime-2.c (test for excess errors)
FAIL: gcc.dg/format/cast-1.c (test for excess errors)
FAIL: gcc.dg/format/cast-1.c (test for excess errors)
FAIL: gcc.dg/format/diag-1.c (test for excess errors)
FAIL: gcc.dg/format/diag-1.c (test for excess errors)
FAIL: gcc.dg/format/diag-2.c (test for excess errors)
FAIL: gcc.dg/format/diag-2.c (test for excess errors)
FAIL: gcc.dg/format/errmk-1.c (test for excess errors)
FAIL: gcc.dg/format/errmk-1.c (test for excess errors)
FAIL: gcc.dg/format/ext-1.c (test for excess errors)
FAIL: gcc.dg/format/ext-1.c (test for excess errors)
FAIL: gcc.dg/format/ext-2.c (test for excess errors)
FAIL: gcc.dg/format/ext-2.c (test for excess errors)
FAIL: gcc.dg/format/ext-3.c (test for excess errors)
FAIL: gcc.dg/format/ext-3.c (test for excess errors)
FAIL: gcc.dg/format/ext-4.c (test for excess errors)
FAIL: gcc.dg/format/ext-4.c (test for excess errors)
FAIL: gcc.dg/format/ext-5.c (test for excess errors)
FAIL: gcc.dg/format/ext-5.c (test for excess errors)
FAIL: gcc.dg/format/ext-6.c (test for excess errors)
FAIL: gcc.dg/format/ext-6.c (test for excess errors)
FAIL: gcc.dg/format/ext-7.c (test for excess errors)
FAIL: gcc.dg/format/ext-7.c (test for excess errors)
FAIL: gcc.dg/format/ext-8.c (test for excess errors)
FAIL: gcc.dg/format/ext-8.c (test for excess errors)
FAIL: gcc.dg/format/gcc_diag-1.c (test for excess errors)
FAIL: gcc.dg/format/gcc_diag-1.c (test for excess errors)
FAIL: gcc.dg/format/gcc_gfc-1.c (test for excess errors)
FAIL: gcc.dg/format/gcc_gfc-1.c (test for excess errors)
FAIL: gcc.dg/format/miss-1.c (test for excess errors)
FAIL: gcc.dg/format/miss-1.c (test for excess errors)
FAIL: gcc.dg/format/miss-2.c (test for excess errors)
FAIL: gcc.dg/format/miss-2.c (test for excess errors)
FAIL: gcc.dg/format/miss-3.c (test for excess errors)
FAIL: gcc.dg/format/miss-3.c (test for excess errors)
FAIL: gcc.dg/format/miss-4.c (test for excess errors)
FAIL: gcc.dg/format/miss-4.c (test for excess errors)
FAIL: gcc.dg/format/miss-5.c (test for excess errors)
FAIL: gcc.dg/format/miss-5.c (test for excess errors)
FAIL: gcc.dg/format/miss-6.c (test for excess errors)
FAIL: gcc.dg/format/miss-6.c (test for excess errors)
FAIL: gcc.dg/format/multattr-1.c (test for excess errors)
FAIL: gcc.dg/format/multattr-1.c (test for excess errors)
FAIL: gcc.dg/format/multattr-2.c (test for excess errors)
FAIL: gcc.dg/format/multattr-2.c (test for excess errors)
FAIL: gcc.dg/format/multattr-3.c (test for excess errors)
FAIL: gcc.dg/format/multattr-3.c (test for excess errors)
FAIL: gcc.dg/format/no-exargs-1.c (test for excess errors)
FAIL: gcc.dg/format/no-exargs-1.c (test for excess errors)
FAIL: gcc.dg/format/no-exargs-2.c (test for excess errors)
FAIL: gcc.dg/format/no-exargs-2.c (test for excess errors)
FAIL: gcc.dg/format/no-y2k-1.c (test for excess errors)
FAIL: gcc.dg/format/no-y2k-1.c (test for excess errors)
FAIL: gcc.dg/format/nonlit-1.c (test for excess errors)
FAIL: gcc.dg/format/nonlit-1.c (test for excess errors)
FAIL: gcc.dg/format/nonlit-2.c (test for excess errors)
FAIL: gcc.dg/format/nonlit-2.c (test for excess errors)
FAIL: gcc.dg/format/nonlit-3.c (test for excess errors)
FAIL: gcc.dg/format/nonlit-3.c (test for excess errors)
FAIL: gcc.dg/format/nul-1.c (test for excess errors)
FAIL: gcc.dg/format/nul-1.c (test for excess errors)
FAIL: gcc.dg/format/nul-2.c (test for excess errors)
FAIL: gcc.dg/format/nul-2.c (test for excess errors)
FAIL: gcc.dg/format/null-1.c (test for excess errors)
FAIL: gcc.dg/format/null-1.c (test for excess errors)
FAIL: gcc.dg/format/plus-1.c (test for excess errors)
FAIL: gcc.dg/format/plus-1.c (test for excess errors)
FAIL: gcc.dg/format/sec-1.c (test for excess errors)
FAIL: gcc.dg/format/sec-1.c (test for excess errors)
FAIL: gcc.dg/format/sentinel-1.c (test for excess errors)
FAIL: gcc.dg/format/sentinel-1.c (test for excess errors)
FAIL: gcc.dg/format/strfmon-1.c (test for excess errors)
FAIL: gcc.dg/format/strfmon-1.c (test for excess errors)
FAIL: gcc.dg/format/strfmon-2.c (test for excess errors)
FAIL: gcc.dg/format/strfmon-2.c (test for excess errors)
FAIL: gcc.dg/format/unnamed-1.c (test for excess errors)
FAIL: gcc.dg/format/unnamed-1.c (test for excess errors)
FAIL: gcc.dg/format/va-1.c (test for excess errors)
FAIL: gcc.dg/format/va-1.c (test for excess errors)
FAIL: gcc.dg/format/warnll-1.c (test for excess errors)
FAIL: gcc.dg/format/warnll-1.c (test for excess errors)
FAIL: gcc.dg/format/xopen-1.c (test for excess errors)
FAIL: gcc.dg/format/xopen-1.c (test for excess errors)
FAIL: gcc.dg/format/xopen-2.c (test for excess errors)
FAIL: gcc.dg/format/xopen-2.c (test for excess errors)
FAIL: gcc.dg/format/xopen-3.c (test for excess errors)
FAIL: gcc.dg/format/xopen-3.c (test for excess errors)
FAIL: gcc.dg/format/z-1.c (test for excess errors)
FAIL: gcc.dg/format/z-1.c (test for excess errors)
FAIL: gcc.dg/format/zero-length-1.c (test for excess errors)
FAIL: gcc.dg/format/zero-length-1.c (test for excess errors)
WARNING: program timed out.
FAIL: gcc.dg/pch/common-1.c (test for excess errors)
WARNING: program timed out.
FAIL: gcc.dg/pch/common-1.c (test for excess errors)
WARNING: program timed out.
FAIL: gcc.dg/pch/common-1.c (test for excess errors)
WARNING: program timed out.
FAIL: gcc.dg/pch/counter-1.c (test for excess errors)
WARNING: program timed out.
FAIL: gcc.dg/pch/counter-1.c (test for excess errors)
WARNING: program timed out.
FAIL: gcc.dg/pch/cpp-2.c (test for excess errors)
WARNING: program timed out.
FAIL: gcc.dg/pch/decl-3.c (test for excess errors)
WARNING: program timed out.
FAIL: gcc.dg/pch/decl-4.c (test for excess errors)
WARNING: program timed out.
FAIL: gcc.dg/pch/decl-5.c (test for excess errors)
WARNING: program timed out.
FAIL: gcc.dg/pch/except-1.c (test for excess errors)
WARNING: program timed out.
FAIL: gcc.dg/pch/global-1.c (test for excess errors)
WARNING: program timed out.
FAIL: gcc.dg/pch/import-2.c (test for excess errors)
WARNING: program timed out.
FAIL: gcc.dg/pch/inline-1.c (test for excess errors)
WARNING: program timed out.
FAIL: gcc.dg/pch/inline-1.c (test for excess errors)
WARNING: program timed out.
FAIL: gcc.dg/pch/inline-1.c (test for excess errors)
WARNING: program timed out.
FAIL: gcc.dg/pch/inline-3.c (test for excess errors)
WARNING: program timed out.
FAIL: gcc.dg/pch/inline-4.c (test for excess errors)
WARNING: program timed out.
FAIL: gcc.dg/pch/inline-4.c (test for excess errors)
WARNING: program timed out.
FAIL: gcc.dg/pch/macro-1.c (test for excess errors)
WARNING: program timed out.
FAIL: gcc.dg/pch/macro-1.c (test for excess errors)
WARNING: program timed out.
FAIL: gcc.dg/pch/macro-1.c (test for excess errors)
WARNING: program timed out.
FAIL: gcc.dg/pch/macro-2.c (test for excess errors)
WARNING: program timed out.
FAIL: gcc.dg/pch/macro-2.c (test for excess errors)
WARNING: program timed out.
FAIL: gcc.dg/pch/static-1.c (test for excess errors)
WARNING: program timed out.
FAIL: gcc.dg/pch/static-1.c (test for excess errors)
WARNING: program timed out.
FAIL: gcc.dg/pch/static-1.c (test for excess errors)
WARNING: program timed out.
FAIL: gcc.dg/pch/static-2.c (test for excess errors)
WARNING: program timed out.
FAIL: gcc.dg/pch/static-2.c (test for excess errors)
WARNING: program timed out.
FAIL: gcc.dg/pch/static-3.c (test for excess errors)
WARNING: program timed out.
FAIL: gcc.dg/pch/static-3.c (test for excess errors)
WARNING: program timed out.
FAIL: gcc.dg/pch/struct-1.c (test for excess errors)
WARNING: program timed out.
FAIL: gcc.dg/pch/struct-1.c (test for excess errors)
FAIL: gcc.dg/pch/system-1.c (test for excess errors)
WARNING: program timed out.
FAIL: gcc.dg/pch/valid-4.c  (test for warnings, line 5)
FAIL: gcc.dg/pch/valid-4.c (test for excess errors)
WARNING: program timed out.
FAIL: gcc.dg/pch/valid-4.c  (test for warnings, line 5)
FAIL: gcc.dg/pch/valid-4.c (test for excess errors)
WARNING: program timed out.
FAIL: gcc.dg/pch/valid-4.c  (test for warnings, line 5)
FAIL: gcc.dg/pch/valid-4.c (test for excess errors)
WARNING: program timed out.
FAIL: gcc.dg/pch/valid-5.c (test for excess errors)
WARNING: program timed out.
FAIL: gcc.dg/pch/valid-5.c (test for excess errors)
WARNING: program timed out.
FAIL: gcc.dg/pch/valid-5.c (test for excess errors)
WARNING: program timed out.
FAIL: gcc.dg/pch/valid-6.c (test for excess errors)
WARNING: program timed out.
FAIL: largefile.c (test for excess errors)
WARNING: program timed out.
FAIL: largefile.c (test for excess errors)
WARNING: program timed out.
FAIL: largefile.c (test for excess errors)
FAIL: gcc.dg/special/gcsec-1.c execution test
FAIL: gcc.dg/torture/builtin-convert-1.c (test for excess errors)
FAIL: gcc.dg/torture/builtin-convert-1.c (test for excess errors)
FAIL: gcc.dg/torture/builtin-convert-1.c (test for excess errors)
FAIL: gcc.dg/torture/builtin-convert-1.c (test for excess errors)
FAIL: gcc.dg/torture/builtin-convert-1.c (test for excess errors)
FAIL: gcc.dg/torture/builtin-convert-2.c (test for excess errors)
FAIL: gcc.dg/torture/builtin-convert-2.c (test for excess errors)
FAIL: gcc.dg/torture/builtin-convert-2.c (test for excess errors)
FAIL: gcc.dg/torture/builtin-convert-2.c (test for excess errors)
FAIL: gcc.dg/torture/builtin-convert-2.c (test for excess errors)
FAIL: gcc.dg/torture/builtin-convert-3.c (test for excess errors)
FAIL: gcc.dg/torture/builtin-convert-3.c (test for excess errors)
FAIL: gcc.dg/torture/builtin-convert-3.c (test for excess errors)
FAIL: gcc.dg/torture/builtin-convert-3.c (test for excess errors)
FAIL: gcc.dg/torture/builtin-convert-3.c (test for excess errors)
FAIL: gcc.dg/torture/builtin-power-1.c (test for excess errors)
FAIL: gcc.dg/torture/builtin-power-1.c (test for excess errors)
FAIL: gcc.dg/torture/builtin-power-1.c (test for excess errors)
FAIL: gcc.dg/torture/builtin-power-1.c (test for excess errors)
FAIL: gcc.dg/torture/builtin-power-1.c (test for excess errors)
FAIL: gcc.dg/torture/builtin-power-1.c (test for excess errors)
FAIL: gcc.dg/torture/pr16104-1.c (test for excess errors)
WARNING: gcc.dg/torture/pr16104-1.c compilation failed to produce executable
FAIL: gcc.dg/torture/pr16104-1.c (test for excess errors)
WARNING: gcc.dg/torture/pr16104-1.c compilation failed to produce executable
FAIL: gcc.dg/torture/pr16104-1.c (test for excess errors)
WARNING: gcc.dg/torture/pr16104-1.c compilation failed to produce executable
FAIL: gcc.dg/torture/pr16104-1.c (test for excess errors)
WARNING: gcc.dg/torture/pr16104-1.c compilation failed to produce executable
FAIL: gcc.dg/torture/pr16104-1.c (test for excess errors)
WARNING: gcc.dg/torture/pr16104-1.c compilation failed to produce executable
FAIL: gcc.dg/torture/pr16104-1.c (test for excess errors)
WARNING: gcc.dg/torture/pr16104-1.c compilation failed to produce executable
XPASS: gcc.dg/tree-ssa/20040204-1.c scan-tree-dump-times optimized "link_error" 0
FAIL: gcc.dg/tree-ssa/stdarg-2.c scan-tree-dump stdarg "f1: va_list escapes 0, needs to save 0 GPR units"
FAIL: gcc.dg/tree-ssa/stdarg-2.c scan-tree-dump stdarg "f2: va_list escapes 0, needs to save [148] GPR units"
FAIL: gcc.dg/tree-ssa/stdarg-2.c scan-tree-dump stdarg "f3: va_list escapes 0, needs to save [1-9][0-9]* GPR units"
FAIL: gcc.dg/tree-ssa/stdarg-2.c scan-tree-dump stdarg "f6: va_list escapes 0, needs to save (3|12|24) GPR units"
FAIL: gcc.dg/tree-ssa/stdarg-2.c scan-tree-dump stdarg "f11: va_list escapes 0, needs to save (3|12|24) GPR units"
FAIL: gcc.dg/tree-ssa/stdarg-2.c scan-tree-dump stdarg "f12: va_list escapes 0, needs to save [1-9][0-9]* GPR units"
FAIL: gcc.dg/tree-ssa/stdarg-2.c scan-tree-dump stdarg "f13: va_list escapes 0, needs to save [1-9][0-9]* GPR units"
FAIL: gcc.dg/tree-ssa/stdarg-2.c scan-tree-dump stdarg "f14: va_list escapes 0, needs to save [1-9][0-9]* GPR units"
FAIL: gcc.dg/tree-ssa/stdarg-4.c scan-tree-dump stdarg "f3: va_list escapes 0, needs to save [148] GPR units"
FAIL: gcc.dg/tree-ssa/stdarg-4.c scan-tree-dump stdarg "f4: va_list escapes 0, needs to save [148] GPR units"
FAIL: gcc.target/i386/20020523.c (test for excess errors)
WARNING: gcc.target/i386/20020523.c compilation failed to produce executable
FAIL: gcc.target/i386/20060512-1.c (test for excess errors)
WARNING: gcc.target/i386/20060512-1.c compilation failed to produce executable
FAIL: gcc.target/i386/20060512-3.c (test for excess errors)
WARNING: gcc.target/i386/20060512-3.c compilation failed to produce executable
FAIL: gcc.target/i386/20060821-1.c (test for excess errors)
ERROR: gcc.target/i386/20060821-1.c: error executing dg-final: couldn't open "20060821-1.s": no such file or directory
UNRESOLVED: gcc.target/i386/20060821-1.c: error executing dg-final: couldn't open "20060821-1.s": no such file or directory
FAIL: gcc.target/i386/3dnow-1.c (test for excess errors)
FAIL: gcc.target/i386/3dnow-2.c (test for excess errors)
FAIL: gcc.target/i386/3dnowA-1.c (test for excess errors)
FAIL: gcc.target/i386/3dnowA-2.c (test for excess errors)
FAIL: gcc.target/i386/builtin-apply-mmx.c (test for excess errors)
WARNING: gcc.target/i386/builtin-apply-mmx.c compilation failed to produce executable
FAIL: gcc.target/i386/fpprec-1.c (test for excess errors)
WARNING: gcc.target/i386/fpprec-1.c compilation failed to produce executable
FAIL: gcc.target/i386/mmx-1.c (test for excess errors)
FAIL: gcc.target/i386/mmx-2.c (test for excess errors)
FAIL: gcc.target/i386/mmx-4.c (test for excess errors)
WARNING: gcc.target/i386/mmx-4.c compilation failed to produce executable
FAIL: gcc.target/i386/mmx-5.c (test for excess errors)
FAIL: gcc.target/i386/mmx-7.c (test for excess errors)
FAIL: gcc.target/i386/monitor.c (test for excess errors)
FAIL: gcc.target/i386/ordcmp-1.c (test for excess errors)
ERROR: gcc.target/i386/ordcmp-1.c: error executing dg-final: couldn't open "ordcmp-1.s": no such file or directory
UNRESOLVED: gcc.target/i386/ordcmp-1.c: error executing dg-final: couldn't open "ordcmp-1.s": no such file or directory
FAIL: gcc.target/i386/pr13366.c (test for excess errors)
FAIL: gcc.target/i386/pr13685.c (test for excess errors)
WARNING: gcc.target/i386/pr13685.c compilation failed to produce executable
FAIL: gcc.target/i386/pr21101.c (test for excess errors)
FAIL: gcc.target/i386/pr32961.c (test for excess errors)
FAIL: gcc.target/i386/reload-1.c (test for excess errors)
ERROR: gcc.target/i386/reload-1.c: error executing dg-final: no files matched glob pattern "reload-1.c.[0-9][0-9][0-9]r.csa"
UNRESOLVED: gcc.target/i386/reload-1.c: error executing dg-final: no files matched glob pattern "reload-1.c.[0-9][0-9][0-9]r.csa"
FAIL: gcc.target/i386/sse-1.c (test for excess errors)
ERROR: gcc.target/i386/sse-1.c: error executing dg-final: couldn't open "sse-1.s": no such file or directory
UNRESOLVED: gcc.target/i386/sse-1.c: error executing dg-final: couldn't open "sse-1.s": no such file or directory
FAIL: gcc.target/i386/sse-10.c (test for excess errors)
WARNING: gcc.target/i386/sse-10.c compilation failed to produce executable
FAIL: gcc.target/i386/sse-11.c (test for excess errors)
WARNING: gcc.target/i386/sse-11.c compilation failed to produce executable
FAIL: gcc.target/i386/sse-12.c (test for excess errors)
FAIL: gcc.target/i386/sse-13.c (test for excess errors)
FAIL: gcc.target/i386/sse-14.c (test for excess errors)
FAIL: gcc.target/i386/sse-15.c (test for excess errors)
FAIL: gcc.target/i386/sse-17.c (test for excess errors)
WARNING: gcc.target/i386/sse-17.c compilation failed to produce executable
FAIL: gcc.target/i386/sse-18.c (test for excess errors)
WARNING: gcc.target/i386/sse-18.c compilation failed to produce executable
FAIL: gcc.target/i386/sse-19.c (test for excess errors)
ERROR: gcc.target/i386/sse-19.c: error executing dg-final: couldn't open "sse-19.s": no such file or directory
UNRESOLVED: gcc.target/i386/sse-19.c: error executing dg-final: couldn't open "sse-19.s": no such file or directory
FAIL: gcc.target/i386/sse-2.c (test for excess errors)
FAIL: gcc.target/i386/sse-3.c (test for excess errors)
WARNING: gcc.target/i386/sse-3.c compilation failed to produce executable
FAIL: gcc.target/i386/sse-4.c (test for excess errors)
FAIL: gcc.target/i386/sse-6.c (test for excess errors)
WARNING: gcc.target/i386/sse-6.c compilation failed to produce executable
FAIL: gcc.target/i386/sse-7.c (test for excess errors)
WARNING: gcc.target/i386/sse-7.c compilation failed to produce executable
FAIL: gcc.target/i386/sse-9.c (test for excess errors)
WARNING: gcc.target/i386/sse-9.c compilation failed to produce executable
FAIL: gcc.target/i386/sse-recip-vec.c (test for excess errors)
WARNING: gcc.target/i386/sse-recip-vec.c compilation failed to produce executable
FAIL: gcc.target/i386/sse-recip.c (test for excess errors)
WARNING: gcc.target/i386/sse-recip.c compilation failed to produce executable
FAIL: gcc.target/i386/sse-vect-types.c  (test for errors, line 9)
FAIL: gcc.target/i386/sse-vect-types.c (test for excess errors)
FAIL: gcc.target/i386/sse2-lrint-vec.c (test for excess errors)
WARNING: gcc.target/i386/sse2-lrint-vec.c compilation failed to produce executable
FAIL: gcc.target/i386/sse2-lrintf-vec.c (test for excess errors)
WARNING: gcc.target/i386/sse2-lrintf-vec.c compilation failed to produce executable
FAIL: gcc.target/i386/sse2-vec-1.c (test for excess errors)
WARNING: gcc.target/i386/sse2-vec-1.c compilation failed to produce executable
FAIL: gcc.target/i386/sse2-vec-2.c (test for excess errors)
WARNING: gcc.target/i386/sse2-vec-2.c compilation failed to produce executable
FAIL: gcc.target/i386/sse2-vec-3.c (test for excess errors)
WARNING: gcc.target/i386/sse2-vec-3.c compilation failed to produce executable
FAIL: gcc.target/i386/sse2-vec-4.c (test for excess errors)
WARNING: gcc.target/i386/sse2-vec-4.c compilation failed to produce executable
FAIL: gcc.target/i386/sse2-vec-5.c (test for excess errors)
WARNING: gcc.target/i386/sse2-vec-5.c compilation failed to produce executable
FAIL: gcc.target/i386/sse2-vec-6.c (test for excess errors)
WARNING: gcc.target/i386/sse2-vec-6.c compilation failed to produce executable
FAIL: gcc.target/i386/sse3-addsubpd.c (test for excess errors)
WARNING: gcc.target/i386/sse3-addsubpd.c compilation failed to produce executable
FAIL: gcc.target/i386/sse3-addsubps.c (test for excess errors)
WARNING: gcc.target/i386/sse3-addsubps.c compilation failed to produce executable
FAIL: gcc.target/i386/sse3-haddpd.c (test for excess errors)
WARNING: gcc.target/i386/sse3-haddpd.c compilation failed to produce executable
FAIL: gcc.target/i386/sse3-haddps.c (test for excess errors)
WARNING: gcc.target/i386/sse3-haddps.c compilation failed to produce executable
FAIL: gcc.target/i386/sse3-hsubpd.c (test for excess errors)
WARNING: gcc.target/i386/sse3-hsubpd.c compilation failed to produce executable
FAIL: gcc.target/i386/sse3-hsubps.c (test for excess errors)
WARNING: gcc.target/i386/sse3-hsubps.c compilation failed to produce executable
FAIL: gcc.target/i386/sse3-lddqu.c (test for excess errors)
WARNING: gcc.target/i386/sse3-lddqu.c compilation failed to produce executable
FAIL: gcc.target/i386/sse3-movddup.c (test for excess errors)
WARNING: gcc.target/i386/sse3-movddup.c compilation failed to produce executable
FAIL: gcc.target/i386/sse3-movshdup.c (test for excess errors)
WARNING: gcc.target/i386/sse3-movshdup.c compilation failed to produce executable
FAIL: gcc.target/i386/sse3-movsldup.c (test for excess errors)
WARNING: gcc.target/i386/sse3-movsldup.c compilation failed to produce executable
FAIL: gcc.target/i386/ssefn-3.c (test for excess errors)
WARNING: gcc.target/i386/ssefn-3.c compilation failed to produce executable
FAIL: gcc.target/i386/ssefn-4.c (test for excess errors)
WARNING: gcc.target/i386/ssefn-4.c compilation failed to produce executable
FAIL: gcc.target/i386/ssetype-1.c (test for excess errors)
ERROR: gcc.target/i386/ssetype-1.c: error executing dg-final: couldn't open "ssetype-1.s": no such file or directory
UNRESOLVED: gcc.target/i386/ssetype-1.c: error executing dg-final: couldn't open "ssetype-1.s": no such file or directory
FAIL: gcc.target/i386/ssetype-2.c (test for excess errors)
ERROR: gcc.target/i386/ssetype-2.c: error executing dg-final: couldn't open "ssetype-2.s": no such file or directory
UNRESOLVED: gcc.target/i386/ssetype-2.c: error executing dg-final: couldn't open "ssetype-2.s": no such file or directory
FAIL: gcc.target/i386/ssetype-3.c (test for excess errors)
ERROR: gcc.target/i386/ssetype-3.c: error executing dg-final: couldn't open "ssetype-3.s": no such file or directory
UNRESOLVED: gcc.target/i386/ssetype-3.c: error executing dg-final: couldn't open "ssetype-3.s": no such file or directory
FAIL: gcc.target/i386/ssetype-4.c (test for excess errors)
ERROR: gcc.target/i386/ssetype-4.c: error executing dg-final: couldn't open "ssetype-4.s": no such file or directory
UNRESOLVED: gcc.target/i386/ssetype-4.c: error executing dg-final: couldn't open "ssetype-4.s": no such file or directory
FAIL: gcc.target/i386/ssetype-5.c (test for excess errors)
ERROR: gcc.target/i386/ssetype-5.c: error executing dg-final: couldn't open "ssetype-5.s": no such file or directory
UNRESOLVED: gcc.target/i386/ssetype-5.c: error executing dg-final: couldn't open "ssetype-5.s": no such file or directory
FAIL: gcc.target/i386/unordcmp-1.c (test for excess errors)
ERROR: gcc.target/i386/unordcmp-1.c: error executing dg-final: couldn't open "unordcmp-1.s": no such file or directory
UNRESOLVED: gcc.target/i386/unordcmp-1.c: error executing dg-final: couldn't open "unordcmp-1.s": no such file or directory

		=== gcc Summary ===

# of expected passes		48932
# of unexpected failures	341
# of unexpected successes	1
# of expected failures		164
# of unresolved testcases	14
# of untested testcases		78
# of unsupported tests		412
/home/dongsheng/wc/tmp/obj/gcc/xgcc  version 4.3.0 20080125 (experimental) (GCC) 


Compiler version: 4.3.0 20080125 (experimental) (GCC) 
Platform: i386-unknown-openbsd4.2
configure flags: --prefix=/usr/local/gcc-4.3.x --enable-languages=c,c++,fortran --with-gmp=/usr/local --with-mpfr=/usr/local


Index Nav: [Date Index] [Subject Index] [Author Index] [Thread Index]
Message Nav: [Date Prev] [Date Next] [Thread Prev] [Thread Next]