This is the mail archive of the gcc-testresults@gcc.gnu.org mailing list for the GCC project.


Index Nav: [Date Index] [Subject Index] [Author Index] [Thread Index]
Message Nav: [Date Prev] [Date Next] [Thread Prev] [Thread Next]
Other format: [Raw text]

Results for 4.1.3 20080129 (prerelease) gcc testsuite on bfin-unknown-elf


Debian 4 on x86_64
cross tool versions:
GNU assembler 2.17
GNU gdb 6.6
GNU ld version 2.17

GNU Make 3.81
expect version 5.43.0
host gcc version: gcc (GCC) 4.3.0 20080129 (experimental) [trunk revision 131944]
LAST_UPDATED: Tue Jan 29 23:04:20 UTC 2008 (revision 131944)

Target is bfin-unknown-elf
Host   is x86_64-unknown-linux-gnu

		=== gcc tests ===


Running target bfin-sim
FAIL: gcc.c-torture/compile/mangle-1.c  -O0  (test for excess errors)
FAIL: gcc.c-torture/compile/mangle-1.c  -O1  (test for excess errors)
FAIL: gcc.c-torture/compile/mangle-1.c  -O2  (test for excess errors)
FAIL: gcc.c-torture/compile/mangle-1.c  -O3 -fomit-frame-pointer  (test for excess errors)
FAIL: gcc.c-torture/compile/mangle-1.c  -O3 -g  (test for excess errors)
FAIL: gcc.c-torture/compile/mangle-1.c  -Os  (test for excess errors)
FAIL: gcc.c-torture/execute/builtins/fprintf.c compilation,  -O0 
UNRESOLVED: gcc.c-torture/execute/builtins/fprintf.c execution,  -O0 
FAIL: gcc.c-torture/execute/builtins/fprintf.c compilation,  -O1 
UNRESOLVED: gcc.c-torture/execute/builtins/fprintf.c execution,  -O1 
FAIL: gcc.c-torture/execute/builtins/fprintf.c compilation,  -O2 
UNRESOLVED: gcc.c-torture/execute/builtins/fprintf.c execution,  -O2 
FAIL: gcc.c-torture/execute/builtins/fprintf.c compilation,  -O3 -fomit-frame-pointer 
UNRESOLVED: gcc.c-torture/execute/builtins/fprintf.c execution,  -O3 -fomit-frame-pointer 
FAIL: gcc.c-torture/execute/builtins/fprintf.c compilation,  -O3 -g 
UNRESOLVED: gcc.c-torture/execute/builtins/fprintf.c execution,  -O3 -g 
FAIL: gcc.c-torture/execute/builtins/fprintf.c compilation,  -Os 
UNRESOLVED: gcc.c-torture/execute/builtins/fprintf.c execution,  -Os 
FAIL: gcc.c-torture/execute/builtins/memcpy-chk.c compilation,  -O0 
UNRESOLVED: gcc.c-torture/execute/builtins/memcpy-chk.c execution,  -O0 
FAIL: gcc.c-torture/execute/builtins/memcpy-chk.c compilation,  -O1 
UNRESOLVED: gcc.c-torture/execute/builtins/memcpy-chk.c execution,  -O1 
FAIL: gcc.c-torture/execute/builtins/memcpy-chk.c compilation,  -O2 
UNRESOLVED: gcc.c-torture/execute/builtins/memcpy-chk.c execution,  -O2 
FAIL: gcc.c-torture/execute/builtins/memcpy-chk.c compilation,  -O3 -fomit-frame-pointer 
UNRESOLVED: gcc.c-torture/execute/builtins/memcpy-chk.c execution,  -O3 -fomit-frame-pointer 
FAIL: gcc.c-torture/execute/builtins/memcpy-chk.c compilation,  -O3 -fomit-frame-pointer -funroll-loops 
UNRESOLVED: gcc.c-torture/execute/builtins/memcpy-chk.c execution,  -O3 -fomit-frame-pointer -funroll-loops 
FAIL: gcc.c-torture/execute/builtins/memcpy-chk.c compilation,  -O3 -fomit-frame-pointer -funroll-all-loops -finline-functions 
UNRESOLVED: gcc.c-torture/execute/builtins/memcpy-chk.c execution,  -O3 -fomit-frame-pointer -funroll-all-loops -finline-functions 
FAIL: gcc.c-torture/execute/builtins/memcpy-chk.c compilation,  -O3 -g 
UNRESOLVED: gcc.c-torture/execute/builtins/memcpy-chk.c execution,  -O3 -g 
FAIL: gcc.c-torture/execute/builtins/memcpy-chk.c compilation,  -Os 
UNRESOLVED: gcc.c-torture/execute/builtins/memcpy-chk.c execution,  -Os 
FAIL: gcc.c-torture/execute/builtins/memmove-chk.c compilation,  -O0 
UNRESOLVED: gcc.c-torture/execute/builtins/memmove-chk.c execution,  -O0 
FAIL: gcc.c-torture/execute/builtins/memmove-chk.c compilation,  -O1 
UNRESOLVED: gcc.c-torture/execute/builtins/memmove-chk.c execution,  -O1 
FAIL: gcc.c-torture/execute/builtins/memmove-chk.c compilation,  -O2 
UNRESOLVED: gcc.c-torture/execute/builtins/memmove-chk.c execution,  -O2 
FAIL: gcc.c-torture/execute/builtins/memmove-chk.c compilation,  -O3 -fomit-frame-pointer 
UNRESOLVED: gcc.c-torture/execute/builtins/memmove-chk.c execution,  -O3 -fomit-frame-pointer 
FAIL: gcc.c-torture/execute/builtins/memmove-chk.c compilation,  -O3 -fomit-frame-pointer -funroll-loops 
UNRESOLVED: gcc.c-torture/execute/builtins/memmove-chk.c execution,  -O3 -fomit-frame-pointer -funroll-loops 
FAIL: gcc.c-torture/execute/builtins/memmove-chk.c compilation,  -O3 -fomit-frame-pointer -funroll-all-loops -finline-functions 
UNRESOLVED: gcc.c-torture/execute/builtins/memmove-chk.c execution,  -O3 -fomit-frame-pointer -funroll-all-loops -finline-functions 
FAIL: gcc.c-torture/execute/builtins/memmove-chk.c compilation,  -O3 -g 
UNRESOLVED: gcc.c-torture/execute/builtins/memmove-chk.c execution,  -O3 -g 
FAIL: gcc.c-torture/execute/builtins/memmove-chk.c compilation,  -Os 
UNRESOLVED: gcc.c-torture/execute/builtins/memmove-chk.c execution,  -Os 
FAIL: gcc.c-torture/execute/builtins/mempcpy-chk.c compilation,  -O0 
UNRESOLVED: gcc.c-torture/execute/builtins/mempcpy-chk.c execution,  -O0 
FAIL: gcc.c-torture/execute/builtins/mempcpy-chk.c compilation,  -O1 
UNRESOLVED: gcc.c-torture/execute/builtins/mempcpy-chk.c execution,  -O1 
FAIL: gcc.c-torture/execute/builtins/mempcpy-chk.c compilation,  -O2 
UNRESOLVED: gcc.c-torture/execute/builtins/mempcpy-chk.c execution,  -O2 
FAIL: gcc.c-torture/execute/builtins/mempcpy-chk.c compilation,  -O3 -fomit-frame-pointer 
UNRESOLVED: gcc.c-torture/execute/builtins/mempcpy-chk.c execution,  -O3 -fomit-frame-pointer 
FAIL: gcc.c-torture/execute/builtins/mempcpy-chk.c compilation,  -O3 -fomit-frame-pointer -funroll-loops 
UNRESOLVED: gcc.c-torture/execute/builtins/mempcpy-chk.c execution,  -O3 -fomit-frame-pointer -funroll-loops 
FAIL: gcc.c-torture/execute/builtins/mempcpy-chk.c compilation,  -O3 -fomit-frame-pointer -funroll-all-loops -finline-functions 
UNRESOLVED: gcc.c-torture/execute/builtins/mempcpy-chk.c execution,  -O3 -fomit-frame-pointer -funroll-all-loops -finline-functions 
FAIL: gcc.c-torture/execute/builtins/mempcpy-chk.c compilation,  -O3 -g 
UNRESOLVED: gcc.c-torture/execute/builtins/mempcpy-chk.c execution,  -O3 -g 
FAIL: gcc.c-torture/execute/builtins/mempcpy-chk.c compilation,  -Os 
UNRESOLVED: gcc.c-torture/execute/builtins/mempcpy-chk.c execution,  -Os 
FAIL: gcc.c-torture/execute/builtins/memset-chk.c compilation,  -O0 
UNRESOLVED: gcc.c-torture/execute/builtins/memset-chk.c execution,  -O0 
FAIL: gcc.c-torture/execute/builtins/memset-chk.c compilation,  -O1 
UNRESOLVED: gcc.c-torture/execute/builtins/memset-chk.c execution,  -O1 
FAIL: gcc.c-torture/execute/builtins/memset-chk.c compilation,  -O2 
UNRESOLVED: gcc.c-torture/execute/builtins/memset-chk.c execution,  -O2 
FAIL: gcc.c-torture/execute/builtins/memset-chk.c compilation,  -O3 -fomit-frame-pointer 
UNRESOLVED: gcc.c-torture/execute/builtins/memset-chk.c execution,  -O3 -fomit-frame-pointer 
FAIL: gcc.c-torture/execute/builtins/memset-chk.c compilation,  -O3 -fomit-frame-pointer -funroll-loops 
UNRESOLVED: gcc.c-torture/execute/builtins/memset-chk.c execution,  -O3 -fomit-frame-pointer -funroll-loops 
FAIL: gcc.c-torture/execute/builtins/memset-chk.c compilation,  -O3 -fomit-frame-pointer -funroll-all-loops -finline-functions 
UNRESOLVED: gcc.c-torture/execute/builtins/memset-chk.c execution,  -O3 -fomit-frame-pointer -funroll-all-loops -finline-functions 
FAIL: gcc.c-torture/execute/builtins/memset-chk.c compilation,  -O3 -g 
UNRESOLVED: gcc.c-torture/execute/builtins/memset-chk.c execution,  -O3 -g 
FAIL: gcc.c-torture/execute/builtins/memset-chk.c compilation,  -Os 
UNRESOLVED: gcc.c-torture/execute/builtins/memset-chk.c execution,  -Os 
FAIL: gcc.c-torture/execute/builtins/pr23484-chk.c compilation,  -O0 
UNRESOLVED: gcc.c-torture/execute/builtins/pr23484-chk.c execution,  -O0 
FAIL: gcc.c-torture/execute/builtins/pr23484-chk.c compilation,  -O1 
UNRESOLVED: gcc.c-torture/execute/builtins/pr23484-chk.c execution,  -O1 
FAIL: gcc.c-torture/execute/builtins/pr23484-chk.c compilation,  -O2 
UNRESOLVED: gcc.c-torture/execute/builtins/pr23484-chk.c execution,  -O2 
FAIL: gcc.c-torture/execute/builtins/pr23484-chk.c compilation,  -O3 -fomit-frame-pointer 
UNRESOLVED: gcc.c-torture/execute/builtins/pr23484-chk.c execution,  -O3 -fomit-frame-pointer 
FAIL: gcc.c-torture/execute/builtins/pr23484-chk.c compilation,  -O3 -g 
UNRESOLVED: gcc.c-torture/execute/builtins/pr23484-chk.c execution,  -O3 -g 
FAIL: gcc.c-torture/execute/builtins/pr23484-chk.c compilation,  -Os 
UNRESOLVED: gcc.c-torture/execute/builtins/pr23484-chk.c execution,  -Os 
FAIL: gcc.c-torture/execute/builtins/printf.c compilation,  -O0 
UNRESOLVED: gcc.c-torture/execute/builtins/printf.c execution,  -O0 
FAIL: gcc.c-torture/execute/builtins/printf.c compilation,  -O1 
UNRESOLVED: gcc.c-torture/execute/builtins/printf.c execution,  -O1 
FAIL: gcc.c-torture/execute/builtins/printf.c compilation,  -O2 
UNRESOLVED: gcc.c-torture/execute/builtins/printf.c execution,  -O2 
FAIL: gcc.c-torture/execute/builtins/printf.c compilation,  -O3 -fomit-frame-pointer 
UNRESOLVED: gcc.c-torture/execute/builtins/printf.c execution,  -O3 -fomit-frame-pointer 
FAIL: gcc.c-torture/execute/builtins/printf.c compilation,  -O3 -g 
UNRESOLVED: gcc.c-torture/execute/builtins/printf.c execution,  -O3 -g 
FAIL: gcc.c-torture/execute/builtins/printf.c compilation,  -Os 
UNRESOLVED: gcc.c-torture/execute/builtins/printf.c execution,  -Os 
FAIL: gcc.c-torture/execute/builtins/snprintf-chk.c compilation,  -O0 
UNRESOLVED: gcc.c-torture/execute/builtins/snprintf-chk.c execution,  -O0 
FAIL: gcc.c-torture/execute/builtins/snprintf-chk.c compilation,  -O1 
UNRESOLVED: gcc.c-torture/execute/builtins/snprintf-chk.c execution,  -O1 
FAIL: gcc.c-torture/execute/builtins/snprintf-chk.c compilation,  -O2 
UNRESOLVED: gcc.c-torture/execute/builtins/snprintf-chk.c execution,  -O2 
FAIL: gcc.c-torture/execute/builtins/snprintf-chk.c compilation,  -O3 -fomit-frame-pointer 
UNRESOLVED: gcc.c-torture/execute/builtins/snprintf-chk.c execution,  -O3 -fomit-frame-pointer 
FAIL: gcc.c-torture/execute/builtins/snprintf-chk.c compilation,  -O3 -fomit-frame-pointer -funroll-loops 
UNRESOLVED: gcc.c-torture/execute/builtins/snprintf-chk.c execution,  -O3 -fomit-frame-pointer -funroll-loops 
FAIL: gcc.c-torture/execute/builtins/snprintf-chk.c compilation,  -O3 -fomit-frame-pointer -funroll-all-loops -finline-functions 
UNRESOLVED: gcc.c-torture/execute/builtins/snprintf-chk.c execution,  -O3 -fomit-frame-pointer -funroll-all-loops -finline-functions 
FAIL: gcc.c-torture/execute/builtins/snprintf-chk.c compilation,  -O3 -g 
UNRESOLVED: gcc.c-torture/execute/builtins/snprintf-chk.c execution,  -O3 -g 
FAIL: gcc.c-torture/execute/builtins/snprintf-chk.c compilation,  -Os 
UNRESOLVED: gcc.c-torture/execute/builtins/snprintf-chk.c execution,  -Os 
FAIL: gcc.c-torture/execute/builtins/sprintf-chk.c compilation,  -O0 
UNRESOLVED: gcc.c-torture/execute/builtins/sprintf-chk.c execution,  -O0 
FAIL: gcc.c-torture/execute/builtins/sprintf-chk.c compilation,  -O1 
UNRESOLVED: gcc.c-torture/execute/builtins/sprintf-chk.c execution,  -O1 
FAIL: gcc.c-torture/execute/builtins/sprintf-chk.c compilation,  -O2 
UNRESOLVED: gcc.c-torture/execute/builtins/sprintf-chk.c execution,  -O2 
FAIL: gcc.c-torture/execute/builtins/sprintf-chk.c compilation,  -O3 -fomit-frame-pointer 
UNRESOLVED: gcc.c-torture/execute/builtins/sprintf-chk.c execution,  -O3 -fomit-frame-pointer 
FAIL: gcc.c-torture/execute/builtins/sprintf-chk.c compilation,  -O3 -fomit-frame-pointer -funroll-loops 
UNRESOLVED: gcc.c-torture/execute/builtins/sprintf-chk.c execution,  -O3 -fomit-frame-pointer -funroll-loops 
FAIL: gcc.c-torture/execute/builtins/sprintf-chk.c compilation,  -O3 -fomit-frame-pointer -funroll-all-loops -finline-functions 
UNRESOLVED: gcc.c-torture/execute/builtins/sprintf-chk.c execution,  -O3 -fomit-frame-pointer -funroll-all-loops -finline-functions 
FAIL: gcc.c-torture/execute/builtins/sprintf-chk.c compilation,  -O3 -g 
UNRESOLVED: gcc.c-torture/execute/builtins/sprintf-chk.c execution,  -O3 -g 
FAIL: gcc.c-torture/execute/builtins/sprintf-chk.c compilation,  -Os 
UNRESOLVED: gcc.c-torture/execute/builtins/sprintf-chk.c execution,  -Os 
FAIL: gcc.c-torture/execute/builtins/sprintf.c compilation,  -O0 
UNRESOLVED: gcc.c-torture/execute/builtins/sprintf.c execution,  -O0 
FAIL: gcc.c-torture/execute/builtins/sprintf.c compilation,  -O1 
UNRESOLVED: gcc.c-torture/execute/builtins/sprintf.c execution,  -O1 
FAIL: gcc.c-torture/execute/builtins/sprintf.c compilation,  -O2 
UNRESOLVED: gcc.c-torture/execute/builtins/sprintf.c execution,  -O2 
FAIL: gcc.c-torture/execute/builtins/sprintf.c compilation,  -O3 -fomit-frame-pointer 
UNRESOLVED: gcc.c-torture/execute/builtins/sprintf.c execution,  -O3 -fomit-frame-pointer 
FAIL: gcc.c-torture/execute/builtins/sprintf.c compilation,  -O3 -g 
UNRESOLVED: gcc.c-torture/execute/builtins/sprintf.c execution,  -O3 -g 
FAIL: gcc.c-torture/execute/builtins/sprintf.c compilation,  -Os 
UNRESOLVED: gcc.c-torture/execute/builtins/sprintf.c execution,  -Os 
FAIL: gcc.c-torture/execute/builtins/stpcpy-chk.c compilation,  -O0 
UNRESOLVED: gcc.c-torture/execute/builtins/stpcpy-chk.c execution,  -O0 
FAIL: gcc.c-torture/execute/builtins/stpcpy-chk.c compilation,  -O1 
UNRESOLVED: gcc.c-torture/execute/builtins/stpcpy-chk.c execution,  -O1 
FAIL: gcc.c-torture/execute/builtins/stpcpy-chk.c compilation,  -O2 
UNRESOLVED: gcc.c-torture/execute/builtins/stpcpy-chk.c execution,  -O2 
FAIL: gcc.c-torture/execute/builtins/stpcpy-chk.c compilation,  -O3 -fomit-frame-pointer 
UNRESOLVED: gcc.c-torture/execute/builtins/stpcpy-chk.c execution,  -O3 -fomit-frame-pointer 
FAIL: gcc.c-torture/execute/builtins/stpcpy-chk.c compilation,  -O3 -fomit-frame-pointer -funroll-loops 
UNRESOLVED: gcc.c-torture/execute/builtins/stpcpy-chk.c execution,  -O3 -fomit-frame-pointer -funroll-loops 
FAIL: gcc.c-torture/execute/builtins/stpcpy-chk.c compilation,  -O3 -fomit-frame-pointer -funroll-all-loops -finline-functions 
UNRESOLVED: gcc.c-torture/execute/builtins/stpcpy-chk.c execution,  -O3 -fomit-frame-pointer -funroll-all-loops -finline-functions 
FAIL: gcc.c-torture/execute/builtins/stpcpy-chk.c compilation,  -O3 -g 
UNRESOLVED: gcc.c-torture/execute/builtins/stpcpy-chk.c execution,  -O3 -g 
FAIL: gcc.c-torture/execute/builtins/stpcpy-chk.c compilation,  -Os 
UNRESOLVED: gcc.c-torture/execute/builtins/stpcpy-chk.c execution,  -Os 
FAIL: gcc.c-torture/execute/builtins/strcat-chk.c compilation,  -O0 
UNRESOLVED: gcc.c-torture/execute/builtins/strcat-chk.c execution,  -O0 
FAIL: gcc.c-torture/execute/builtins/strcat-chk.c compilation,  -O1 
UNRESOLVED: gcc.c-torture/execute/builtins/strcat-chk.c execution,  -O1 
FAIL: gcc.c-torture/execute/builtins/strcat-chk.c compilation,  -O2 
UNRESOLVED: gcc.c-torture/execute/builtins/strcat-chk.c execution,  -O2 
FAIL: gcc.c-torture/execute/builtins/strcat-chk.c compilation,  -O3 -fomit-frame-pointer 
UNRESOLVED: gcc.c-torture/execute/builtins/strcat-chk.c execution,  -O3 -fomit-frame-pointer 
FAIL: gcc.c-torture/execute/builtins/strcat-chk.c compilation,  -O3 -fomit-frame-pointer -funroll-loops 
UNRESOLVED: gcc.c-torture/execute/builtins/strcat-chk.c execution,  -O3 -fomit-frame-pointer -funroll-loops 
FAIL: gcc.c-torture/execute/builtins/strcat-chk.c compilation,  -O3 -fomit-frame-pointer -funroll-all-loops -finline-functions 
UNRESOLVED: gcc.c-torture/execute/builtins/strcat-chk.c execution,  -O3 -fomit-frame-pointer -funroll-all-loops -finline-functions 
FAIL: gcc.c-torture/execute/builtins/strcat-chk.c compilation,  -O3 -g 
UNRESOLVED: gcc.c-torture/execute/builtins/strcat-chk.c execution,  -O3 -g 
FAIL: gcc.c-torture/execute/builtins/strcat-chk.c compilation,  -Os 
UNRESOLVED: gcc.c-torture/execute/builtins/strcat-chk.c execution,  -Os 
FAIL: gcc.c-torture/execute/builtins/strcpy-chk.c compilation,  -O0 
UNRESOLVED: gcc.c-torture/execute/builtins/strcpy-chk.c execution,  -O0 
FAIL: gcc.c-torture/execute/builtins/strcpy-chk.c compilation,  -O1 
UNRESOLVED: gcc.c-torture/execute/builtins/strcpy-chk.c execution,  -O1 
FAIL: gcc.c-torture/execute/builtins/strcpy-chk.c compilation,  -O2 
UNRESOLVED: gcc.c-torture/execute/builtins/strcpy-chk.c execution,  -O2 
FAIL: gcc.c-torture/execute/builtins/strcpy-chk.c compilation,  -O3 -fomit-frame-pointer 
UNRESOLVED: gcc.c-torture/execute/builtins/strcpy-chk.c execution,  -O3 -fomit-frame-pointer 
FAIL: gcc.c-torture/execute/builtins/strcpy-chk.c compilation,  -O3 -fomit-frame-pointer -funroll-loops 
UNRESOLVED: gcc.c-torture/execute/builtins/strcpy-chk.c execution,  -O3 -fomit-frame-pointer -funroll-loops 
FAIL: gcc.c-torture/execute/builtins/strcpy-chk.c compilation,  -O3 -fomit-frame-pointer -funroll-all-loops -finline-functions 
UNRESOLVED: gcc.c-torture/execute/builtins/strcpy-chk.c execution,  -O3 -fomit-frame-pointer -funroll-all-loops -finline-functions 
FAIL: gcc.c-torture/execute/builtins/strcpy-chk.c compilation,  -O3 -g 
UNRESOLVED: gcc.c-torture/execute/builtins/strcpy-chk.c execution,  -O3 -g 
FAIL: gcc.c-torture/execute/builtins/strcpy-chk.c compilation,  -Os 
UNRESOLVED: gcc.c-torture/execute/builtins/strcpy-chk.c execution,  -Os 
FAIL: gcc.c-torture/execute/builtins/strncat-chk.c compilation,  -O0 
UNRESOLVED: gcc.c-torture/execute/builtins/strncat-chk.c execution,  -O0 
FAIL: gcc.c-torture/execute/builtins/strncat-chk.c compilation,  -O1 
UNRESOLVED: gcc.c-torture/execute/builtins/strncat-chk.c execution,  -O1 
FAIL: gcc.c-torture/execute/builtins/strncat-chk.c compilation,  -O2 
UNRESOLVED: gcc.c-torture/execute/builtins/strncat-chk.c execution,  -O2 
FAIL: gcc.c-torture/execute/builtins/strncat-chk.c compilation,  -O3 -fomit-frame-pointer 
UNRESOLVED: gcc.c-torture/execute/builtins/strncat-chk.c execution,  -O3 -fomit-frame-pointer 
FAIL: gcc.c-torture/execute/builtins/strncat-chk.c compilation,  -O3 -fomit-frame-pointer -funroll-loops 
UNRESOLVED: gcc.c-torture/execute/builtins/strncat-chk.c execution,  -O3 -fomit-frame-pointer -funroll-loops 
FAIL: gcc.c-torture/execute/builtins/strncat-chk.c compilation,  -O3 -fomit-frame-pointer -funroll-all-loops -finline-functions 
UNRESOLVED: gcc.c-torture/execute/builtins/strncat-chk.c execution,  -O3 -fomit-frame-pointer -funroll-all-loops -finline-functions 
FAIL: gcc.c-torture/execute/builtins/strncat-chk.c compilation,  -O3 -g 
UNRESOLVED: gcc.c-torture/execute/builtins/strncat-chk.c execution,  -O3 -g 
FAIL: gcc.c-torture/execute/builtins/strncat-chk.c compilation,  -Os 
UNRESOLVED: gcc.c-torture/execute/builtins/strncat-chk.c execution,  -Os 
FAIL: gcc.c-torture/execute/builtins/strncpy-chk.c compilation,  -O0 
UNRESOLVED: gcc.c-torture/execute/builtins/strncpy-chk.c execution,  -O0 
FAIL: gcc.c-torture/execute/builtins/strncpy-chk.c compilation,  -O1 
UNRESOLVED: gcc.c-torture/execute/builtins/strncpy-chk.c execution,  -O1 
FAIL: gcc.c-torture/execute/builtins/strncpy-chk.c compilation,  -O2 
UNRESOLVED: gcc.c-torture/execute/builtins/strncpy-chk.c execution,  -O2 
FAIL: gcc.c-torture/execute/builtins/strncpy-chk.c compilation,  -O3 -fomit-frame-pointer 
UNRESOLVED: gcc.c-torture/execute/builtins/strncpy-chk.c execution,  -O3 -fomit-frame-pointer 
FAIL: gcc.c-torture/execute/builtins/strncpy-chk.c compilation,  -O3 -fomit-frame-pointer -funroll-loops 
UNRESOLVED: gcc.c-torture/execute/builtins/strncpy-chk.c execution,  -O3 -fomit-frame-pointer -funroll-loops 
FAIL: gcc.c-torture/execute/builtins/strncpy-chk.c compilation,  -O3 -fomit-frame-pointer -funroll-all-loops -finline-functions 
UNRESOLVED: gcc.c-torture/execute/builtins/strncpy-chk.c execution,  -O3 -fomit-frame-pointer -funroll-all-loops -finline-functions 
FAIL: gcc.c-torture/execute/builtins/strncpy-chk.c compilation,  -O3 -g 
UNRESOLVED: gcc.c-torture/execute/builtins/strncpy-chk.c execution,  -O3 -g 
FAIL: gcc.c-torture/execute/builtins/strncpy-chk.c compilation,  -Os 
UNRESOLVED: gcc.c-torture/execute/builtins/strncpy-chk.c execution,  -Os 
FAIL: gcc.c-torture/execute/builtins/vsnprintf-chk.c compilation,  -O0 
UNRESOLVED: gcc.c-torture/execute/builtins/vsnprintf-chk.c execution,  -O0 
FAIL: gcc.c-torture/execute/builtins/vsnprintf-chk.c compilation,  -O1 
UNRESOLVED: gcc.c-torture/execute/builtins/vsnprintf-chk.c execution,  -O1 
FAIL: gcc.c-torture/execute/builtins/vsnprintf-chk.c compilation,  -O2 
UNRESOLVED: gcc.c-torture/execute/builtins/vsnprintf-chk.c execution,  -O2 
FAIL: gcc.c-torture/execute/builtins/vsnprintf-chk.c compilation,  -O3 -fomit-frame-pointer 
UNRESOLVED: gcc.c-torture/execute/builtins/vsnprintf-chk.c execution,  -O3 -fomit-frame-pointer 
FAIL: gcc.c-torture/execute/builtins/vsnprintf-chk.c compilation,  -O3 -fomit-frame-pointer -funroll-loops 
UNRESOLVED: gcc.c-torture/execute/builtins/vsnprintf-chk.c execution,  -O3 -fomit-frame-pointer -funroll-loops 
FAIL: gcc.c-torture/execute/builtins/vsnprintf-chk.c compilation,  -O3 -fomit-frame-pointer -funroll-all-loops -finline-functions 
UNRESOLVED: gcc.c-torture/execute/builtins/vsnprintf-chk.c execution,  -O3 -fomit-frame-pointer -funroll-all-loops -finline-functions 
FAIL: gcc.c-torture/execute/builtins/vsnprintf-chk.c compilation,  -O3 -g 
UNRESOLVED: gcc.c-torture/execute/builtins/vsnprintf-chk.c execution,  -O3 -g 
FAIL: gcc.c-torture/execute/builtins/vsnprintf-chk.c compilation,  -Os 
UNRESOLVED: gcc.c-torture/execute/builtins/vsnprintf-chk.c execution,  -Os 
FAIL: gcc.c-torture/execute/builtins/vsprintf-chk.c compilation,  -O0 
UNRESOLVED: gcc.c-torture/execute/builtins/vsprintf-chk.c execution,  -O0 
FAIL: gcc.c-torture/execute/builtins/vsprintf-chk.c compilation,  -O1 
UNRESOLVED: gcc.c-torture/execute/builtins/vsprintf-chk.c execution,  -O1 
FAIL: gcc.c-torture/execute/builtins/vsprintf-chk.c compilation,  -O2 
UNRESOLVED: gcc.c-torture/execute/builtins/vsprintf-chk.c execution,  -O2 
FAIL: gcc.c-torture/execute/builtins/vsprintf-chk.c compilation,  -O3 -fomit-frame-pointer 
UNRESOLVED: gcc.c-torture/execute/builtins/vsprintf-chk.c execution,  -O3 -fomit-frame-pointer 
FAIL: gcc.c-torture/execute/builtins/vsprintf-chk.c compilation,  -O3 -fomit-frame-pointer -funroll-loops 
UNRESOLVED: gcc.c-torture/execute/builtins/vsprintf-chk.c execution,  -O3 -fomit-frame-pointer -funroll-loops 
FAIL: gcc.c-torture/execute/builtins/vsprintf-chk.c compilation,  -O3 -fomit-frame-pointer -funroll-all-loops -finline-functions 
UNRESOLVED: gcc.c-torture/execute/builtins/vsprintf-chk.c execution,  -O3 -fomit-frame-pointer -funroll-all-loops -finline-functions 
FAIL: gcc.c-torture/execute/builtins/vsprintf-chk.c compilation,  -O3 -g 
UNRESOLVED: gcc.c-torture/execute/builtins/vsprintf-chk.c execution,  -O3 -g 
FAIL: gcc.c-torture/execute/builtins/vsprintf-chk.c compilation,  -Os 
UNRESOLVED: gcc.c-torture/execute/builtins/vsprintf-chk.c execution,  -Os 
FAIL: gcc.c-torture/execute/20020406-1.c compilation,  -O0 
UNRESOLVED: gcc.c-torture/execute/20020406-1.c execution,  -O0 
FAIL: gcc.c-torture/execute/20020406-1.c compilation,  -O1 
UNRESOLVED: gcc.c-torture/execute/20020406-1.c execution,  -O1 
FAIL: gcc.c-torture/execute/20020406-1.c compilation,  -O2 
UNRESOLVED: gcc.c-torture/execute/20020406-1.c execution,  -O2 
FAIL: gcc.c-torture/execute/20020406-1.c compilation,  -O3 -fomit-frame-pointer 
UNRESOLVED: gcc.c-torture/execute/20020406-1.c execution,  -O3 -fomit-frame-pointer 
FAIL: gcc.c-torture/execute/20020406-1.c compilation,  -O3 -fomit-frame-pointer -funroll-loops 
UNRESOLVED: gcc.c-torture/execute/20020406-1.c execution,  -O3 -fomit-frame-pointer -funroll-loops 
FAIL: gcc.c-torture/execute/20020406-1.c compilation,  -O3 -fomit-frame-pointer -funroll-all-loops -finline-functions 
UNRESOLVED: gcc.c-torture/execute/20020406-1.c execution,  -O3 -fomit-frame-pointer -funroll-all-loops -finline-functions 
FAIL: gcc.c-torture/execute/20020406-1.c compilation,  -O3 -g 
UNRESOLVED: gcc.c-torture/execute/20020406-1.c execution,  -O3 -g 
FAIL: gcc.c-torture/execute/20020406-1.c compilation,  -Os 
UNRESOLVED: gcc.c-torture/execute/20020406-1.c execution,  -Os 
FAIL: gcc.c-torture/execute/20021120-3.c compilation,  -O0 
UNRESOLVED: gcc.c-torture/execute/20021120-3.c execution,  -O0 
FAIL: gcc.c-torture/execute/20021120-3.c compilation,  -O1 
UNRESOLVED: gcc.c-torture/execute/20021120-3.c execution,  -O1 
FAIL: gcc.c-torture/execute/20021120-3.c compilation,  -O2 
UNRESOLVED: gcc.c-torture/execute/20021120-3.c execution,  -O2 
FAIL: gcc.c-torture/execute/20021120-3.c compilation,  -O3 -fomit-frame-pointer 
UNRESOLVED: gcc.c-torture/execute/20021120-3.c execution,  -O3 -fomit-frame-pointer 
FAIL: gcc.c-torture/execute/20021120-3.c compilation,  -O3 -g 
UNRESOLVED: gcc.c-torture/execute/20021120-3.c execution,  -O3 -g 
FAIL: gcc.c-torture/execute/20021120-3.c compilation,  -Os 
UNRESOLVED: gcc.c-torture/execute/20021120-3.c execution,  -Os 
FAIL: gcc.c-torture/execute/20030626-2.c compilation,  -O0 
UNRESOLVED: gcc.c-torture/execute/20030626-2.c execution,  -O0 
FAIL: gcc.c-torture/execute/20070201-1.c compilation,  -O0 
UNRESOLVED: gcc.c-torture/execute/20070201-1.c execution,  -O0 
FAIL: gcc.c-torture/execute/20070201-1.c compilation,  -O1 
UNRESOLVED: gcc.c-torture/execute/20070201-1.c execution,  -O1 
FAIL: gcc.c-torture/execute/20070201-1.c compilation,  -O2 
UNRESOLVED: gcc.c-torture/execute/20070201-1.c execution,  -O2 
FAIL: gcc.c-torture/execute/20070201-1.c compilation,  -O3 -fomit-frame-pointer 
UNRESOLVED: gcc.c-torture/execute/20070201-1.c execution,  -O3 -fomit-frame-pointer 
FAIL: gcc.c-torture/execute/20070201-1.c compilation,  -O3 -g 
UNRESOLVED: gcc.c-torture/execute/20070201-1.c execution,  -O3 -g 
FAIL: gcc.c-torture/execute/20070201-1.c compilation,  -Os 
UNRESOLVED: gcc.c-torture/execute/20070201-1.c execution,  -Os 
FAIL: gcc.c-torture/execute/920501-8.c compilation,  -O0 
UNRESOLVED: gcc.c-torture/execute/920501-8.c execution,  -O0 
FAIL: gcc.c-torture/execute/920501-8.c compilation,  -O1 
UNRESOLVED: gcc.c-torture/execute/920501-8.c execution,  -O1 
FAIL: gcc.c-torture/execute/920501-8.c compilation,  -O2 
UNRESOLVED: gcc.c-torture/execute/920501-8.c execution,  -O2 
FAIL: gcc.c-torture/execute/920501-8.c compilation,  -O3 -fomit-frame-pointer 
UNRESOLVED: gcc.c-torture/execute/920501-8.c execution,  -O3 -fomit-frame-pointer 
FAIL: gcc.c-torture/execute/920501-8.c compilation,  -O3 -g 
UNRESOLVED: gcc.c-torture/execute/920501-8.c execution,  -O3 -g 
FAIL: gcc.c-torture/execute/920501-8.c compilation,  -Os 
UNRESOLVED: gcc.c-torture/execute/920501-8.c execution,  -Os 
FAIL: gcc.c-torture/execute/920501-9.c compilation,  -O0 
UNRESOLVED: gcc.c-torture/execute/920501-9.c execution,  -O0 
FAIL: gcc.c-torture/execute/920501-9.c compilation,  -O1 
UNRESOLVED: gcc.c-torture/execute/920501-9.c execution,  -O1 
FAIL: gcc.c-torture/execute/920501-9.c compilation,  -O2 
UNRESOLVED: gcc.c-torture/execute/920501-9.c execution,  -O2 
FAIL: gcc.c-torture/execute/920501-9.c compilation,  -O3 -fomit-frame-pointer 
UNRESOLVED: gcc.c-torture/execute/920501-9.c execution,  -O3 -fomit-frame-pointer 
FAIL: gcc.c-torture/execute/920501-9.c compilation,  -O3 -g 
UNRESOLVED: gcc.c-torture/execute/920501-9.c execution,  -O3 -g 
FAIL: gcc.c-torture/execute/920501-9.c compilation,  -Os 
UNRESOLVED: gcc.c-torture/execute/920501-9.c execution,  -Os 
FAIL: gcc.c-torture/execute/920726-1.c compilation,  -O0 
UNRESOLVED: gcc.c-torture/execute/920726-1.c execution,  -O0 
FAIL: gcc.c-torture/execute/920726-1.c compilation,  -O1 
UNRESOLVED: gcc.c-torture/execute/920726-1.c execution,  -O1 
FAIL: gcc.c-torture/execute/920726-1.c compilation,  -O2 
UNRESOLVED: gcc.c-torture/execute/920726-1.c execution,  -O2 
FAIL: gcc.c-torture/execute/920726-1.c compilation,  -O3 -fomit-frame-pointer 
UNRESOLVED: gcc.c-torture/execute/920726-1.c execution,  -O3 -fomit-frame-pointer 
FAIL: gcc.c-torture/execute/920726-1.c compilation,  -O3 -fomit-frame-pointer -funroll-loops 
UNRESOLVED: gcc.c-torture/execute/920726-1.c execution,  -O3 -fomit-frame-pointer -funroll-loops 
FAIL: gcc.c-torture/execute/920726-1.c compilation,  -O3 -fomit-frame-pointer -funroll-all-loops -finline-functions 
UNRESOLVED: gcc.c-torture/execute/920726-1.c execution,  -O3 -fomit-frame-pointer -funroll-all-loops -finline-functions 
FAIL: gcc.c-torture/execute/920726-1.c compilation,  -O3 -g 
UNRESOLVED: gcc.c-torture/execute/920726-1.c execution,  -O3 -g 
FAIL: gcc.c-torture/execute/920726-1.c compilation,  -Os 
UNRESOLVED: gcc.c-torture/execute/920726-1.c execution,  -Os 
FAIL: gcc.c-torture/execute/930513-1.c compilation,  -O0 
UNRESOLVED: gcc.c-torture/execute/930513-1.c execution,  -O0 
FAIL: gcc.c-torture/execute/930513-1.c compilation,  -O1 
UNRESOLVED: gcc.c-torture/execute/930513-1.c execution,  -O1 
FAIL: gcc.c-torture/execute/930513-1.c compilation,  -O2 
UNRESOLVED: gcc.c-torture/execute/930513-1.c execution,  -O2 
FAIL: gcc.c-torture/execute/930513-1.c compilation,  -O3 -fomit-frame-pointer 
UNRESOLVED: gcc.c-torture/execute/930513-1.c execution,  -O3 -fomit-frame-pointer 
FAIL: gcc.c-torture/execute/930513-1.c compilation,  -O3 -g 
UNRESOLVED: gcc.c-torture/execute/930513-1.c execution,  -O3 -g 
FAIL: gcc.c-torture/execute/930513-1.c compilation,  -Os 
UNRESOLVED: gcc.c-torture/execute/930513-1.c execution,  -Os 
FAIL: gcc.c-torture/execute/941014-2.c compilation,  -O0 
UNRESOLVED: gcc.c-torture/execute/941014-2.c execution,  -O0 
FAIL: gcc.c-torture/execute/941014-2.c compilation,  -O1 
UNRESOLVED: gcc.c-torture/execute/941014-2.c execution,  -O1 
FAIL: gcc.c-torture/execute/941014-2.c compilation,  -O2 
UNRESOLVED: gcc.c-torture/execute/941014-2.c execution,  -O2 
FAIL: gcc.c-torture/execute/941014-2.c compilation,  -O3 -fomit-frame-pointer 
UNRESOLVED: gcc.c-torture/execute/941014-2.c execution,  -O3 -fomit-frame-pointer 
FAIL: gcc.c-torture/execute/941014-2.c compilation,  -O3 -g 
UNRESOLVED: gcc.c-torture/execute/941014-2.c execution,  -O3 -g 
FAIL: gcc.c-torture/execute/941014-2.c compilation,  -Os 
UNRESOLVED: gcc.c-torture/execute/941014-2.c execution,  -Os 
FAIL: gcc.c-torture/execute/980605-1.c compilation,  -O0 
UNRESOLVED: gcc.c-torture/execute/980605-1.c execution,  -O0 
FAIL: gcc.c-torture/execute/980605-1.c compilation,  -O1 
UNRESOLVED: gcc.c-torture/execute/980605-1.c execution,  -O1 
FAIL: gcc.c-torture/execute/980605-1.c compilation,  -O2 
UNRESOLVED: gcc.c-torture/execute/980605-1.c execution,  -O2 
FAIL: gcc.c-torture/execute/980605-1.c compilation,  -O3 -fomit-frame-pointer 
UNRESOLVED: gcc.c-torture/execute/980605-1.c execution,  -O3 -fomit-frame-pointer 
FAIL: gcc.c-torture/execute/980605-1.c compilation,  -O3 -g 
UNRESOLVED: gcc.c-torture/execute/980605-1.c execution,  -O3 -g 
FAIL: gcc.c-torture/execute/980605-1.c compilation,  -Os 
UNRESOLVED: gcc.c-torture/execute/980605-1.c execution,  -Os 
FAIL: gcc.c-torture/execute/fprintf-1.c compilation,  -O0 
UNRESOLVED: gcc.c-torture/execute/fprintf-1.c execution,  -O0 
FAIL: gcc.c-torture/execute/fprintf-1.c compilation,  -O1 
UNRESOLVED: gcc.c-torture/execute/fprintf-1.c execution,  -O1 
FAIL: gcc.c-torture/execute/fprintf-1.c compilation,  -O2 
UNRESOLVED: gcc.c-torture/execute/fprintf-1.c execution,  -O2 
FAIL: gcc.c-torture/execute/fprintf-1.c compilation,  -O3 -fomit-frame-pointer 
UNRESOLVED: gcc.c-torture/execute/fprintf-1.c execution,  -O3 -fomit-frame-pointer 
FAIL: gcc.c-torture/execute/fprintf-1.c compilation,  -O3 -g 
UNRESOLVED: gcc.c-torture/execute/fprintf-1.c execution,  -O3 -g 
FAIL: gcc.c-torture/execute/fprintf-1.c compilation,  -Os 
UNRESOLVED: gcc.c-torture/execute/fprintf-1.c execution,  -Os 
FAIL: gcc.c-torture/execute/fprintf-chk-1.c compilation,  -O0 
UNRESOLVED: gcc.c-torture/execute/fprintf-chk-1.c execution,  -O0 
FAIL: gcc.c-torture/execute/fprintf-chk-1.c compilation,  -O1 
UNRESOLVED: gcc.c-torture/execute/fprintf-chk-1.c execution,  -O1 
FAIL: gcc.c-torture/execute/fprintf-chk-1.c compilation,  -O2 
UNRESOLVED: gcc.c-torture/execute/fprintf-chk-1.c execution,  -O2 
FAIL: gcc.c-torture/execute/fprintf-chk-1.c compilation,  -O3 -fomit-frame-pointer 
UNRESOLVED: gcc.c-torture/execute/fprintf-chk-1.c execution,  -O3 -fomit-frame-pointer 
FAIL: gcc.c-torture/execute/fprintf-chk-1.c compilation,  -O3 -g 
UNRESOLVED: gcc.c-torture/execute/fprintf-chk-1.c execution,  -O3 -g 
FAIL: gcc.c-torture/execute/fprintf-chk-1.c compilation,  -Os 
UNRESOLVED: gcc.c-torture/execute/fprintf-chk-1.c execution,  -Os 
FAIL: gcc.c-torture/execute/gofast.c compilation,  -O0 
UNRESOLVED: gcc.c-torture/execute/gofast.c execution,  -O0 
FAIL: gcc.c-torture/execute/gofast.c compilation,  -O1 
UNRESOLVED: gcc.c-torture/execute/gofast.c execution,  -O1 
FAIL: gcc.c-torture/execute/gofast.c compilation,  -O2 
UNRESOLVED: gcc.c-torture/execute/gofast.c execution,  -O2 
FAIL: gcc.c-torture/execute/gofast.c compilation,  -O3 -fomit-frame-pointer 
UNRESOLVED: gcc.c-torture/execute/gofast.c execution,  -O3 -fomit-frame-pointer 
FAIL: gcc.c-torture/execute/gofast.c compilation,  -O3 -g 
UNRESOLVED: gcc.c-torture/execute/gofast.c execution,  -O3 -g 
FAIL: gcc.c-torture/execute/gofast.c compilation,  -Os 
UNRESOLVED: gcc.c-torture/execute/gofast.c execution,  -Os 
FAIL: gcc.c-torture/execute/printf-1.c compilation,  -O0 
UNRESOLVED: gcc.c-torture/execute/printf-1.c execution,  -O0 
FAIL: gcc.c-torture/execute/printf-1.c compilation,  -O1 
UNRESOLVED: gcc.c-torture/execute/printf-1.c execution,  -O1 
FAIL: gcc.c-torture/execute/printf-1.c compilation,  -O2 
UNRESOLVED: gcc.c-torture/execute/printf-1.c execution,  -O2 
FAIL: gcc.c-torture/execute/printf-1.c compilation,  -O3 -fomit-frame-pointer 
UNRESOLVED: gcc.c-torture/execute/printf-1.c execution,  -O3 -fomit-frame-pointer 
FAIL: gcc.c-torture/execute/printf-1.c compilation,  -O3 -g 
UNRESOLVED: gcc.c-torture/execute/printf-1.c execution,  -O3 -g 
FAIL: gcc.c-torture/execute/printf-1.c compilation,  -Os 
UNRESOLVED: gcc.c-torture/execute/printf-1.c execution,  -Os 
FAIL: gcc.c-torture/execute/printf-chk-1.c compilation,  -O0 
UNRESOLVED: gcc.c-torture/execute/printf-chk-1.c execution,  -O0 
FAIL: gcc.c-torture/execute/printf-chk-1.c compilation,  -O1 
UNRESOLVED: gcc.c-torture/execute/printf-chk-1.c execution,  -O1 
FAIL: gcc.c-torture/execute/printf-chk-1.c compilation,  -O2 
UNRESOLVED: gcc.c-torture/execute/printf-chk-1.c execution,  -O2 
FAIL: gcc.c-torture/execute/printf-chk-1.c compilation,  -O3 -fomit-frame-pointer 
UNRESOLVED: gcc.c-torture/execute/printf-chk-1.c execution,  -O3 -fomit-frame-pointer 
FAIL: gcc.c-torture/execute/printf-chk-1.c compilation,  -O3 -g 
UNRESOLVED: gcc.c-torture/execute/printf-chk-1.c execution,  -O3 -g 
FAIL: gcc.c-torture/execute/printf-chk-1.c compilation,  -Os 
UNRESOLVED: gcc.c-torture/execute/printf-chk-1.c execution,  -Os 
FAIL: gcc.c-torture/execute/struct-ret-1.c compilation,  -O0 
UNRESOLVED: gcc.c-torture/execute/struct-ret-1.c execution,  -O0 
FAIL: gcc.c-torture/execute/struct-ret-1.c compilation,  -O1 
UNRESOLVED: gcc.c-torture/execute/struct-ret-1.c execution,  -O1 
FAIL: gcc.c-torture/execute/struct-ret-1.c compilation,  -O2 
UNRESOLVED: gcc.c-torture/execute/struct-ret-1.c execution,  -O2 
FAIL: gcc.c-torture/execute/struct-ret-1.c compilation,  -O3 -fomit-frame-pointer 
UNRESOLVED: gcc.c-torture/execute/struct-ret-1.c execution,  -O3 -fomit-frame-pointer 
FAIL: gcc.c-torture/execute/struct-ret-1.c compilation,  -O3 -g 
UNRESOLVED: gcc.c-torture/execute/struct-ret-1.c execution,  -O3 -g 
FAIL: gcc.c-torture/execute/struct-ret-1.c compilation,  -Os 
UNRESOLVED: gcc.c-torture/execute/struct-ret-1.c execution,  -Os 
FAIL: gcc.c-torture/execute/va-arg-21.c compilation,  -O0 
UNRESOLVED: gcc.c-torture/execute/va-arg-21.c execution,  -O0 
FAIL: gcc.c-torture/execute/va-arg-21.c compilation,  -O1 
UNRESOLVED: gcc.c-torture/execute/va-arg-21.c execution,  -O1 
FAIL: gcc.c-torture/execute/va-arg-21.c compilation,  -O2 
UNRESOLVED: gcc.c-torture/execute/va-arg-21.c execution,  -O2 
FAIL: gcc.c-torture/execute/va-arg-21.c compilation,  -O3 -fomit-frame-pointer 
UNRESOLVED: gcc.c-torture/execute/va-arg-21.c execution,  -O3 -fomit-frame-pointer 
FAIL: gcc.c-torture/execute/va-arg-21.c compilation,  -O3 -fomit-frame-pointer -funroll-loops 
UNRESOLVED: gcc.c-torture/execute/va-arg-21.c execution,  -O3 -fomit-frame-pointer -funroll-loops 
FAIL: gcc.c-torture/execute/va-arg-21.c compilation,  -O3 -fomit-frame-pointer -funroll-all-loops -finline-functions 
UNRESOLVED: gcc.c-torture/execute/va-arg-21.c execution,  -O3 -fomit-frame-pointer -funroll-all-loops -finline-functions 
FAIL: gcc.c-torture/execute/va-arg-21.c compilation,  -O3 -g 
UNRESOLVED: gcc.c-torture/execute/va-arg-21.c execution,  -O3 -g 
FAIL: gcc.c-torture/execute/va-arg-21.c compilation,  -Os 
UNRESOLVED: gcc.c-torture/execute/va-arg-21.c execution,  -Os 
FAIL: gcc.c-torture/execute/va-arg-24.c compilation,  -O0 
UNRESOLVED: gcc.c-torture/execute/va-arg-24.c execution,  -O0 
FAIL: gcc.c-torture/execute/va-arg-24.c compilation,  -O1 
UNRESOLVED: gcc.c-torture/execute/va-arg-24.c execution,  -O1 
FAIL: gcc.c-torture/execute/va-arg-24.c compilation,  -O2 
UNRESOLVED: gcc.c-torture/execute/va-arg-24.c execution,  -O2 
FAIL: gcc.c-torture/execute/va-arg-24.c compilation,  -O3 -fomit-frame-pointer 
UNRESOLVED: gcc.c-torture/execute/va-arg-24.c execution,  -O3 -fomit-frame-pointer 
FAIL: gcc.c-torture/execute/va-arg-24.c compilation,  -O3 -fomit-frame-pointer -funroll-loops 
UNRESOLVED: gcc.c-torture/execute/va-arg-24.c execution,  -O3 -fomit-frame-pointer -funroll-loops 
FAIL: gcc.c-torture/execute/va-arg-24.c compilation,  -O3 -fomit-frame-pointer -funroll-all-loops -finline-functions 
UNRESOLVED: gcc.c-torture/execute/va-arg-24.c execution,  -O3 -fomit-frame-pointer -funroll-all-loops -finline-functions 
FAIL: gcc.c-torture/execute/va-arg-24.c compilation,  -O3 -g 
UNRESOLVED: gcc.c-torture/execute/va-arg-24.c execution,  -O3 -g 
FAIL: gcc.c-torture/execute/va-arg-24.c compilation,  -Os 
UNRESOLVED: gcc.c-torture/execute/va-arg-24.c execution,  -Os 
FAIL: gcc.c-torture/execute/vfprintf-1.c compilation,  -O0 
UNRESOLVED: gcc.c-torture/execute/vfprintf-1.c execution,  -O0 
FAIL: gcc.c-torture/execute/vfprintf-1.c compilation,  -O1 
UNRESOLVED: gcc.c-torture/execute/vfprintf-1.c execution,  -O1 
FAIL: gcc.c-torture/execute/vfprintf-1.c compilation,  -O2 
UNRESOLVED: gcc.c-torture/execute/vfprintf-1.c execution,  -O2 
FAIL: gcc.c-torture/execute/vfprintf-1.c compilation,  -O3 -fomit-frame-pointer 
UNRESOLVED: gcc.c-torture/execute/vfprintf-1.c execution,  -O3 -fomit-frame-pointer 
FAIL: gcc.c-torture/execute/vfprintf-1.c compilation,  -O3 -g 
UNRESOLVED: gcc.c-torture/execute/vfprintf-1.c execution,  -O3 -g 
FAIL: gcc.c-torture/execute/vfprintf-1.c compilation,  -Os 
UNRESOLVED: gcc.c-torture/execute/vfprintf-1.c execution,  -Os 
FAIL: gcc.c-torture/execute/vfprintf-chk-1.c compilation,  -O0 
UNRESOLVED: gcc.c-torture/execute/vfprintf-chk-1.c execution,  -O0 
FAIL: gcc.c-torture/execute/vfprintf-chk-1.c compilation,  -O1 
UNRESOLVED: gcc.c-torture/execute/vfprintf-chk-1.c execution,  -O1 
FAIL: gcc.c-torture/execute/vfprintf-chk-1.c compilation,  -O2 
UNRESOLVED: gcc.c-torture/execute/vfprintf-chk-1.c execution,  -O2 
FAIL: gcc.c-torture/execute/vfprintf-chk-1.c compilation,  -O3 -fomit-frame-pointer 
UNRESOLVED: gcc.c-torture/execute/vfprintf-chk-1.c execution,  -O3 -fomit-frame-pointer 
FAIL: gcc.c-torture/execute/vfprintf-chk-1.c compilation,  -O3 -g 
UNRESOLVED: gcc.c-torture/execute/vfprintf-chk-1.c execution,  -O3 -g 
FAIL: gcc.c-torture/execute/vfprintf-chk-1.c compilation,  -Os 
UNRESOLVED: gcc.c-torture/execute/vfprintf-chk-1.c execution,  -Os 
FAIL: gcc.c-torture/execute/vprintf-1.c compilation,  -O0 
UNRESOLVED: gcc.c-torture/execute/vprintf-1.c execution,  -O0 
FAIL: gcc.c-torture/execute/vprintf-1.c compilation,  -O1 
UNRESOLVED: gcc.c-torture/execute/vprintf-1.c execution,  -O1 
FAIL: gcc.c-torture/execute/vprintf-1.c compilation,  -O2 
UNRESOLVED: gcc.c-torture/execute/vprintf-1.c execution,  -O2 
FAIL: gcc.c-torture/execute/vprintf-1.c compilation,  -O3 -fomit-frame-pointer 
UNRESOLVED: gcc.c-torture/execute/vprintf-1.c execution,  -O3 -fomit-frame-pointer 
FAIL: gcc.c-torture/execute/vprintf-1.c compilation,  -O3 -g 
UNRESOLVED: gcc.c-torture/execute/vprintf-1.c execution,  -O3 -g 
FAIL: gcc.c-torture/execute/vprintf-1.c compilation,  -Os 
UNRESOLVED: gcc.c-torture/execute/vprintf-1.c execution,  -Os 
FAIL: gcc.c-torture/execute/vprintf-chk-1.c compilation,  -O0 
UNRESOLVED: gcc.c-torture/execute/vprintf-chk-1.c execution,  -O0 
FAIL: gcc.c-torture/execute/vprintf-chk-1.c compilation,  -O1 
UNRESOLVED: gcc.c-torture/execute/vprintf-chk-1.c execution,  -O1 
FAIL: gcc.c-torture/execute/vprintf-chk-1.c compilation,  -O2 
UNRESOLVED: gcc.c-torture/execute/vprintf-chk-1.c execution,  -O2 
FAIL: gcc.c-torture/execute/vprintf-chk-1.c compilation,  -O3 -fomit-frame-pointer 
UNRESOLVED: gcc.c-torture/execute/vprintf-chk-1.c execution,  -O3 -fomit-frame-pointer 
FAIL: gcc.c-torture/execute/vprintf-chk-1.c compilation,  -O3 -g 
UNRESOLVED: gcc.c-torture/execute/vprintf-chk-1.c execution,  -O3 -g 
FAIL: gcc.c-torture/execute/vprintf-chk-1.c compilation,  -Os 
UNRESOLVED: gcc.c-torture/execute/vprintf-chk-1.c execution,  -Os 
FAIL: gcc.c-torture/execute/ieee/920810-1.c compilation,  -O0 
UNRESOLVED: gcc.c-torture/execute/ieee/920810-1.c execution,  -O0 
FAIL: gcc.c-torture/execute/ieee/920810-1.c compilation,  -O1 
UNRESOLVED: gcc.c-torture/execute/ieee/920810-1.c execution,  -O1 
FAIL: gcc.c-torture/execute/ieee/920810-1.c compilation,  -O2 
UNRESOLVED: gcc.c-torture/execute/ieee/920810-1.c execution,  -O2 
FAIL: gcc.c-torture/execute/ieee/920810-1.c compilation,  -O3 -fomit-frame-pointer 
UNRESOLVED: gcc.c-torture/execute/ieee/920810-1.c execution,  -O3 -fomit-frame-pointer 
FAIL: gcc.c-torture/execute/ieee/920810-1.c compilation,  -O3 -g 
UNRESOLVED: gcc.c-torture/execute/ieee/920810-1.c execution,  -O3 -g 
FAIL: gcc.c-torture/execute/ieee/920810-1.c compilation,  -Os 
UNRESOLVED: gcc.c-torture/execute/ieee/920810-1.c execution,  -Os 
FAIL: gcc.dg/20010912-1.c execution test
FAIL: gcc.dg/20020312-2.c (test for excess errors)
UNRESOLVED: gcc.dg/20020312-2.c compilation failed to produce executable
FAIL: gcc.dg/20021014-1.c (test for excess errors)
UNRESOLVED: gcc.dg/20021014-1.c compilation failed to produce executable
FAIL: gcc.dg/20021018-1.c execution test
FAIL: gcc.dg/20030225-1.c (test for excess errors)
UNRESOLVED: gcc.dg/20030225-1.c compilation failed to produce executable
FAIL: gcc.dg/20041219-1.c (test for excess errors)
UNRESOLVED: gcc.dg/20041219-1.c compilation failed to produce executable
FAIL: gcc.dg/20050607-1.c (test for excess errors)
FAIL: gcc.dg/20070507-1.c (test for excess errors)
UNRESOLVED: gcc.dg/20070507-1.c compilation failed to produce executable
FAIL: gcc.dg/nest.c (test for excess errors)
UNRESOLVED: gcc.dg/nest.c compilation failed to produce executable
FAIL: gcc.dg/nested-func-4.c (test for excess errors)
UNRESOLVED: gcc.dg/nested-func-4.c compilation failed to produce executable
FAIL: gcc.dg/pr27758.c execution test
FAIL: gcc.dg/pr32450.c (test for excess errors)
UNRESOLVED: gcc.dg/pr32450.c compilation failed to produce executable
FAIL: gcc.dg/range-test-1.c (test for excess errors)
UNRESOLVED: gcc.dg/range-test-1.c compilation failed to produce executable
FAIL: gcc.dg/ucnid-2.c (test for excess errors)
UNRESOLVED: gcc.dg/ucnid-2.c compilation failed to produce executable
FAIL: gcc.dg/ucnid-3.c (test for excess errors)
UNRESOLVED: gcc.dg/ucnid-3.c compilation failed to produce executable
FAIL: gcc.dg/ucnid-4.c (test for excess errors)
UNRESOLVED: gcc.dg/ucnid-4.c compilation failed to produce executable
FAIL: gcc.dg/tree-prof/inliner-1.c compilation,  -fprofile-generate
UNRESOLVED: gcc.dg/tree-prof/inliner-1.c execution,    -fprofile-generate
UNRESOLVED: gcc.dg/tree-prof/inliner-1.c compilation,  -fprofile-use
UNRESOLVED: gcc.dg/tree-prof/inliner-1.c execution,    -fprofile-use
FAIL: gcc.dg/tree-prof/update-cunroll-2.c execution: file update-cunroll-2.gcda does not exist,  -fprofile-generate
UNRESOLVED: gcc.dg/tree-prof/update-cunroll-2.c compilation,  -fprofile-use
UNRESOLVED: gcc.dg/tree-prof/update-cunroll-2.c execution,    -fprofile-use
FAIL: gcc.dg/tree-prof/update-loopch.c execution: file update-loopch.gcda does not exist,  -fprofile-generate
UNRESOLVED: gcc.dg/tree-prof/update-loopch.c compilation,  -fprofile-use
UNRESOLVED: gcc.dg/tree-prof/update-loopch.c execution,    -fprofile-use
FAIL: gcc.dg/tree-prof/update-tailcall.c execution: file update-tailcall.gcda does not exist,  -fprofile-generate
UNRESOLVED: gcc.dg/tree-prof/update-tailcall.c compilation,  -fprofile-use
UNRESOLVED: gcc.dg/tree-prof/update-tailcall.c execution,    -fprofile-use
FAIL: gcc.dg/tree-prof/val-prof-1.c compilation,  -fprofile-generate
UNRESOLVED: gcc.dg/tree-prof/val-prof-1.c execution,    -fprofile-generate
UNRESOLVED: gcc.dg/tree-prof/val-prof-1.c compilation,  -fprofile-use
UNRESOLVED: gcc.dg/tree-prof/val-prof-1.c execution,    -fprofile-use
FAIL: gcc.dg/tree-prof/val-prof-2.c compilation,  -fprofile-generate
UNRESOLVED: gcc.dg/tree-prof/val-prof-2.c execution,    -fprofile-generate
UNRESOLVED: gcc.dg/tree-prof/val-prof-2.c compilation,  -fprofile-use
UNRESOLVED: gcc.dg/tree-prof/val-prof-2.c execution,    -fprofile-use
FAIL: gcc.dg/tree-prof/val-prof-3.c compilation,  -fprofile-generate
UNRESOLVED: gcc.dg/tree-prof/val-prof-3.c execution,    -fprofile-generate
UNRESOLVED: gcc.dg/tree-prof/val-prof-3.c compilation,  -fprofile-use
UNRESOLVED: gcc.dg/tree-prof/val-prof-3.c execution,    -fprofile-use
FAIL: gcc.dg/tree-prof/val-prof-4.c compilation,  -fprofile-generate
UNRESOLVED: gcc.dg/tree-prof/val-prof-4.c execution,    -fprofile-generate
UNRESOLVED: gcc.dg/tree-prof/val-prof-4.c compilation,  -fprofile-use
UNRESOLVED: gcc.dg/tree-prof/val-prof-4.c execution,    -fprofile-use
FAIL: gcc.dg/tree-prof/val-prof-5.c compilation,  -fprofile-generate
UNRESOLVED: gcc.dg/tree-prof/val-prof-5.c execution,    -fprofile-generate
UNRESOLVED: gcc.dg/tree-prof/val-prof-5.c compilation,  -fprofile-use
UNRESOLVED: gcc.dg/tree-prof/val-prof-5.c execution,    -fprofile-use
XPASS: gcc.dg/tree-ssa/20040204-1.c scan-tree-dump-times link_error 0
FAIL: gcc.misc-tests/bprob-1.c execution: file bprob-1.gcda does not exist,  -fprofile-arcs
UNRESOLVED: gcc.misc-tests/bprob-1.c compilation,  -fbranch-probabilities
UNRESOLVED: gcc.misc-tests/bprob-1.c execution,    -fbranch-probabilities
FAIL: gcc.misc-tests/bprob-2.c execution: file bprob-2.gcda does not exist,  -fprofile-arcs
UNRESOLVED: gcc.misc-tests/bprob-2.c compilation,  -fbranch-probabilities
UNRESOLVED: gcc.misc-tests/bprob-2.c execution,    -fbranch-probabilities

		=== gcc Summary ===

# of expected passes		37301
# of unexpected failures	302
# of unexpected successes	1
# of expected failures		75
# of unresolved testcases	309
# of untested testcases		28
# of unsupported tests		379
/home/mstein/sim/gcc-4_1-branch/bfin-elf/build/gcc/xgcc  version 4.1.3 20080129 (prerelease)


Compiler version: 4.1.3 20080129 (prerelease) gcc 
Platform: bfin-unknown-elf
configure flags: --target=bfin-elf --prefix=/n/11/mstein/cross-local/bfin-elf --disable-nls --disable-build-warnings --with-ld=/n/11/mstein/cross-local/bfin-elf/bin/bfin-elf-ld --with-as=/n/11/mstein/cross-local/bfin-elf/bin/bfin-elf-as --disable-libssp --enable-languages=c


Index Nav: [Date Index] [Subject Index] [Author Index] [Thread Index]
Message Nav: [Date Prev] [Date Next] [Thread Prev] [Thread Next]