This is the mail archive of the gcc-testresults@gcc.gnu.org mailing list for the GCC project.


Index Nav: [Date Index] [Subject Index] [Author Index] [Thread Index]
Message Nav: [Date Prev] [Date Next] [Thread Prev] [Thread Next]
Other format: [Raw text]

Results for 4.3.0 20080125 (experimental) [trunk revision 131820] (GCC) testsuite on alpha-dec-osf4.0f


LAST_UPDATED: Fri Jan 25 10:22:07 UTC 2008 (revision 131820)

Native configuration is alpha-dec-osf4.0f

		=== libffi tests ===


Running target unix
FAIL: libffi.call/cls_align_sint64.c -O0 -W -Wall output pattern test, is 12 ld 4951 127 ld 1: 9320 ld 13
FAIL: libffi.call/cls_align_uint64.c -O0 -W -Wall output pattern test, is 12 ld 4951 127 ld 1: 9320 ld 13
FAIL: libffi.call/cls_ulonglong.c -O0 -W -Wall output pattern test, is lu: lu
FAIL: libffi.call/return_ll1.c -O0 -W -Wall output pattern test, is res: ld, ld
FAIL: libffi.call/cls_align_sint64.c -O2 output pattern test, is 12 ld 4951 127 ld 1: 9320 ld 13
FAIL: libffi.call/cls_align_uint64.c -O2 output pattern test, is 12 ld 4951 127 ld 1: 9320 ld 13
FAIL: libffi.call/cls_ulonglong.c -O2 output pattern test, is lu: lu
FAIL: libffi.call/return_ll1.c -O2 output pattern test, is res: ld, ld
FAIL: libffi.call/cls_align_sint64.c -O3 output pattern test, is 12 ld 4951 127 ld 1: 9320 ld 13
FAIL: libffi.call/cls_align_uint64.c -O3 output pattern test, is 12 ld 4951 127 ld 1: 9320 ld 13
FAIL: libffi.call/cls_ulonglong.c -O3 output pattern test, is lu: lu
FAIL: libffi.call/return_ll1.c -O3 output pattern test, is res: ld, ld
FAIL: libffi.call/cls_align_sint64.c -Os output pattern test, is 12 ld 4951 127 ld 1: 9320 ld 13
FAIL: libffi.call/cls_align_uint64.c -Os output pattern test, is 12 ld 4951 127 ld 1: 9320 ld 13
FAIL: libffi.call/cls_ulonglong.c -Os output pattern test, is lu: lu
FAIL: libffi.call/return_ll1.c -Os output pattern test, is res: ld, ld
FAIL: libffi.special/unwindtest.cc  -shared-libgcc -lstdc++ (test for excess errors)
WARNING: libffi.special/unwindtest.cc  -shared-libgcc -lstdc++ compilation failed to produce executable
FAIL: libffi.special/unwindtest_ffi_call.cc  -shared-libgcc -lstdc++ (test for excess errors)
WARNING: libffi.special/unwindtest_ffi_call.cc  -shared-libgcc -lstdc++ compilation failed to produce executable
FAIL: libffi.special/unwindtest.cc  -shared-libgcc -lstdc++ (test for excess errors)
WARNING: libffi.special/unwindtest.cc  -shared-libgcc -lstdc++ compilation failed to produce executable
FAIL: libffi.special/unwindtest_ffi_call.cc  -shared-libgcc -lstdc++ (test for excess errors)
WARNING: libffi.special/unwindtest_ffi_call.cc  -shared-libgcc -lstdc++ compilation failed to produce executable
FAIL: libffi.special/unwindtest.cc  -shared-libgcc -lstdc++ (test for excess errors)
WARNING: libffi.special/unwindtest.cc  -shared-libgcc -lstdc++ compilation failed to produce executable
FAIL: libffi.special/unwindtest_ffi_call.cc  -shared-libgcc -lstdc++ (test for excess errors)
WARNING: libffi.special/unwindtest_ffi_call.cc  -shared-libgcc -lstdc++ compilation failed to produce executable
FAIL: libffi.special/unwindtest.cc  -shared-libgcc -lstdc++ (test for excess errors)
WARNING: libffi.special/unwindtest.cc  -shared-libgcc -lstdc++ compilation failed to produce executable
FAIL: libffi.special/unwindtest_ffi_call.cc  -shared-libgcc -lstdc++ (test for excess errors)
WARNING: libffi.special/unwindtest_ffi_call.cc  -shared-libgcc -lstdc++ compilation failed to produce executable

		=== libffi Summary ===

# of expected passes		1076
# of unexpected failures	24
# of unsupported tests		8
		=== libgomp tests ===


Running target unix
FAIL: libgomp.fortran/omp_parse3.f90  -O3 -g  (test for excess errors)
WARNING: libgomp.fortran/omp_parse3.f90  -O3 -g  compilation failed to produce executable
FAIL: libgomp.fortran/pr29629.f90  -O0  execution test
FAIL: libgomp.fortran/pr29629.f90  -O1  execution test
FAIL: libgomp.fortran/pr29629.f90  -O2  execution test
FAIL: libgomp.fortran/pr29629.f90  -O3 -fomit-frame-pointer  execution test
FAIL: libgomp.fortran/pr29629.f90  -O3 -fomit-frame-pointer -funroll-loops  execution test
FAIL: libgomp.fortran/pr29629.f90  -O3 -fomit-frame-pointer -funroll-all-loops -finline-functions  execution test
FAIL: libgomp.fortran/pr29629.f90  -O3 -g  execution test
FAIL: libgomp.fortran/pr29629.f90  -Os  execution test
FAIL: libgomp.fortran/stack.f90  -O0  execution test
FAIL: libgomp.fortran/threadprivate2.f90  -O3 -g  (test for excess errors)
WARNING: libgomp.fortran/threadprivate2.f90  -O3 -g  compilation failed to produce executable
FAIL: libgomp.fortran/threadprivate3.f90  -O3 -g  (test for excess errors)
WARNING: libgomp.fortran/threadprivate3.f90  -O3 -g  compilation failed to produce executable

		=== libgomp Summary ===

# of expected passes		1660
# of unexpected failures	12
		=== libjava tests ===


Running target unix
FAIL: noclass execution - gij test
FAIL: pr11951 run
FAIL: throwit execution - gij test
FAIL: PR16923 run
FAIL: pr29812 execution - gij test
FAIL: natgetargssize.cc compilation
FAIL: natgetlocalvartable.cc compilation
FAIL: natgetstacktrace.cc compilation
FAIL: natevents.cc compilation
FAIL: natgetallthreads.cc compilation
FAIL: natgeterrorname.cc compilation
FAIL: natgetmethodname.cc compilation
FAIL: Class_1 compilation from source
FAIL: Class_1 -findirect-dispatch compilation from source
FAIL: Class_1 -O3 compilation from source
FAIL: Class_1 -O3 -findirect-dispatch compilation from source
FAIL: ExtraClassLoader execution - source compiled test
FAIL: ExtraClassLoader -findirect-dispatch execution - source compiled test
FAIL: ExtraClassLoader -O3 execution - source compiled test
FAIL: ExtraClassLoader -O3 -findirect-dispatch execution - source compiled test
FAIL: PR12416 compilation from source
FAIL: PR12416 -findirect-dispatch compilation from source
FAIL: PR12416 -O3 compilation from source
FAIL: PR12416 -O3 -findirect-dispatch compilation from source
FAIL: PR7482 compilation from source
FAIL: PR7482 -findirect-dispatch compilation from source
FAIL: PR7482 -O3 compilation from source
FAIL: PR7482 -O3 -findirect-dispatch compilation from source
FAIL: Throw_2 execution - source compiled test
FAIL: Throw_2 -findirect-dispatch execution - source compiled test
FAIL: Throw_2 -O3 execution - source compiled test
FAIL: Throw_2 -O3 -findirect-dispatch execution - source compiled test
FAIL: invokethrow execution - source compiled test
FAIL: invokethrow -findirect-dispatch execution - source compiled test
FAIL: invokethrow -O3 execution - source compiled test
FAIL: invokethrow -O3 -findirect-dispatch execution - source compiled test
FAIL: pr179 compilation from source
FAIL: pr179 -findirect-dispatch compilation from source
FAIL: pr179 -O3 compilation from source
FAIL: pr179 -O3 -findirect-dispatch compilation from source
FAIL: pr26390 -findirect-dispatch compilation from source
FAIL: pr26390 -O3 -findirect-dispatch compilation from source
FAIL: verify compilation from source
FAIL: verify -findirect-dispatch compilation from source
FAIL: verify -O3 compilation from source
FAIL: verify -O3 -findirect-dispatch compilation from source

		=== libjava Summary ===

# of expected passes		2432
# of unexpected failures	46
# of untested testcases		61
		=== libstdc++ tests ===


Running target unix
FAIL: 23_containers/list/modifiers/insert/25288.cc execution test
FAIL: 23_containers/vector/bool/modifiers/insert/31370.cc execution test
WARNING: program timed out.
FAIL: 27_io/basic_ofstream/cons/char/2.cc execution test
FAIL: ext/debug_allocator/check_deallocate_null.cc execution test
FAIL: ext/pb_ds/example/hash_illegal_resize.cc execution test
FAIL: ext/pb_ds/regression/hash_data_map_rand.cc execution test
FAIL: ext/pb_ds/regression/hash_no_data_map_rand.cc execution test
FAIL: ext/pb_ds/regression/priority_queue_rand.cc execution test
FAIL: ext/pb_ds/regression/tree_data_map_rand.cc execution test
FAIL: ext/pb_ds/regression/tree_no_data_map_rand.cc execution test
FAIL: ext/pb_ds/regression/trie_data_map_rand.cc execution test
FAIL: ext/pb_ds/regression/trie_no_data_map_rand.cc execution test
FAIL: ext/throw_allocator/check_deallocate_null.cc execution test

		=== libstdc++ Summary ===

# of expected passes		4860
# of unexpected failures	13
# of expected failures		59
# of unsupported tests		379
		=== acats tests ===
FAIL:	c250002
FAIL:	c456001
FAIL:	c45624a
FAIL:	c45624b
FAIL:	c4a013a
FAIL:	c760010
FAIL:	cb4009a
FAIL:	cd5011m
FAIL:	cxa5a03
FAIL:	cxf3a01
FAIL:	cxg2002
FAIL:	cxg2017
FAIL:	cxg2020

		=== acats Summary ===
# of expected passes		2302
# of unexpected failures	13

		=== g++ tests ===


Running target unix
WARNING: Could not compile g++.dg/compat/struct-layout-1 generator
FAIL: g++.dg/abi/local1.C execution test
FAIL: g++.dg/abi/rtti3.C scan-assembler .weak[ \\t]_?_ZTSPP1A
FAIL: g++.dg/abi/thunk4.C scan-assembler .weak[ \\t]_?_ZThn._N7Derived3FooEv
FAIL: g++.dg/cpp/_Pragma1.C (test for excess errors)
FAIL: g++.dg/cpp0x/vt-34103.C (internal compiler error)
FAIL: g++.dg/cpp0x/vt-34103.C (test for excess errors)
FAIL: g++.dg/eh/spbp.C (test for excess errors)
WARNING: g++.dg/eh/spbp.C compilation failed to produce executable
FAIL: g++.dg/other/ucnid-1.C (test for excess errors)
WARNING: g++.dg/other/ucnid-1.C compilation failed to produce executable
FAIL: g++.dg/other/unused1.C scan-assembler (string|ascii?)z?[\\t ]"printer("|\\\\\\\\0)
FAIL: g++.dg/tree-ssa/ivopts-1.C scan-tree-dump-not ivopts "offset: (4294967292|0x0f+fc)"
FAIL: g++.dg/warn/miss-format-1.C scanf attribute warning (test for warnings, line 24)
FAIL: g++.dg/warn/miss-format-1.C (test for excess errors)
FAIL: g++.dg/warn/weak1.C (test for excess errors)
WARNING: g++.dg/warn/weak1.C compilation failed to produce executable
FAIL: g++.dg/torture/type-generic-1.C  -O0  execution test
FAIL: g++.dg/torture/type-generic-1.C  -O1  execution test
FAIL: g++.dg/torture/type-generic-1.C  -O2  execution test
FAIL: g++.dg/torture/type-generic-1.C  -O3 -fomit-frame-pointer  execution test
FAIL: g++.dg/torture/type-generic-1.C  -O3 -g  execution test
FAIL: g++.dg/torture/type-generic-1.C  -Os  execution test
FAIL: g++.old-deja/g++.eh/badalloc1.C execution test

		=== g++ Summary ===

# of expected passes		16383
# of unexpected failures	20
# of expected failures		84
# of unsupported tests		211
/amnt/sequoia/export/vol/gcc/obj/alpha/gcc-4.3.0-20080125/4.0f-gcc/gcc/testsuite/g++/../../g++  version 4.3.0 20080125 (experimental) [trunk revision 131820] (GCC) 

		=== gcc tests ===


Running target unix
FAIL: gcc.c-torture/compile/labels-3.c  -O0  (test for excess errors)
FAIL: gcc.c-torture/compile/labels-3.c  -O1  (test for excess errors)
FAIL: gcc.c-torture/compile/labels-3.c  -O2  (test for excess errors)
FAIL: gcc.c-torture/compile/labels-3.c  -O3 -fomit-frame-pointer  (test for excess errors)
FAIL: gcc.c-torture/compile/labels-3.c  -O3 -g  (test for excess errors)
FAIL: gcc.c-torture/compile/labels-3.c  -Os  (test for excess errors)
FAIL: gcc.c-torture/compile/limits-declparen.c  -O3 -g  (test for excess errors)
FAIL: gcc.c-torture/compile/limits-pointer.c  -O3 -g  (test for excess errors)
FAIL: gcc.c-torture/compile/limits-structnest.c  -O2  (test for excess errors)
FAIL: gcc.c-torture/compile/limits-structnest.c  -O3 -fomit-frame-pointer  (test for excess errors)
FAIL: gcc.c-torture/compile/limits-structnest.c  -O3 -g  (test for excess errors)
FAIL: gcc.c-torture/compile/limits-structnest.c  -Os  (test for excess errors)
FAIL: gcc.c-torture/execute/pr23324.c compilation,  -O0 
UNRESOLVED: gcc.c-torture/execute/pr23324.c execution,  -O0 
WARNING: Could not compile gcc.dg/compat/struct-layout-1 generator
FAIL: gcc.dg/cpp/_Pragma6.c (test for excess errors)
FAIL: gcc.dg/20050811-1.c (internal compiler error)
FAIL: gcc.dg/20050811-1.c (test for excess errors)
FAIL: gcc.dg/array-quals-1.c scan-assembler-not \\\\.data(?!\\\\.rel\\\\.ro)
FAIL: gcc.dg/attr-weakref-1.c (test for excess errors)
WARNING: gcc.dg/attr-weakref-1.c compilation failed to produce executable
FAIL: gcc.dg/builtins-20.c (test for excess errors)
FAIL: gcc.dg/builtins-55.c (test for excess errors)
FAIL: gcc.dg/builtins-57.c (test for excess errors)
FAIL: gcc.dg/builtins-58.c scan-assembler-not pow
FAIL: gcc.dg/builtins-59.c scan-tree-dump gimple "__builtin_cexpi"
FAIL: gcc.dg/builtins-59.c scan-tree-dump-not gimple "sincos"
FAIL: gcc.dg/builtins-61.c scan-tree-dump optimized "cexpi"
FAIL: gcc.dg/builtins-61.c scan-tree-dump optimized "sin"
FAIL: gcc.dg/builtins-61.c scan-tree-dump optimized "cos"
FAIL: gcc.dg/builtins-61.c scan-tree-dump optimized "return 0.0"
FAIL: gcc.dg/builtins-62.c scan-tree-dump-times optimized "cexpi" 3
FAIL: gcc.dg/c99-tgmath-1.c (test for excess errors)
FAIL: gcc.dg/c99-tgmath-2.c (test for excess errors)
ERROR: gcc.dg/c99-tgmath-2.c: error executing dg-final: couldn't open "c99-tgmath-2.s": no such file or directory
UNRESOLVED: gcc.dg/c99-tgmath-2.c: error executing dg-final: couldn't open "c99-tgmath-2.s": no such file or directory
FAIL: gcc.dg/c99-tgmath-3.c (test for excess errors)
ERROR: gcc.dg/c99-tgmath-3.c: error executing dg-final: couldn't open "c99-tgmath-3.s": no such file or directory
UNRESOLVED: gcc.dg/c99-tgmath-3.c: error executing dg-final: couldn't open "c99-tgmath-3.s": no such file or directory
FAIL: gcc.dg/c99-tgmath-4.c (test for excess errors)
ERROR: gcc.dg/c99-tgmath-4.c: error executing dg-final: couldn't open "c99-tgmath-4.s": no such file or directory
UNRESOLVED: gcc.dg/c99-tgmath-4.c: error executing dg-final: couldn't open "c99-tgmath-4.s": no such file or directory
FAIL: gcc.dg/intmax_t-1.c (test for excess errors)
FAIL: gcc.dg/pr17024-1.c (internal compiler error)
FAIL: gcc.dg/pr17024-1.c (test for excess errors)
FAIL: gcc.dg/pr17957.c (test for excess errors)
FAIL: gcc.dg/pr28796-2.c (internal compiler error)
FAIL: gcc.dg/pr28796-2.c (test for excess errors)
WARNING: gcc.dg/pr28796-2.c compilation failed to produce executable
FAIL: gcc.dg/pr33653.c scan-rtl-dump shorten "mem/v"
FAIL: gcc.dg/pr34856.c (test for excess errors)
FAIL: gcc.dg/pthread-init-1.c (test for excess errors)
FAIL: gcc.dg/pthread-init-2.c (test for excess errors)
FAIL: gcc.dg/ucnid-2.c (test for excess errors)
WARNING: gcc.dg/ucnid-2.c compilation failed to produce executable
FAIL: gcc.dg/ucnid-3.c (test for excess errors)
WARNING: gcc.dg/ucnid-3.c compilation failed to produce executable
FAIL: gcc.dg/ucnid-4.c (test for excess errors)
WARNING: gcc.dg/ucnid-4.c compilation failed to produce executable
WARNING: program timed out.
FAIL: largefile.c -O0 -g (test for excess errors)
WARNING: program timed out.
FAIL: largefile.c  -O0  (test for excess errors)
WARNING: program timed out.
FAIL: largefile.c  -O1  (test for excess errors)
WARNING: program timed out.
FAIL: largefile.c  -O2  (test for excess errors)
WARNING: program timed out.
FAIL: largefile.c  -O3 -fomit-frame-pointer  (test for excess errors)
WARNING: program timed out.
FAIL: largefile.c  -O3 -g  (test for excess errors)
WARNING: program timed out.
FAIL: largefile.c  -Os  (test for excess errors)
FAIL: gcc.dg/struct/wo_prof_malloc_size_var.c execution test
FAIL: gcc.dg/tls/opt-11.c execution test
FAIL: gcc.dg/tls/opt-12.c execution test
FAIL: gcc.dg/tls/pr24428-2.c execution test
FAIL: gcc.dg/tls/pr24428.c execution test
FAIL: gcc.dg/torture/builtin-convert-1.c  -O1  (test for excess errors)
FAIL: gcc.dg/torture/builtin-convert-1.c  -O2  (test for excess errors)
FAIL: gcc.dg/torture/builtin-convert-1.c  -O3 -fomit-frame-pointer  (test for excess errors)
FAIL: gcc.dg/torture/builtin-convert-1.c  -O3 -g  (test for excess errors)
FAIL: gcc.dg/torture/builtin-convert-1.c  -Os  (test for excess errors)
FAIL: gcc.dg/torture/builtin-convert-2.c  -O1  (test for excess errors)
FAIL: gcc.dg/torture/builtin-convert-2.c  -O2  (test for excess errors)
FAIL: gcc.dg/torture/builtin-convert-2.c  -O3 -fomit-frame-pointer  (test for excess errors)
FAIL: gcc.dg/torture/builtin-convert-2.c  -O3 -g  (test for excess errors)
FAIL: gcc.dg/torture/builtin-convert-2.c  -Os  (test for excess errors)
FAIL: gcc.dg/torture/builtin-convert-3.c  -O1  (test for excess errors)
FAIL: gcc.dg/torture/builtin-convert-3.c  -O2  (test for excess errors)
FAIL: gcc.dg/torture/builtin-convert-3.c  -O3 -fomit-frame-pointer  (test for excess errors)
FAIL: gcc.dg/torture/builtin-convert-3.c  -O3 -g  (test for excess errors)
FAIL: gcc.dg/torture/builtin-convert-3.c  -Os  (test for excess errors)
FAIL: gcc.dg/torture/builtin-math-4.c  -O0  (test for excess errors)
FAIL: gcc.dg/torture/builtin-math-4.c  -O1  (test for excess errors)
FAIL: gcc.dg/torture/builtin-math-4.c  -O2  (test for excess errors)
FAIL: gcc.dg/torture/builtin-math-4.c  -O3 -fomit-frame-pointer  (test for excess errors)
FAIL: gcc.dg/torture/builtin-math-4.c  -O3 -fomit-frame-pointer -funroll-loops  (test for excess errors)
FAIL: gcc.dg/torture/builtin-math-4.c  -O3 -fomit-frame-pointer -funroll-all-loops -finline-functions  (test for excess errors)
FAIL: gcc.dg/torture/builtin-math-4.c  -O3 -g  (test for excess errors)
FAIL: gcc.dg/torture/builtin-math-4.c  -Os  (test for excess errors)
FAIL: gcc.dg/torture/builtin-power-1.c  -O0  (test for excess errors)
FAIL: gcc.dg/torture/builtin-power-1.c  -O1  (test for excess errors)
FAIL: gcc.dg/torture/builtin-power-1.c  -O2  (test for excess errors)
FAIL: gcc.dg/torture/builtin-power-1.c  -O3 -fomit-frame-pointer  (test for excess errors)
FAIL: gcc.dg/torture/builtin-power-1.c  -O3 -g  (test for excess errors)
FAIL: gcc.dg/torture/builtin-power-1.c  -Os  (test for excess errors)
FAIL: gcc.dg/torture/fp-int-convert-timode.c  -O0  execution test
FAIL: gcc.dg/torture/fp-int-convert-timode.c  -O1  execution test
FAIL: gcc.dg/torture/fp-int-convert-timode.c  -O2  execution test
FAIL: gcc.dg/torture/fp-int-convert-timode.c  -O3 -fomit-frame-pointer  execution test
FAIL: gcc.dg/torture/fp-int-convert-timode.c  -O3 -g  execution test
FAIL: gcc.dg/torture/fp-int-convert-timode.c  -Os  execution test
FAIL: gcc.dg/torture/type-generic-1.c  -O0  execution test
FAIL: gcc.dg/torture/type-generic-1.c  -O1  execution test
FAIL: gcc.dg/torture/type-generic-1.c  -O2  execution test
FAIL: gcc.dg/torture/type-generic-1.c  -O3 -fomit-frame-pointer  execution test
FAIL: gcc.dg/torture/type-generic-1.c  -O3 -g  execution test
FAIL: gcc.dg/torture/type-generic-1.c  -Os  execution test

		=== gcc Summary ===

# of expected passes		44443
# of unexpected failures	99
# of expected failures		89
# of unresolved testcases	4
# of untested testcases		42
# of unsupported tests		456
/amnt/sequoia/export/vol/gcc/obj/alpha/gcc-4.3.0-20080125/4.0f-gcc/gcc/xgcc  version 4.3.0 20080125 (experimental) [trunk revision 131820] (GCC) 

		=== gfortran tests ===


Running target unix
FAIL: gfortran.dg/boz_9.f90  -O0  execution test
FAIL: gfortran.dg/boz_9.f90  -O1  execution test
FAIL: gfortran.dg/boz_9.f90  -O2  execution test
FAIL: gfortran.dg/boz_9.f90  -O3 -fomit-frame-pointer  execution test
FAIL: gfortran.dg/boz_9.f90  -O3 -fomit-frame-pointer -funroll-loops  execution test
FAIL: gfortran.dg/boz_9.f90  -O3 -fomit-frame-pointer -funroll-all-loops -finline-functions  execution test
FAIL: gfortran.dg/boz_9.f90  -O3 -g  execution test
FAIL: gfortran.dg/boz_9.f90  -Os  execution test
FAIL: gfortran.dg/c_by_val_1.f  -O0  (test for excess errors)
WARNING: gfortran.dg/c_by_val_1.f  -O0  compilation failed to produce executable
FAIL: gfortran.dg/c_by_val_1.f  -O1  (test for excess errors)
WARNING: gfortran.dg/c_by_val_1.f  -O1  compilation failed to produce executable
FAIL: gfortran.dg/c_by_val_1.f  -O2  (test for excess errors)
WARNING: gfortran.dg/c_by_val_1.f  -O2  compilation failed to produce executable
FAIL: gfortran.dg/c_by_val_1.f  -O3 -fomit-frame-pointer  (test for excess errors)
WARNING: gfortran.dg/c_by_val_1.f  -O3 -fomit-frame-pointer  compilation failed to produce executable
FAIL: gfortran.dg/c_by_val_1.f  -O3 -fomit-frame-pointer -funroll-loops  (test for excess errors)
WARNING: gfortran.dg/c_by_val_1.f  -O3 -fomit-frame-pointer -funroll-loops  compilation failed to produce executable
FAIL: gfortran.dg/c_by_val_1.f  -O3 -fomit-frame-pointer -funroll-all-loops -finline-functions  (test for excess errors)
WARNING: gfortran.dg/c_by_val_1.f  -O3 -fomit-frame-pointer -funroll-all-loops -finline-functions  compilation failed to produce executable
FAIL: gfortran.dg/c_by_val_1.f  -O3 -g  (test for excess errors)
WARNING: gfortran.dg/c_by_val_1.f  -O3 -g  compilation failed to produce executable
FAIL: gfortran.dg/c_by_val_1.f  -Os  (test for excess errors)
WARNING: gfortran.dg/c_by_val_1.f  -Os  compilation failed to produce executable
FAIL: gfortran.dg/default_format_1.f90  -O0  execution test
FAIL: gfortran.dg/default_format_1.f90  -O1  execution test
FAIL: gfortran.dg/default_format_1.f90  -O2  execution test
FAIL: gfortran.dg/default_format_1.f90  -O3 -fomit-frame-pointer  execution test
FAIL: gfortran.dg/default_format_1.f90  -O3 -fomit-frame-pointer -funroll-loops  execution test
FAIL: gfortran.dg/default_format_1.f90  -O3 -fomit-frame-pointer -funroll-all-loops -finline-functions  execution test
FAIL: gfortran.dg/default_format_1.f90  -O3 -g  execution test
FAIL: gfortran.dg/default_format_1.f90  -Os  execution test
FAIL: gfortran.dg/default_format_denormal_1.f90  -O0  execution test
FAIL: gfortran.dg/default_format_denormal_1.f90  -O1  execution test
FAIL: gfortran.dg/default_format_denormal_1.f90  -O2  execution test
FAIL: gfortran.dg/default_format_denormal_1.f90  -O3 -fomit-frame-pointer  execution test
FAIL: gfortran.dg/default_format_denormal_1.f90  -O3 -fomit-frame-pointer -funroll-loops  execution test
FAIL: gfortran.dg/default_format_denormal_1.f90  -O3 -fomit-frame-pointer -funroll-all-loops -finline-functions  execution test
FAIL: gfortran.dg/default_format_denormal_1.f90  -O3 -g  execution test
FAIL: gfortran.dg/default_format_denormal_1.f90  -Os  execution test
FAIL: gfortran.dg/include_2.f90  -O  (test for excess errors)
FAIL: gfortran.dg/init_flag_3.f90  -O0  execution test
FAIL: gfortran.dg/init_flag_3.f90  -O1  execution test
FAIL: gfortran.dg/init_flag_3.f90  -O2  execution test
FAIL: gfortran.dg/init_flag_3.f90  -O3 -fomit-frame-pointer  execution test
FAIL: gfortran.dg/init_flag_3.f90  -O3 -fomit-frame-pointer -funroll-loops  execution test
FAIL: gfortran.dg/init_flag_3.f90  -O3 -fomit-frame-pointer -funroll-all-loops -finline-functions  execution test
FAIL: gfortran.dg/init_flag_3.f90  -O3 -g  execution test
FAIL: gfortran.dg/init_flag_3.f90  -Os  execution test
FAIL: gfortran.dg/init_flag_4.f90  -O0  execution test
FAIL: gfortran.dg/init_flag_4.f90  -O1  execution test
FAIL: gfortran.dg/init_flag_4.f90  -O2  execution test
FAIL: gfortran.dg/init_flag_4.f90  -O3 -fomit-frame-pointer  execution test
FAIL: gfortran.dg/init_flag_4.f90  -O3 -fomit-frame-pointer -funroll-loops  execution test
FAIL: gfortran.dg/init_flag_4.f90  -O3 -fomit-frame-pointer -funroll-all-loops -finline-functions  execution test
FAIL: gfortran.dg/init_flag_4.f90  -O3 -g  execution test
FAIL: gfortran.dg/init_flag_4.f90  -Os  execution test
FAIL: gfortran.dg/init_flag_5.f90  -O0  execution test
FAIL: gfortran.dg/init_flag_5.f90  -O1  execution test
FAIL: gfortran.dg/init_flag_5.f90  -O2  execution test
FAIL: gfortran.dg/init_flag_5.f90  -O3 -fomit-frame-pointer  execution test
FAIL: gfortran.dg/init_flag_5.f90  -O3 -fomit-frame-pointer -funroll-loops  execution test
FAIL: gfortran.dg/init_flag_5.f90  -O3 -fomit-frame-pointer -funroll-all-loops -finline-functions  execution test
FAIL: gfortran.dg/init_flag_5.f90  -O3 -g  execution test
FAIL: gfortran.dg/init_flag_5.f90  -Os  execution test
FAIL: gfortran.dg/integer_exponentiation_1.f90  -O0  execution test
FAIL: gfortran.dg/integer_exponentiation_5.F90  -O0  execution test
FAIL: gfortran.dg/integer_exponentiation_5.F90  -O1  execution test
FAIL: gfortran.dg/integer_exponentiation_5.F90  -O2  execution test
FAIL: gfortran.dg/integer_exponentiation_5.F90  -O3 -fomit-frame-pointer  execution test
FAIL: gfortran.dg/integer_exponentiation_5.F90  -O3 -fomit-frame-pointer -funroll-loops  execution test
FAIL: gfortran.dg/integer_exponentiation_5.F90  -O3 -fomit-frame-pointer -funroll-all-loops -finline-functions  execution test
FAIL: gfortran.dg/integer_exponentiation_5.F90  -O3 -g  execution test
FAIL: gfortran.dg/integer_exponentiation_5.F90  -Os  execution test
FAIL: gfortran.dg/isnan_1.f90  -O0  execution test
FAIL: gfortran.dg/isnan_1.f90  -O1  execution test
FAIL: gfortran.dg/isnan_1.f90  -O2  execution test
FAIL: gfortran.dg/isnan_1.f90  -O3 -fomit-frame-pointer  execution test
FAIL: gfortran.dg/isnan_1.f90  -O3 -fomit-frame-pointer -funroll-loops  execution test
FAIL: gfortran.dg/isnan_1.f90  -O3 -fomit-frame-pointer -funroll-all-loops -finline-functions  execution test
FAIL: gfortran.dg/isnan_1.f90  -O3 -g  execution test
FAIL: gfortran.dg/isnan_1.f90  -Os  execution test
FAIL: gfortran.dg/namelist_42.f90  -O0  execution test
FAIL: gfortran.dg/namelist_42.f90  -O1  execution test
FAIL: gfortran.dg/namelist_42.f90  -O2  execution test
FAIL: gfortran.dg/namelist_42.f90  -O3 -fomit-frame-pointer  execution test
FAIL: gfortran.dg/namelist_42.f90  -O3 -fomit-frame-pointer -funroll-loops  execution test
FAIL: gfortran.dg/namelist_42.f90  -O3 -fomit-frame-pointer -funroll-all-loops -finline-functions  execution test
FAIL: gfortran.dg/namelist_42.f90  -O3 -g  execution test
FAIL: gfortran.dg/namelist_42.f90  -Os  execution test
FAIL: gfortran.dg/namelist_43.f90  -O0  execution test
FAIL: gfortran.dg/namelist_43.f90  -O1  execution test
FAIL: gfortran.dg/namelist_43.f90  -O2  execution test
FAIL: gfortran.dg/namelist_43.f90  -O3 -fomit-frame-pointer  execution test
FAIL: gfortran.dg/namelist_43.f90  -O3 -fomit-frame-pointer -funroll-loops  execution test
FAIL: gfortran.dg/namelist_43.f90  -O3 -fomit-frame-pointer -funroll-all-loops -finline-functions  execution test
FAIL: gfortran.dg/namelist_43.f90  -O3 -g  execution test
FAIL: gfortran.dg/namelist_43.f90  -Os  execution test
FAIL: gfortran.dg/nan_1.f90  -O0  execution test
FAIL: gfortran.dg/nan_1.f90  -O1  execution test
FAIL: gfortran.dg/nan_1.f90  -O2  execution test
FAIL: gfortran.dg/nan_1.f90  -O3 -fomit-frame-pointer  execution test
FAIL: gfortran.dg/nan_1.f90  -O3 -fomit-frame-pointer -funroll-loops  execution test
FAIL: gfortran.dg/nan_1.f90  -O3 -fomit-frame-pointer -funroll-all-loops -finline-functions  execution test
FAIL: gfortran.dg/nan_1.f90  -O3 -g  execution test
FAIL: gfortran.dg/nan_1.f90  -Os  execution test
FAIL: gfortran.dg/nan_2.f90  -O0  execution test
FAIL: gfortran.dg/nan_2.f90  -O1  execution test
FAIL: gfortran.dg/nan_2.f90  -O2  execution test
FAIL: gfortran.dg/nan_2.f90  -O3 -fomit-frame-pointer  execution test
FAIL: gfortran.dg/nan_2.f90  -O3 -fomit-frame-pointer -funroll-loops  execution test
FAIL: gfortran.dg/nan_2.f90  -O3 -fomit-frame-pointer -funroll-all-loops -finline-functions  execution test
FAIL: gfortran.dg/nan_2.f90  -O3 -g  execution test
FAIL: gfortran.dg/nan_2.f90  -Os  execution test
FAIL: gfortran.dg/nan_3.f90  -O0  execution test
FAIL: gfortran.dg/nan_3.f90  -O1  execution test
FAIL: gfortran.dg/nan_3.f90  -O2  execution test
FAIL: gfortran.dg/nan_3.f90  -O3 -fomit-frame-pointer  execution test
FAIL: gfortran.dg/nan_3.f90  -O3 -fomit-frame-pointer -funroll-loops  execution test
FAIL: gfortran.dg/nan_3.f90  -O3 -fomit-frame-pointer -funroll-all-loops -finline-functions  execution test
FAIL: gfortran.dg/nan_3.f90  -O3 -g  execution test
FAIL: gfortran.dg/nan_3.f90  -Os  execution test
FAIL: gfortran.dg/nearest_1.f90  -O0  execution test
FAIL: gfortran.dg/nearest_1.f90  -O1  execution test
FAIL: gfortran.dg/nearest_1.f90  -O2  execution test
FAIL: gfortran.dg/nearest_1.f90  -O3 -fomit-frame-pointer  execution test
FAIL: gfortran.dg/nearest_1.f90  -O3 -fomit-frame-pointer -funroll-loops  execution test
FAIL: gfortran.dg/nearest_1.f90  -O3 -fomit-frame-pointer -funroll-all-loops -finline-functions  execution test
FAIL: gfortran.dg/nearest_1.f90  -O3 -g  execution test
FAIL: gfortran.dg/nearest_1.f90  -Os  execution test
FAIL: gfortran.dg/nearest_3.f90  -O0  execution test
FAIL: gfortran.dg/nearest_3.f90  -O1  execution test
FAIL: gfortran.dg/nearest_3.f90  -O2  execution test
FAIL: gfortran.dg/nearest_3.f90  -O3 -fomit-frame-pointer  execution test
FAIL: gfortran.dg/nearest_3.f90  -O3 -fomit-frame-pointer -funroll-loops  execution test
FAIL: gfortran.dg/nearest_3.f90  -O3 -fomit-frame-pointer -funroll-all-loops -finline-functions  execution test
FAIL: gfortran.dg/nearest_3.f90  -O3 -g  execution test
FAIL: gfortran.dg/nearest_3.f90  -Os  execution test
FAIL: gfortran.dg/nint_2.f90  -O0  execution test
FAIL: gfortran.dg/parameter_array_init_3.f90  -O  (internal compiler error)
FAIL: gfortran.dg/parameter_array_init_3.f90  -O  (test for excess errors)
FAIL: gfortran.dg/real_const_3.f90  -O0  execution test
FAIL: gfortran.dg/real_const_3.f90  -O1  execution test
FAIL: gfortran.dg/real_const_3.f90  -O2  execution test
FAIL: gfortran.dg/real_const_3.f90  -O3 -fomit-frame-pointer  execution test
FAIL: gfortran.dg/real_const_3.f90  -O3 -fomit-frame-pointer -funroll-loops  execution test
FAIL: gfortran.dg/real_const_3.f90  -O3 -fomit-frame-pointer -funroll-all-loops -finline-functions  execution test
FAIL: gfortran.dg/real_const_3.f90  -O3 -g  execution test
FAIL: gfortran.dg/real_const_3.f90  -Os  execution test
FAIL: gfortran.dg/stat_1.f90  -O0  execution test
FAIL: gfortran.dg/stat_1.f90  -O1  execution test
FAIL: gfortran.dg/stat_1.f90  -O2  execution test
FAIL: gfortran.dg/stat_1.f90  -O3 -fomit-frame-pointer  execution test
FAIL: gfortran.dg/stat_1.f90  -O3 -fomit-frame-pointer -funroll-loops  execution test
FAIL: gfortran.dg/stat_1.f90  -O3 -fomit-frame-pointer -funroll-all-loops -finline-functions  execution test
FAIL: gfortran.dg/stat_1.f90  -O3 -g  execution test
FAIL: gfortran.dg/stat_1.f90  -Os  execution test
FAIL: gfortran.dg/stat_2.f90  -O0  execution test
FAIL: gfortran.dg/stat_2.f90  -O1  execution test
FAIL: gfortran.dg/stat_2.f90  -O2  execution test
FAIL: gfortran.dg/stat_2.f90  -O3 -fomit-frame-pointer  execution test
FAIL: gfortran.dg/stat_2.f90  -O3 -fomit-frame-pointer -funroll-loops  execution test
FAIL: gfortran.dg/stat_2.f90  -O3 -fomit-frame-pointer -funroll-all-loops -finline-functions  execution test
FAIL: gfortran.dg/stat_2.f90  -O3 -g  execution test
FAIL: gfortran.dg/stat_2.f90  -Os  execution test
FAIL: gfortran.dg/transfer_simplify_2.f90  -O0  execution test
FAIL: gfortran.dg/transfer_simplify_2.f90  -O1  execution test
FAIL: gfortran.dg/transfer_simplify_2.f90  -O2  execution test
FAIL: gfortran.dg/transfer_simplify_2.f90  -O3 -fomit-frame-pointer  execution test
FAIL: gfortran.dg/transfer_simplify_2.f90  -O3 -fomit-frame-pointer -funroll-loops  execution test
FAIL: gfortran.dg/transfer_simplify_2.f90  -O3 -fomit-frame-pointer -funroll-all-loops -finline-functions  execution test
FAIL: gfortran.dg/transfer_simplify_2.f90  -O3 -g  execution test
FAIL: gfortran.dg/transfer_simplify_2.f90  -Os  execution test
FAIL: gfortran.fortran-torture/execute/intrinsic_nearest.f90 execution,  -O2 
FAIL: gfortran.fortran-torture/execute/intrinsic_nearest.f90 execution,  -O3 -fomit-frame-pointer 
FAIL: gfortran.fortran-torture/execute/intrinsic_nearest.f90 execution,  -O3 -fomit-frame-pointer -funroll-loops 
FAIL: gfortran.fortran-torture/execute/intrinsic_nearest.f90 execution,  -O3 -fomit-frame-pointer -funroll-all-loops -finline-functions 
FAIL: gfortran.fortran-torture/execute/intrinsic_nearest.f90 execution,  -O3 -g 
FAIL: gfortran.fortran-torture/execute/intrinsic_nearest.f90 execution,  -Os 

		=== gfortran Summary ===

# of expected passes		23147
# of unexpected failures	171
# of expected failures		3
# of unsupported tests		139
/amnt/sequoia/export/vol/gcc/obj/alpha/gcc-4.3.0-20080125/4.0f-gcc/gcc/testsuite/gfortran/../../gfortran  version 4.3.0 20080125 (experimental) [trunk revision 131820] (GCC) 

		=== gnat tests ===


Running target unix
FAIL: gnat.dg/assert1.adb execution test
FAIL: gnat.dg/frame_overflow.adb  (test for errors, line 12)
FAIL: gnat.dg/frame_overflow.adb  (test for errors, line 21)
FAIL: gnat.dg/socket1.adb execution test
FAIL: gnat.dg/socket2.adb execution test
FAIL: gnat.dg/specs/alignment1.ads (test for excess errors)

		=== gnat Summary ===

# of expected passes		341
# of unexpected failures	6
		=== objc tests ===


Running target unix
FAIL: objc.dg/dwarf-1.m (test for excess errors)
ERROR: objc.dg/dwarf-1.m: error executing dg-final: couldn't open "dwarf-1.s": no such file or directory
UNRESOLVED: objc.dg/dwarf-1.m: error executing dg-final: couldn't open "dwarf-1.s": no such file or directory
FAIL: objc.dg/dwarf-2.m (test for excess errors)
ERROR: objc.dg/dwarf-2.m: error executing dg-final: couldn't open "dwarf-2.s": no such file or directory
UNRESOLVED: objc.dg/dwarf-2.m: error executing dg-final: couldn't open "dwarf-2.s": no such file or directory
WARNING: Could not compile objc.dg/gnu-encoding/struct-layout-encoding-1 generator

		=== objc Summary ===

# of expected passes		1749
# of unexpected failures	2
# of unresolved testcases	2
# of unsupported tests		26
/amnt/sequoia/export/vol/gcc/obj/alpha/gcc-4.3.0-20080125/4.0f-gcc/gcc/xgcc  version 4.3.0 20080125 (experimental) [trunk revision 131820] (GCC) 


Compiler version: 4.3.0 20080125 (experimental) [trunk revision 131820] (GCC) 
Platform: alpha-dec-osf4.0f
configure flags: --prefix=/vol/gcc --with-local-prefix=/vol/gcc --disable-nls --host alpha-dec-osf4.0f --build alpha-dec-osf4.0f --target alpha-dec-osf4.0f --with-gmp=/vol/gcc --with-mpfr=/vol/gcc --enable-languages=c,c++,fortran,java,objc,ada --disable-libmudflap
BOOT_CFLAGS=-g -O2


Index Nav: [Date Index] [Subject Index] [Author Index] [Thread Index]
Message Nav: [Date Prev] [Date Next] [Thread Prev] [Thread Next]