This is the mail archive of the gcc-testresults@gcc.gnu.org mailing list for the GCC project.


Index Nav: [Date Index] [Subject Index] [Author Index] [Thread Index]
Message Nav: [Date Prev] [Date Next] [Thread Prev] [Thread Next]
Other format: [Raw text]

Results for 4.3.0 20080130 (experimental) (GCC) testsuite on x86_64-unknown-linux-gnu


LAST_UPDATED: 
Native configuration is x86_64-unknown-linux-gnu

		=== g++ tests ===


Running target unix
XPASS: g++.dg/tree-ssa/ivopts-1.C scan-tree-dump-not ivopts "offset: (4294967292|0x0f+fc)"

		=== g++ Summary ===

# of expected passes		17329
# of unexpected successes	1
# of expected failures		82
# of unsupported tests		118
/home/dnovillo/perf/sbox/gcc/local.x86_64/bld/gcc/testsuite/g++/../../g++  version 4.3.0 20080130 (experimental) (GCC) 

		=== gcc tests ===


Running target unix

		=== gcc Summary ===

# of expected passes		48594
# of expected failures		166
# of untested testcases		35
# of unsupported tests		378
/home/dnovillo/perf/sbox/gcc/local.x86_64/bld/gcc/xgcc  version 4.3.0 20080130 (experimental) (GCC) 

		=== gfortran tests ===


Running target unix

		=== gfortran Summary ===

# of expected passes		23680
# of expected failures		3
# of unsupported tests		18
/home/dnovillo/perf/sbox/gcc/local.x86_64/bld/gcc/testsuite/gfortran/../../gfortran  version 4.3.0 20080130 (experimental) (GCC) 

		=== objc tests ===


Running target unix

		=== objc Summary ===

# of expected passes		1812
# of expected failures		7
# of unsupported tests		24
/home/dnovillo/perf/sbox/gcc/local.x86_64/bld/gcc/xgcc  version 4.3.0 20080130 (experimental) (GCC) 

		=== libffi tests ===


Running target unix

		=== libffi Summary ===

# of expected passes		1116
# of unsupported tests		8
		=== libgomp tests ===


Running target unix

		=== libgomp Summary ===

# of expected passes		1693
		=== libjava tests ===


Running target unix
FAIL: LargeFile execution - source compiled test
FAIL: LargeFile -findirect-dispatch execution - source compiled test
FAIL: LargeFile -O3 execution - source compiled test
FAIL: LargeFile -O3 -findirect-dispatch execution - source compiled test

		=== libjava Summary ===

# of expected passes		2542
# of unexpected failures	4
# of untested testcases		4
		=== libmudflap tests ===


Running target unix
FAIL: libmudflap.c/fail8-frag.c (-static) output pattern test
FAIL: libmudflap.c/fail9-frag.c (-static) output pattern test
FAIL: libmudflap.c++/pass41-frag.cxx execution test
FAIL: libmudflap.c++/pass41-frag.cxx (-static) execution test
FAIL: libmudflap.c++/pass41-frag.cxx ( -O) execution test
FAIL: libmudflap.c++/pass41-frag.cxx (-O2) execution test
FAIL: libmudflap.c++/pass41-frag.cxx (-O3) execution test

		=== libmudflap Summary ===

# of expected passes		1842
# of unexpected failures	7
		=== libstdc++ tests ===


Running target unix
XPASS: 26_numerics/headers/cmath/c99_classification_macros_c.cc (test for excess errors)
XPASS: 27_io/fpos/14320-1.cc execution test

		=== libstdc++ Summary ===

# of expected passes		5595
# of unexpected successes	2
# of expected failures		60
# of unsupported tests		10

Compiler version: 4.3.0 20080130 (experimental) (GCC) 
Platform: x86_64-unknown-linux-gnu
configure flags: --prefix=/home/dnovillo/perf/sbox/gcc/local.x86_64/inst --srcdir=/home/dnovillo/perf/sbox/gcc/local.x86_64/src --enable-checking=release


Index Nav: [Date Index] [Subject Index] [Author Index] [Thread Index]
Message Nav: [Date Prev] [Date Next] [Thread Prev] [Thread Next]