This is the mail archive of the gcc-testresults@gcc.gnu.org mailing list for the GCC project.


Index Nav: [Date Index] [Subject Index] [Author Index] [Thread Index]
Message Nav: [Date Prev] [Date Next] [Thread Prev] [Thread Next]
Other format: [Raw text]

Results for 4.3.0 20080129 (experimental) [trunk revision 131930] (GCC) testsuite on powerpc64-unknown-linux-gnu


Linux 2.6.5-7.252-pseries64 ppc64
GNU C Library stable release version 2.3.5 (20050720)
GNU ld (GNU Binutils) 2.18
GNU assembler (GNU Binutils) 2.18
GNU Make 3.80

DejaGnu:
	Expect version is	5.43.0
	Tcl version is		8.4
	Framework version is	1.4.4

32-bit biarch default32

SVN branch: trunk

This hardware has VMX instructions.

LAST_UPDATED: Tue Jan 29 02:16:59 UTC 2008 (revision 131930)

Native configuration is powerpc64-unknown-linux-gnu

		=== g++ tests ===


Running target unix/-m32
FAIL: g++.dg/cpp0x/vt-34103.C (internal compiler error)
FAIL: g++.dg/cpp0x/vt-34103.C (test for excess errors)

		=== g++ Summary for unix/-m32 ===

# of expected passes		18169
# of unexpected failures	2
# of expected failures		82
# of unsupported tests		117

Running target unix/-m64
FAIL: g++.dg/cpp0x/vt-34103.C (internal compiler error)
FAIL: g++.dg/cpp0x/vt-34103.C (test for excess errors)

		=== g++ Summary for unix/-m64 ===

# of expected passes		18131
# of unexpected failures	2
# of expected failures		82
# of unsupported tests		120

		=== g++ Summary ===

# of expected passes		36300
# of unexpected failures	4
# of expected failures		164
# of unsupported tests		237
/extra_space/gccbuild/build/nightly/build-gcc-trunk/gcc/testsuite/g++/../../g++  version 4.3.0 20080129 (experimental) [trunk revision 131930] (GCC) 

		=== gcc tests ===


Running target unix/-m32
FAIL: gcc.c-torture/compile/20071117-1.c  -O0  (internal compiler error)
FAIL: gcc.c-torture/compile/20071117-1.c  -O0  (test for excess errors)
FAIL: gcc.dg/memcpy-1.c scan-tree-dump-times optimized "nasty_local" 0
FAIL: gcc.dg/pr34856.c (test for excess errors)
FAIL: gcc.dg/vect/costmodel/ppc/costmodel-vect-31d.c scan-tree-dump-times vect "vectorization not profitable" 1
FAIL: gcc.dg/vect/costmodel/ppc/costmodel-vect-31d.c scan-tree-dump-times vect "vectorized 1 loops" 0
FAIL: gcc.dg/vect/costmodel/ppc/costmodel-vect-68d.c scan-tree-dump-times vect "vectorization not profitable" 1
FAIL: gcc.dg/vect/costmodel/ppc/costmodel-vect-68d.c scan-tree-dump-times vect "vectorized 1 loops" 0
FAIL: gcc.dg/vect/pr33953.c scan-tree-dump-times vect "vectorized 1 loops" 1
FAIL: gcc.dg/vect/pr33953.c scan-tree-dump-times vect "vectorizing stmts using SLP" 1
FAIL: gcc.dg/vect/vect-64.c (internal compiler error)
FAIL: gcc.dg/vect/vect-64.c (test for excess errors)
WARNING: gcc.dg/vect/vect-64.c compilation failed to produce executable
FAIL: gcc.dg/vect/no-scevccp-outer-10a.c execution test
FAIL: gcc.dg/vect/no-scevccp-outer-10b.c execution test
FAIL: gcc.dg/vect/no-scevccp-outer-11.c execution test
FAIL: gcc.dg/vect/no-scevccp-outer-12.c execution test
FAIL: gcc.dg/vect/no-scevccp-outer-15.c execution test
FAIL: gcc.dg/vect/no-scevccp-outer-22.c execution test
FAIL: gcc.dg/vect/no-scevccp-outer-7.c execution test
FAIL: gcc.dg/vect/no-scevccp-noreassoc-outer-3.c execution test

		=== gcc Summary for unix/-m32 ===

# of expected passes		49985
# of unexpected failures	20
# of expected failures		169
# of untested testcases		35
# of unsupported tests		368

Running target unix/-m64
FAIL: gcc.c-torture/compile/20071117-1.c  -O0  (internal compiler error)
FAIL: gcc.c-torture/compile/20071117-1.c  -O0  (test for excess errors)
XPASS: gcc.dg/tree-ssa/sra-2.c scan-tree-dump-times optimized "link_error" 0
FAIL: gcc.dg/vect/costmodel/ppc/costmodel-vect-31d.c scan-tree-dump-times vect "vectorization not profitable" 1
FAIL: gcc.dg/vect/costmodel/ppc/costmodel-vect-31d.c scan-tree-dump-times vect "vectorized 1 loops" 0
FAIL: gcc.dg/vect/costmodel/ppc/costmodel-vect-68d.c scan-tree-dump-times vect "vectorization not profitable" 1
FAIL: gcc.dg/vect/costmodel/ppc/costmodel-vect-68d.c scan-tree-dump-times vect "vectorized 1 loops" 0
FAIL: gcc.dg/vect/pr33953.c scan-tree-dump-times vect "vectorized 1 loops" 1
FAIL: gcc.dg/vect/pr33953.c scan-tree-dump-times vect "vectorizing stmts using SLP" 1
FAIL: gcc.dg/vect/vect-64.c (internal compiler error)
FAIL: gcc.dg/vect/vect-64.c (test for excess errors)
WARNING: gcc.dg/vect/vect-64.c compilation failed to produce executable
FAIL: gcc.target/powerpc/ppc-negeq0-1.c scan-assembler-not cntlzw

		=== gcc Summary for unix/-m64 ===

# of expected passes		49825
# of unexpected failures	11
# of unexpected successes	1
# of expected failures		169
# of untested testcases		35
# of unsupported tests		442

		=== gcc Summary ===

# of expected passes		99810
# of unexpected failures	31
# of unexpected successes	1
# of expected failures		338
# of untested testcases		70
# of unsupported tests		810
/extra_space/gccbuild/build/nightly/build-gcc-trunk/gcc/xgcc  version 4.3.0 20080129 (experimental) [trunk revision 131930] (GCC) 

		=== gfortran tests ===


Running target unix/-m32
FAIL: gfortran.dg/csqrt_2.f  -O0  execution test
FAIL: gfortran.dg/csqrt_2.f  -O1  execution test
FAIL: gfortran.dg/csqrt_2.f  -O2  execution test
FAIL: gfortran.dg/csqrt_2.f  -O3 -fomit-frame-pointer  execution test
FAIL: gfortran.dg/csqrt_2.f  -O3 -fomit-frame-pointer -funroll-loops  execution test
FAIL: gfortran.dg/csqrt_2.f  -O3 -fomit-frame-pointer -funroll-all-loops -finline-functions  execution test
FAIL: gfortran.dg/csqrt_2.f  -O3 -g  execution test
FAIL: gfortran.dg/csqrt_2.f  -Os  execution test
XPASS: gfortran.dg/nint_2.f90  -O1  execution test
XPASS: gfortran.dg/nint_2.f90  -O2  execution test
XPASS: gfortran.dg/nint_2.f90  -O3 -fomit-frame-pointer  execution test
XPASS: gfortran.dg/nint_2.f90  -O3 -fomit-frame-pointer -funroll-loops  execution test
XPASS: gfortran.dg/nint_2.f90  -O3 -fomit-frame-pointer -funroll-all-loops -finline-functions  execution test
XPASS: gfortran.dg/nint_2.f90  -O3 -g  execution test
XPASS: gfortran.dg/nint_2.f90  -Os  execution test

		=== gfortran Summary for unix/-m32 ===

# of expected passes		23456
# of unexpected failures	8
# of unexpected successes	7
# of expected failures		4
# of unsupported tests		117

Running target unix/-m64
FAIL: gfortran.dg/csqrt_2.f  -O0  execution test
FAIL: gfortran.dg/csqrt_2.f  -O1  execution test
FAIL: gfortran.dg/csqrt_2.f  -O2  execution test
FAIL: gfortran.dg/csqrt_2.f  -O3 -fomit-frame-pointer  execution test
FAIL: gfortran.dg/csqrt_2.f  -O3 -fomit-frame-pointer -funroll-loops  execution test
FAIL: gfortran.dg/csqrt_2.f  -O3 -fomit-frame-pointer -funroll-all-loops -finline-functions  execution test
FAIL: gfortran.dg/csqrt_2.f  -O3 -g  execution test
FAIL: gfortran.dg/csqrt_2.f  -Os  execution test
XPASS: gfortran.dg/nint_2.f90  -O1  execution test
XPASS: gfortran.dg/nint_2.f90  -O2  execution test
XPASS: gfortran.dg/nint_2.f90  -O3 -fomit-frame-pointer  execution test
XPASS: gfortran.dg/nint_2.f90  -O3 -fomit-frame-pointer -funroll-loops  execution test
XPASS: gfortran.dg/nint_2.f90  -O3 -fomit-frame-pointer -funroll-all-loops -finline-functions  execution test
XPASS: gfortran.dg/nint_2.f90  -O3 -g  execution test
XPASS: gfortran.dg/nint_2.f90  -Os  execution test

		=== gfortran Summary for unix/-m64 ===

# of expected passes		23488
# of unexpected failures	8
# of unexpected successes	7
# of expected failures		4
# of unsupported tests		101

		=== gfortran Summary ===

# of expected passes		46944
# of unexpected failures	16
# of unexpected successes	14
# of expected failures		8
# of unsupported tests		218
/extra_space/gccbuild/build/nightly/build-gcc-trunk/gcc/testsuite/gfortran/../../gfortran  version 4.3.0 20080129 (experimental) [trunk revision 131930] (GCC) 

		=== obj-c++ tests ===


Running target unix/-m32
FAIL: obj-c++.dg/bitfield-1.mm (internal compiler error)
FAIL: obj-c++.dg/bitfield-1.mm (test for excess errors)
WARNING: obj-c++.dg/bitfield-1.mm compilation failed to produce executable
FAIL: obj-c++.dg/comp-types-10.mm (internal compiler error)
FAIL: obj-c++.dg/comp-types-10.mm (test for excess errors)
FAIL: obj-c++.dg/cxx-ivars-2.mm execution test
FAIL: obj-c++.dg/encode-2.mm scan-assembler {Vec<float>=ffi}
FAIL: obj-c++.dg/encode-2.mm scan-assembler {Vec<double>=ddi}
FAIL: obj-c++.dg/encode-3.mm execution test
FAIL: obj-c++.dg/encode-8.mm execution test
FAIL: obj-c++.dg/gnu-runtime-2.mm (test for excess errors)
FAIL: obj-c++.dg/isa-field-1.mm (test for excess errors)
FAIL: obj-c++.dg/lookup-2.mm (test for excess errors)
WARNING: obj-c++.dg/lookup-2.mm compilation failed to produce executable
FAIL: obj-c++.dg/try-catch-2.mm (test for excess errors)
WARNING: obj-c++.dg/try-catch-2.mm compilation failed to produce executable
FAIL: obj-c++.dg/try-catch-9.mm (internal compiler error)
FAIL: obj-c++.dg/try-catch-9.mm (test for excess errors)
WARNING: obj-c++.dg/try-catch-9.mm compilation failed to produce executable

		=== obj-c++ Summary for unix/-m32 ===

# of expected passes		422
# of unexpected failures	15
# of unsupported tests		13

Running target unix/-m64
FAIL: obj-c++.dg/bitfield-1.mm (internal compiler error)
FAIL: obj-c++.dg/bitfield-1.mm (test for excess errors)
WARNING: obj-c++.dg/bitfield-1.mm compilation failed to produce executable
FAIL: obj-c++.dg/bitfield-4.mm (test for excess errors)
FAIL: obj-c++.dg/comp-types-10.mm (internal compiler error)
FAIL: obj-c++.dg/comp-types-10.mm (test for excess errors)
FAIL: obj-c++.dg/cxx-ivars-2.mm execution test
FAIL: obj-c++.dg/encode-2.mm scan-assembler {Vec<float>=ffi}
FAIL: obj-c++.dg/encode-2.mm scan-assembler {Vec<double>=ddi}
FAIL: obj-c++.dg/encode-3.mm execution test
FAIL: obj-c++.dg/encode-8.mm execution test
FAIL: obj-c++.dg/gnu-runtime-2.mm (test for excess errors)
FAIL: obj-c++.dg/isa-field-1.mm (test for excess errors)
FAIL: obj-c++.dg/layout-1.mm (test for excess errors)
FAIL: obj-c++.dg/lookup-2.mm (test for excess errors)
WARNING: obj-c++.dg/lookup-2.mm compilation failed to produce executable
FAIL: obj-c++.dg/try-catch-2.mm (test for excess errors)
WARNING: obj-c++.dg/try-catch-2.mm compilation failed to produce executable
FAIL: obj-c++.dg/try-catch-9.mm (internal compiler error)
FAIL: obj-c++.dg/try-catch-9.mm (test for excess errors)
WARNING: obj-c++.dg/try-catch-9.mm compilation failed to produce executable

		=== obj-c++ Summary for unix/-m64 ===

# of expected passes		420
# of unexpected failures	17
# of unsupported tests		13

		=== obj-c++ Summary ===

# of expected passes		842
# of unexpected failures	32
# of unsupported tests		26
/extra_space/gccbuild/build/nightly/build-gcc-trunk/gcc/testsuite/obj-c++/../../g++  version 4.3.0 20080129 (experimental) [trunk revision 131930] (GCC) 

		=== objc tests ===


Running target unix/-m32

		=== objc Summary for unix/-m32 ===

# of expected passes		1812
# of expected failures		7
# of unsupported tests		24

Running target unix/-m64

		=== objc Summary for unix/-m64 ===

# of expected passes		1812
# of expected failures		7
# of unsupported tests		24

		=== objc Summary ===

# of expected passes		3624
# of expected failures		14
# of unsupported tests		48
/extra_space/gccbuild/build/nightly/build-gcc-trunk/gcc/xgcc  version 4.3.0 20080129 (experimental) [trunk revision 131930] (GCC) 

		=== libffi tests ===


Running target unix/-m32

		=== libffi Summary for unix/-m32 ===

# of expected passes		1116
# of unsupported tests		8

Running target unix/-m64

		=== libffi Summary for unix/-m64 ===

# of expected passes		1116
# of unsupported tests		8

		=== libffi Summary ===

# of expected passes		2232
# of unsupported tests		16
		=== libgomp tests ===


Running target unix/-m32

		=== libgomp Summary for unix/-m32 ===

# of expected passes		1693

Running target unix/-m64

		=== libgomp Summary for unix/-m64 ===

# of expected passes		1693

		=== libgomp Summary ===

# of expected passes		3386
		=== libjava tests ===


Running target unix/-m32
FAIL: events output

		=== libjava Summary for unix/-m32 ===

# of expected passes		2549
# of unexpected failures	1

Running target unix/-m64
FAIL: getlocalvartable output

		=== libjava Summary for unix/-m64 ===

# of expected passes		2549
# of unexpected failures	1

		=== libjava Summary ===

# of expected passes		5098
# of unexpected failures	2
		=== libmudflap tests ===


Running target unix/-m32
FAIL: libmudflap.c++/pass41-frag.cxx execution test
FAIL: libmudflap.c++/pass41-frag.cxx (-static) execution test
FAIL: libmudflap.c++/pass41-frag.cxx ( -O) execution test
FAIL: libmudflap.c++/pass41-frag.cxx (-O2) execution test
FAIL: libmudflap.c++/pass41-frag.cxx (-O3) execution test

		=== libmudflap Summary for unix/-m32 ===

# of expected passes		1844
# of unexpected failures	5

Running target unix/-m64
FAIL: libmudflap.c/fail27-frag.c output pattern test
FAIL: libmudflap.c/fail27-frag.c (-O2) output pattern test
FAIL: libmudflap.c/fail27-frag.c (-O3) output pattern test
FAIL: libmudflap.c++/pass41-frag.cxx execution test
FAIL: libmudflap.c++/pass41-frag.cxx (-static) execution test
FAIL: libmudflap.c++/pass41-frag.cxx ( -O) execution test
FAIL: libmudflap.c++/pass41-frag.cxx (-O2) execution test
FAIL: libmudflap.c++/pass41-frag.cxx (-O3) execution test
WARNING: program timed out.
FAIL: libmudflap.cth/pass37-frag.c (-O2) (rerun 6) execution test
FAIL: libmudflap.cth/pass37-frag.c (-O2) (rerun 6) output pattern test
WARNING: program timed out.
FAIL: libmudflap.cth/pass37-frag.c (-O2) (rerun 11) execution test
FAIL: libmudflap.cth/pass37-frag.c (-O2) (rerun 11) output pattern test
WARNING: program timed out.
FAIL: libmudflap.cth/pass37-frag.c (-O2) (rerun 17) execution test
FAIL: libmudflap.cth/pass37-frag.c (-O2) (rerun 17) output pattern test
WARNING: program timed out.
FAIL: libmudflap.cth/pass37-frag.c (-O2) (rerun 18) execution test
FAIL: libmudflap.cth/pass37-frag.c (-O2) (rerun 18) output pattern test
WARNING: program timed out.
FAIL: libmudflap.cth/pass39-frag.c (-O3) (rerun 2) execution test
FAIL: libmudflap.cth/pass39-frag.c (-O3) (rerun 2) output pattern test

		=== libmudflap Summary for unix/-m64 ===

# of expected passes		1831
# of unexpected failures	18

		=== libmudflap Summary ===

# of expected passes		3675
# of unexpected failures	23
		=== libstdc++ tests ===


Running target unix/-m32
FAIL: abi_check
XPASS: 26_numerics/headers/cmath/c99_classification_macros_c.cc (test for excess errors)

		=== libstdc++ Summary for unix/-m32 ===

# of expected passes		5594
# of unexpected failures	1
# of unexpected successes	1
# of expected failures		61
# of unsupported tests		10

Running target unix/-m64
FAIL: abi_check
XPASS: 26_numerics/complex/13450.cc execution test
XPASS: 26_numerics/complex/complex_value.cc execution test
XPASS: 26_numerics/complex/pow.cc execution test
XPASS: 26_numerics/headers/cmath/c99_classification_macros_c.cc (test for excess errors)
XPASS: 27_io/fpos/14320-1.cc execution test

		=== libstdc++ Summary for unix/-m64 ===

# of expected passes		5591
# of unexpected failures	1
# of unexpected successes	5
# of expected failures		60
# of unsupported tests		10

		=== libstdc++ Summary ===

# of expected passes		11185
# of unexpected failures	2
# of unexpected successes	6
# of expected failures		121
# of unsupported tests		20

Compiler version: 4.3.0 20080129 (experimental) [trunk revision 131930] (GCC) 
Platform: powerpc64-unknown-linux-gnu
configure flags: --prefix=/opt/gcc-nightly/trunk-20080129 --build=powerpc64-linux --host=powerpc64-linux --target=powerpc64-linux --with-cpu=default32 --with-as=/opt/gcc-nightly/binutils-2.18/bin/as --with-ld=/opt/gcc-nightly/binutils-2.18/bin/ld --enable-threads=posix --enable-shared --enable-__cxa_atexit --enable-languages=c,c++,fortran,objc,obj-c++,java --enable-checking --disable-alsa --with-gmp=/opt/gcc-nightly/gmp-mpfr --with-mpfr=/opt/gcc-nightly/gmp-mpfr --enable-decimal-float

		=== Test Framework Summary ===

# of expected passes		2510


Index Nav: [Date Index] [Subject Index] [Author Index] [Thread Index]
Message Nav: [Date Prev] [Date Next] [Thread Prev] [Thread Next]