This is the mail archive of the
gcc-testresults@gcc.gnu.org
mailing list for the GCC project.
Results for 4.3.0 20080128 (experimental) [trunk revision 131910] (GCC) testsuite on x86_64-unknown-linux-gnu
- From: Joey Ye <jye2 at shgcc-2 dot sh dot intel dot com>
- To: gcc-testresults at gcc dot gnu dot org
- Date: Tue, 29 Jan 2008 07:25:16 +0800
- Subject: Results for 4.3.0 20080128 (experimental) [trunk revision 131910] (GCC) testsuite on x86_64-unknown-linux-gnu
LAST_UPDATED: Mon Jan 28 17:01:58 UTC 2008 (revision 131910)
Native configuration is x86_64-unknown-linux-gnu
=== g++ tests ===
Running target unix/-m32
XPASS: g++.dg/tree-ssa/ivopts-1.C scan-tree-dump-not ivopts "offset: (4294967292|0x0f+fc)"
=== g++ Summary for unix/-m32 ===
# of expected passes 17377
# of unexpected successes 1
# of expected failures 82
# of unsupported tests 89
Running target unix
XPASS: g++.dg/tree-ssa/ivopts-1.C scan-tree-dump-not ivopts "offset: (4294967292|0x0f+fc)"
=== g++ Summary for unix ===
# of expected passes 17292
# of unexpected successes 1
# of expected failures 82
# of unsupported tests 118
=== g++ Summary ===
# of expected passes 34669
# of unexpected successes 2
# of expected failures 164
# of unsupported tests 207
/home/jye2/gcc/build-daily/gcc/testsuite/g++/../../g++ version 4.3.0 20080128 (experimental) [trunk revision 131910] (GCC)
=== gcc tests ===
Running target unix/-m32
FAIL: gcc.dg/torture/builtin-math-4.c -O0 (test for excess errors)
FAIL: gcc.dg/torture/builtin-math-4.c -O1 (test for excess errors)
FAIL: gcc.dg/torture/builtin-math-4.c -O2 (test for excess errors)
FAIL: gcc.dg/torture/builtin-math-4.c -O3 -fomit-frame-pointer (test for excess errors)
FAIL: gcc.dg/torture/builtin-math-4.c -O3 -fomit-frame-pointer -funroll-loops (test for excess errors)
FAIL: gcc.dg/torture/builtin-math-4.c -O3 -fomit-frame-pointer -funroll-all-loops -finline-functions (test for excess errors)
FAIL: gcc.dg/torture/builtin-math-4.c -O3 -g (test for excess errors)
FAIL: gcc.dg/torture/builtin-math-4.c -Os (test for excess errors)
=== gcc Summary for unix/-m32 ===
# of expected passes 48701
# of unexpected failures 8
# of expected failures 167
# of untested testcases 35
# of unsupported tests 266
Running target unix
FAIL: gcc.dg/torture/builtin-math-4.c -O0 (test for excess errors)
FAIL: gcc.dg/torture/builtin-math-4.c -O1 (test for excess errors)
FAIL: gcc.dg/torture/builtin-math-4.c -O2 (test for excess errors)
FAIL: gcc.dg/torture/builtin-math-4.c -O3 -fomit-frame-pointer (test for excess errors)
FAIL: gcc.dg/torture/builtin-math-4.c -O3 -fomit-frame-pointer -funroll-loops (test for excess errors)
FAIL: gcc.dg/torture/builtin-math-4.c -O3 -fomit-frame-pointer -funroll-all-loops -finline-functions (test for excess errors)
FAIL: gcc.dg/torture/builtin-math-4.c -O3 -g (test for excess errors)
FAIL: gcc.dg/torture/builtin-math-4.c -Os (test for excess errors)
=== gcc Summary for unix ===
# of expected passes 48565
# of unexpected failures 8
# of expected failures 166
# of untested testcases 35
# of unsupported tests 378
=== gcc Summary ===
# of expected passes 97266
# of unexpected failures 16
# of expected failures 333
# of untested testcases 70
# of unsupported tests 644
/home/jye2/gcc/build-daily/gcc/xgcc version 4.3.0 20080128 (experimental) [trunk revision 131910] (GCC)
=== gfortran tests ===
Running target unix/-m32
=== gfortran Summary for unix/-m32 ===
# of expected passes 23666
# of expected failures 3
# of unsupported tests 16
Running target unix
=== gfortran Summary for unix ===
# of expected passes 23664
# of expected failures 3
# of unsupported tests 18
=== gfortran Summary ===
# of expected passes 47330
# of expected failures 6
# of unsupported tests 34
/home/jye2/gcc/build-daily/gcc/testsuite/gfortran/../../gfortran version 4.3.0 20080128 (experimental) [trunk revision 131910] (GCC)
=== objc tests ===
Running target unix/-m32
=== objc Summary for unix/-m32 ===
# of expected passes 1812
# of expected failures 7
# of unsupported tests 24
Running target unix
=== objc Summary for unix ===
# of expected passes 1812
# of expected failures 7
# of unsupported tests 24
=== objc Summary ===
# of expected passes 3624
# of expected failures 14
# of unsupported tests 48
/home/jye2/gcc/build-daily/gcc/xgcc version 4.3.0 20080128 (experimental) [trunk revision 131910] (GCC)
=== libffi tests ===
Running target unix/-m32
=== libffi Summary for unix/-m32 ===
# of expected passes 1116
# of unsupported tests 8
Running target unix
=== libffi Summary for unix ===
# of expected passes 1116
# of unsupported tests 8
=== libffi Summary ===
# of expected passes 2232
# of unsupported tests 16
=== libgomp tests ===
Running target unix/-m32
=== libgomp Summary for unix/-m32 ===
# of expected passes 1693
Running target unix
=== libgomp Summary for unix ===
# of expected passes 1693
=== libgomp Summary ===
# of expected passes 3386
=== libjava tests ===
Running target unix/-m32
=== libjava Summary for unix/-m32 ===
# of expected passes 2550
Running target unix
=== libjava Summary for unix ===
# of expected passes 2550
=== libjava Summary ===
# of expected passes 5100
=== libmudflap tests ===
Running target unix/-m32
FAIL: libmudflap.c++/pass41-frag.cxx execution test
FAIL: libmudflap.c++/pass41-frag.cxx (-static) execution test
FAIL: libmudflap.c++/pass41-frag.cxx ( -O) execution test
FAIL: libmudflap.c++/pass41-frag.cxx (-O2) execution test
FAIL: libmudflap.c++/pass41-frag.cxx (-O3) execution test
=== libmudflap Summary for unix/-m32 ===
# of expected passes 1844
# of unexpected failures 5
Running target unix
FAIL: libmudflap.c/fail8-frag.c (-static) output pattern test
FAIL: libmudflap.c/fail9-frag.c (-static) output pattern test
FAIL: libmudflap.c++/pass41-frag.cxx execution test
FAIL: libmudflap.c++/pass41-frag.cxx (-static) execution test
FAIL: libmudflap.c++/pass41-frag.cxx ( -O) execution test
FAIL: libmudflap.c++/pass41-frag.cxx (-O2) execution test
FAIL: libmudflap.c++/pass41-frag.cxx (-O3) execution test
=== libmudflap Summary for unix ===
# of expected passes 1842
# of unexpected failures 7
=== libmudflap Summary ===
# of expected passes 3686
# of unexpected failures 12
=== libstdc++ tests ===
Running target unix/-m32
XPASS: 26_numerics/headers/cmath/c99_classification_macros_c.cc (test for excess errors)
=== libstdc++ Summary for unix/-m32 ===
# of expected passes 5595
# of unexpected successes 1
# of expected failures 61
# of unsupported tests 10
Running target unix
XPASS: 26_numerics/headers/cmath/c99_classification_macros_c.cc (test for excess errors)
XPASS: 27_io/fpos/14320-1.cc execution test
=== libstdc++ Summary for unix ===
# of expected passes 5595
# of unexpected successes 2
# of expected failures 60
# of unsupported tests 10
=== libstdc++ Summary ===
# of expected passes 11190
# of unexpected successes 3
# of expected failures 121
# of unsupported tests 20
Compiler version: 4.3.0 20080128 (experimental) [trunk revision 131910] (GCC)
Platform: x86_64-unknown-linux-gnu
configure flags: --enable-clocale=gnu --with-system-zlib --enable-decimal-float=bid --with-demangler-in-ld --enable-shared --enable-threads=posix --enable-haifa --enable-checking=assert