This is the mail archive of the gcc-testresults@gcc.gnu.org mailing list for the GCC project.


Index Nav: [Date Index] [Subject Index] [Author Index] [Thread Index]
Message Nav: [Date Prev] [Date Next] [Thread Prev] [Thread Next]
Other format: [Raw text]

Results for 4.3.0 20080126 (experimental) (GCC) testsuite on mips64-unknown-linux-gnu


LAST_UPDATED: Sat Jan 26 22:52:38 UTC 2008

Target is mips64-unknown-linux-gnu
Host   is x86_64-unknown-linux-gnu

		=== gcc tests ===


Running target qemu64eb/-mabi=n32

		=== gcc Summary for qemu64eb/-mabi=n32 ===

# of expected passes		46604
# of expected failures		90
# of untested testcases		35
# of unsupported tests		393

Running target qemu64eb/-mabi=32

		=== gcc Summary for qemu64eb/-mabi=32 ===

# of expected passes		46901
# of expected failures		90
# of untested testcases		35
# of unsupported tests		341

Running target qemu64eb/-mabi=64

		=== gcc Summary for qemu64eb/-mabi=64 ===

# of expected passes		46629
# of expected failures		90
# of untested testcases		35
# of unsupported tests		389

		=== gcc Summary ===

# of expected passes		140134
# of expected failures		270
# of untested testcases		105
# of unsupported tests		1123
/scratch/richard/gcc/HEAD/mips64-linux-gnu/x86_64-unknown-linux-gnu/gcc/xgcc  version 4.3.0 20080126 (experimental) (GCC) 

Host   is x86_64-unknown-linux-gnu

		=== gfortran tests ===


Running target qemu64eb/-mabi=n32
FAIL: gfortran.dg/missing_optional_dummy_5.f90  -O  scan-tree-dump original " tm_doit \\(&parm.7, 0B, 0\\);"

		=== gfortran Summary for qemu64eb/-mabi=n32 ===

# of expected passes		23623
# of unexpected failures	1
# of expected failures		3
# of unsupported tests		20

Running target qemu64eb/-mabi=32
FAIL: gfortran.dg/missing_optional_dummy_5.f90  -O  scan-tree-dump original " tm_doit \\(&parm.7, 0B, 0\\);"

		=== gfortran Summary for qemu64eb/-mabi=32 ===

# of expected passes		23423
# of unexpected failures	1
# of expected failures		3
# of unsupported tests		116

Running target qemu64eb/-mabi=64
FAIL: gfortran.dg/missing_optional_dummy_5.f90  -O  scan-tree-dump original " tm_doit \\(&parm.7, 0B, 0\\);"

		=== gfortran Summary for qemu64eb/-mabi=64 ===

# of expected passes		23623
# of unexpected failures	1
# of expected failures		3
# of unsupported tests		20

		=== gfortran Summary ===

# of expected passes		70669
# of unexpected failures	3
# of expected failures		9
# of unsupported tests		156
/scratch/richard/gcc/HEAD/mips64-linux-gnu/x86_64-unknown-linux-gnu/gcc/testsuite/gfortran/../../gfortran  version 4.3.0 20080126 (experimental) (GCC) 

Host   is x86_64-unknown-linux-gnu

		=== g++ tests ===


Running target qemu64eb/-mabi=n32
FAIL: g++.dg/cpp0x/vt-34103.C (internal compiler error)
FAIL: g++.dg/cpp0x/vt-34103.C (test for excess errors)
FAIL: g++.dg/expr/cast7.C (internal compiler error)
FAIL: g++.dg/expr/cast7.C (test for excess errors)
XPASS: g++.dg/tree-ssa/ivopts-1.C scan-tree-dump-not ivopts "offset: (4294967292|0x0f+fc)"

		=== g++ Summary for qemu64eb/-mabi=n32 ===

# of expected passes		17255
# of unexpected failures	4
# of unexpected successes	1
# of expected failures		82
# of unsupported tests		143

Running target qemu64eb/-mabi=32
FAIL: g++.dg/cpp0x/vt-34103.C (internal compiler error)
FAIL: g++.dg/cpp0x/vt-34103.C (test for excess errors)
FAIL: g++.dg/expr/cast7.C (internal compiler error)
FAIL: g++.dg/expr/cast7.C (test for excess errors)
XPASS: g++.dg/tree-ssa/ivopts-1.C scan-tree-dump-not ivopts "offset: (4294967292|0x0f+fc)"

		=== g++ Summary for qemu64eb/-mabi=32 ===

# of expected passes		17251
# of unexpected failures	4
# of unexpected successes	1
# of expected failures		82
# of unsupported tests		143

Running target qemu64eb/-mabi=64
FAIL: g++.dg/cpp0x/vt-34103.C (internal compiler error)
FAIL: g++.dg/cpp0x/vt-34103.C (test for excess errors)
FAIL: g++.dg/expr/cast7.C (internal compiler error)
FAIL: g++.dg/expr/cast7.C (test for excess errors)
XPASS: g++.dg/tree-ssa/ivopts-1.C scan-tree-dump-not ivopts "offset: (4294967292|0x0f+fc)"

		=== g++ Summary for qemu64eb/-mabi=64 ===

# of expected passes		17223
# of unexpected failures	4
# of unexpected successes	1
# of expected failures		82
# of unsupported tests		145

		=== g++ Summary ===

# of expected passes		51729
# of unexpected failures	12
# of unexpected successes	3
# of expected failures		246
# of unsupported tests		431
/scratch/richard/gcc/HEAD/mips64-linux-gnu/x86_64-unknown-linux-gnu/gcc/testsuite/g++/../../g++  version 4.3.0 20080126 (experimental) (GCC) 

Host   is x86_64-unknown-linux-gnu

		=== objc tests ===


Running target qemu64eb/-mabi=n32

		=== objc Summary for qemu64eb/-mabi=n32 ===

# of expected passes		1812
# of expected failures		7
# of unsupported tests		24

Running target qemu64eb/-mabi=32

		=== objc Summary for qemu64eb/-mabi=32 ===

# of expected passes		1812
# of expected failures		7
# of unsupported tests		24

Running target qemu64eb/-mabi=64

		=== objc Summary for qemu64eb/-mabi=64 ===

# of expected passes		1812
# of expected failures		7
# of unsupported tests		24

		=== objc Summary ===

# of expected passes		5436
# of expected failures		21
# of unsupported tests		72
/scratch/richard/gcc/HEAD/mips64-linux-gnu/x86_64-unknown-linux-gnu/gcc/xgcc  version 4.3.0 20080126 (experimental) (GCC) 

Host   is mips64-unknown-linux-gnu

		=== libffi tests ===


Running target qemu64eb/-mabi=n32

		=== libffi Summary for qemu64eb/-mabi=n32 ===

# of expected passes		1116
# of unsupported tests		8

Running target qemu64eb/-mabi=32

		=== libffi Summary for qemu64eb/-mabi=32 ===

# of expected passes		1116
# of unsupported tests		8

Running target qemu64eb/-mabi=64

		=== libffi Summary for qemu64eb/-mabi=64 ===

# of expected passes		1116
# of unsupported tests		8

		=== libffi Summary ===

# of expected passes		3348
# of unsupported tests		24
Host   is mips64-unknown-linux-gnu

		=== libjava tests ===


Running target qemu64eb/-mabi=n32

		=== libjava Summary for qemu64eb/-mabi=n32 ===

# of expected passes		2381
# of untested testcases		4

Running target qemu64eb/-mabi=32

		=== libjava Summary for qemu64eb/-mabi=32 ===

# of expected passes		2381
# of untested testcases		4

Running target qemu64eb/-mabi=64

		=== libjava Summary for qemu64eb/-mabi=64 ===

# of expected passes		2381
# of untested testcases		4

		=== libjava Summary ===

# of expected passes		7143
# of untested testcases		12
Host   is mips64-unknown-linux-gnu

		=== libstdc++ tests ===


Running target qemu64eb/-mabi=n32
FAIL: abi_check
XPASS: 26_numerics/headers/cmath/c99_classification_macros_c.cc (test for excess errors)

		=== libstdc++ Summary for qemu64eb/-mabi=n32 ===

# of expected passes		4958
# of unexpected failures	1
# of unexpected successes	1
# of expected failures		61
# of unsupported tests		328

Running target qemu64eb/-mabi=32
FAIL: abi_check
XPASS: 26_numerics/headers/cmath/c99_classification_macros_c.cc (test for excess errors)

		=== libstdc++ Summary for qemu64eb/-mabi=32 ===

# of expected passes		4958
# of unexpected failures	1
# of unexpected successes	1
# of expected failures		61
# of unsupported tests		328

Running target qemu64eb/-mabi=64
FAIL: abi_check
XPASS: 26_numerics/headers/cmath/c99_classification_macros_c.cc (test for excess errors)
XPASS: 27_io/fpos/14320-1.cc execution test

		=== libstdc++ Summary for qemu64eb/-mabi=64 ===

# of expected passes		4958
# of unexpected failures	1
# of unexpected successes	2
# of expected failures		60
# of unsupported tests		328

		=== libstdc++ Summary ===

# of expected passes		14874
# of unexpected failures	3
# of unexpected successes	4
# of expected failures		182
# of unsupported tests		984

Compiler version: 4.3.0 20080126 (experimental) (GCC) 
Platform: mips64-unknown-linux-gnu
configure flags: --prefix=/scratch/richard/usr/gcc --exec-prefix=/scratch/richard/usr/gcc/H-x86_64-unknown-linux-gnu --build=x86_64-unknown-linux-gnu --host=x86_64-unknown-linux-gnu --target=mips64-linux-gnu --enable-__cxa_atexit --with-gmp=/scratch/richard/usr/gmp/H-x86_64-unknown-linux-gnu --with-gnu-as --with-as=/scratch/richard/usr/src/H-x86_64-unknown-linux-gnu/bin/mips64-linux-gnu-as --with-gnu-ld --with-ld=/scratch/richard/usr/src/H-x86_64-unknown-linux-gnu/bin/mips64-linux-gnu-ld --with-sysroot=/scratch/richard/sysroot/roots/qemu64eb --enable-werror-always


Index Nav: [Date Index] [Subject Index] [Author Index] [Thread Index]
Message Nav: [Date Prev] [Date Next] [Thread Prev] [Thread Next]