This is the mail archive of the gcc-testresults@gcc.gnu.org mailing list for the GCC project.


Index Nav: [Date Index] [Subject Index] [Author Index] [Thread Index]
Message Nav: [Date Prev] [Date Next] [Thread Prev] [Thread Next]
Other format: [Raw text]

Results for 4.2.3 20080125 (prerelease) gcc testsuite on cris-axis-elf


Debian 4 on x86_64
cross tool versions:
GNU assembler (GNU Binutils) 2.18.50.20071216
GNU gdb 6.7.50.20071215-cvs
GNU ld (GNU Binutils) 2.18.50.20071216

GNU Make 3.81
expect version 5.43.0
host gcc version: gcc (GCC) 4.3.0 20080125 (experimental) [trunk revision 131847]
LAST_UPDATED: Fri Jan 25 23:01:46 UTC 2008 (revision 131847)

Target is cris-axis-elf
Host   is x86_64-unknown-linux-gnu

		=== gcc tests ===


Running target cris-sim
UNRESOLVED: gcc.c-torture/execute/mayalias-2.c execution,  -O3 -g 
FAIL: gcc.dg/cpp/_Pragma6.c (test for excess errors)
FAIL: gcc.dg/large-size-array-2.c (internal compiler error)
FAIL: gcc.dg/large-size-array-2.c  (test for errors, line 6)
FAIL: gcc.dg/large-size-array-2.c (test for excess errors)
FAIL: gcc.dg/large-size-array-4.c (internal compiler error)
FAIL: gcc.dg/large-size-array-4.c  (test for errors, line 6)
FAIL: gcc.dg/large-size-array-4.c (test for excess errors)
FAIL: gcc.dg/pr28243.c (test for excess errors)
FAIL: gcc.dg/pr30643.c scan-assembler-not undefined
FAIL: gcc.dg/setjmp-1.c spurious clobbered warning (test for bogus messages, line 16)
FAIL: gcc.dg/trampoline-1.c execution test
FAIL: gcc.dg/torture/pr26565.c  -O0  (test for excess errors)
FAIL: gcc.dg/torture/pr26565.c  -O1  (test for excess errors)
FAIL: gcc.dg/torture/pr26565.c  -O2  (test for excess errors)
FAIL: gcc.dg/torture/pr26565.c  -O3 -fomit-frame-pointer  (test for excess errors)
FAIL: gcc.dg/torture/pr26565.c  -O3 -g  (test for excess errors)
FAIL: gcc.dg/torture/pr26565.c  -Os  (test for excess errors)

		=== gcc Summary ===

# of expected passes		40549
# of unexpected failures	17
# of expected failures		80
# of unresolved testcases	1
# of untested testcases		28
# of unsupported tests		456
/home/mstein/sim/gcc-4_2-branch/cris-elf/build/gcc/xgcc  version 4.2.3 20080125 (prerelease)


Compiler version: 4.2.3 20080125 (prerelease) gcc 
Platform: cris-axis-elf
configure flags: --target=cris-elf --prefix=/n/11/mstein/cross-local/cris-elf --disable-nls --disable-build-warnings --with-ld=/n/11/mstein/cross-local/cris-elf/bin/cris-elf-ld --with-as=/n/11/mstein/cross-local/cris-elf/bin/cris-elf-as --disable-libssp --with-mpfr=/n/11/mstein/mpfr-2.3.0 --enable-languages=c


Index Nav: [Date Index] [Subject Index] [Author Index] [Thread Index]
Message Nav: [Date Prev] [Date Next] [Thread Prev] [Thread Next]