This is the mail archive of the gcc-testresults@gcc.gnu.org mailing list for the GCC project.


Index Nav: [Date Index] [Subject Index] [Author Index] [Thread Index]
Message Nav: [Date Prev] [Date Next] [Thread Prev] [Thread Next]
Other format: [Raw text]

Results for 4.3.0 20080126 (experimental) [trunk revision 131866] (GCC) testsuite on i686-pc-linux-gnu


LAST_UPDATED: Sat Jan 26 17:02:33 UTC 2008 (revision 131866)

Native configuration is i686-pc-linux-gnu

		=== g++ tests ===


Running target unix
FAIL: g++.dg/expr/cast7.C (internal compiler error)
FAIL: g++.dg/expr/cast7.C (test for excess errors)

		=== g++ Summary ===

# of expected passes		17374
# of unexpected failures	2
# of expected failures		83
# of unsupported tests		88
/home/jye2/gcc/build-daily/gcc/testsuite/g++/../../g++  version 4.3.0 20080126 (experimental) [trunk revision 131866] (GCC) 

		=== gcc tests ===


Running target unix

		=== gcc Summary ===

# of expected passes		48690
# of expected failures		166
# of untested testcases		35
# of unsupported tests		269
/home/jye2/gcc/build-daily/gcc/xgcc  version 4.3.0 20080126 (experimental) [trunk revision 131866] (GCC) 

		=== gfortran tests ===


Running target unix

		=== gfortran Summary ===

# of expected passes		23662
# of expected failures		3
# of unsupported tests		16
/home/jye2/gcc/build-daily/gcc/testsuite/gfortran/../../gfortran  version 4.3.0 20080126 (experimental) [trunk revision 131866] (GCC) 

		=== objc tests ===


Running target unix

		=== objc Summary ===

# of expected passes		1812
# of expected failures		7
# of unsupported tests		24
/home/jye2/gcc/build-daily/gcc/xgcc  version 4.3.0 20080126 (experimental) [trunk revision 131866] (GCC) 

		=== libffi tests ===


Running target unix

		=== libffi Summary ===

# of expected passes		1116
# of unsupported tests		8
		=== libgomp tests ===


Running target unix

		=== libgomp Summary ===

# of expected passes		1693
		=== libjava tests ===


Running target unix

		=== libjava Summary ===

# of expected passes		2550
		=== libmudflap tests ===


Running target unix
FAIL: libmudflap.c++/pass41-frag.cxx execution test
FAIL: libmudflap.c++/pass41-frag.cxx (-static) execution test
FAIL: libmudflap.c++/pass41-frag.cxx ( -O) execution test
FAIL: libmudflap.c++/pass41-frag.cxx (-O2) execution test
FAIL: libmudflap.c++/pass41-frag.cxx (-O3) execution test

		=== libmudflap Summary ===

# of expected passes		1844
# of unexpected failures	5
		=== libstdc++ tests ===


Running target unix
XPASS: 26_numerics/headers/cmath/c99_classification_macros_c.cc (test for excess errors)

		=== libstdc++ Summary ===

# of expected passes		5595
# of unexpected successes	1
# of expected failures		61
# of unsupported tests		10

Compiler version: 4.3.0 20080126 (experimental) [trunk revision 131866] (GCC) 
Platform: i686-pc-linux-gnu
configure flags: --enable-clocale=gnu --with-system-zlib --enable-decimal-float=bid --with-demangler-in-ld --enable-shared --enable-threads=posix --enable-haifa --enable-checking=assert


Index Nav: [Date Index] [Subject Index] [Author Index] [Thread Index]
Message Nav: [Date Prev] [Date Next] [Thread Prev] [Thread Next]