This is the mail archive of the gcc-testresults@gcc.gnu.org mailing list for the GCC project.


Index Nav: [Date Index] [Subject Index] [Author Index] [Thread Index]
Message Nav: [Date Prev] [Date Next] [Thread Prev] [Thread Next]
Other format: [Raw text]

Results for 4.3.0 20080125 (experimental) (GCC) testsuite on i686-apple-darwin9


Compiled with --enable-libjava-multilib patch applied from
http://gcc.gnu.org/ml/gcc-patches/2007-12/msg00703.html.

LAST_UPDATED: Obtained from SVN: trunk revision 131847

Native configuration is i686-apple-darwin9

		=== g++ tests ===


Running target unix
FAIL: tmpdir-g++.dg-struct-layout-1/t026 cp_compat_x_tst.o-cp_compat_y_tst.o execute 
FAIL: g++.dg/cpp0x/vt-34103.C (internal compiler error)
FAIL: g++.dg/cpp0x/vt-34103.C (test for excess errors)
FAIL: g++.dg/ext/visibility/anon6.C scan-assembler 1BIiE1cE
FAIL: g++.dg/pubtypes.C scan-assembler long+[ \\t]+0x24+[ \\t]+[#;]+[ \\t]+Length of Public Type Names Info
FAIL: g++.dg/template/spec35.C scan-assembler .glob(a|)l[\\t ]*_Z2f2IfEvT_
FAIL: g++.dg/template/spec35.C scan-assembler .weak[\\t ]*_Z2f2IiEvT_
FAIL: g++.dg/special/conpr-3.C execution test
FAIL: g++.dg/special/initpri1.C execution test
FAIL: g++.old-deja/g++.pt/const2.C (test for excess errors)

		=== g++ Summary ===

# of expected passes		17225
# of unexpected failures	10
# of expected failures		83
# of unsupported tests		125
/sw/src/fink.build/gcc43-4.2.999-20080125/darwin_objdir/gcc/testsuite/g++/../../g++  version 4.3.0 20080125 (experimental) (GCC) 

		=== gcc tests ===


Running target unix
FAIL: gcc.c-torture/execute/va-arg-25.c compilation,  -Os  (internal compiler error)
UNRESOLVED: gcc.c-torture/execute/va-arg-25.c execution,  -Os 
FAIL: gcc.dg/initpri1.c execution test
FAIL: gcc.dg/tree-ssa/gen-vect-11b.c scan-tree-dump-times vect "vectorized 0 loops" 1
FAIL: gcc.dg/tree-ssa/gen-vect-11c.c scan-tree-dump-times vect "vectorized 0 loops" 1
FAIL: gcc.target/i386/asm-3.c (test for excess errors)
WARNING: gcc.target/i386/asm-3.c compilation failed to produce executable
XPASS: gcc.target/i386/builtin-apply-mmx.c execution test
FAIL: gcc.target/i386/pr17390.c scan-assembler-times fnstsw 1
FAIL: gcc.target/i386/sse4_1-blendvpd.c (test for excess errors)
WARNING: gcc.target/i386/sse4_1-blendvpd.c compilation failed to produce executable
FAIL: gcc.target/i386/sse4_1-blendvps.c (test for excess errors)
WARNING: gcc.target/i386/sse4_1-blendvps.c compilation failed to produce executable
FAIL: gcc.target/i386/sse4_1-insertps-1.c (test for excess errors)
WARNING: gcc.target/i386/sse4_1-insertps-1.c compilation failed to produce executable
FAIL: gcc.target/i386/sse4_1-insertps-2.c (test for excess errors)
WARNING: gcc.target/i386/sse4_1-insertps-2.c compilation failed to produce executable
FAIL: gcc.target/i386/sse4_1-pblendvb.c (test for excess errors)
WARNING: gcc.target/i386/sse4_1-pblendvb.c compilation failed to produce executable
FAIL: gcc.target/i386/sse4_2-popcntl.c (test for excess errors)
WARNING: gcc.target/i386/sse4_2-popcntl.c compilation failed to produce executable

		=== gcc Summary ===

# of expected passes		47599
# of unexpected failures	12
# of unexpected successes	1
# of expected failures		163
# of unresolved testcases	1
# of untested testcases		35
# of unsupported tests		366
/sw/src/fink.build/gcc43-4.2.999-20080125/darwin_objdir/gcc/xgcc  version 4.3.0 20080125 (experimental) (GCC) 

		=== gfortran tests ===


Running target unix

		=== gfortran Summary ===

# of expected passes		23537
# of expected failures		11
# of unsupported tests		38
/sw/src/fink.build/gcc43-4.2.999-20080125/darwin_objdir/gcc/testsuite/gfortran/../../gfortran  version 4.3.0 20080125 (experimental) (GCC) 

		=== objc tests ===


Running target unix
FAIL: objc/execute/bycopy-1.m compilation,  -O0  -fnext-runtime
UNRESOLVED: objc/execute/bycopy-1.m execution,  -O0  -fnext-runtime
FAIL: objc/execute/bycopy-1.m compilation,  -O1  -fnext-runtime
UNRESOLVED: objc/execute/bycopy-1.m execution,  -O1  -fnext-runtime
FAIL: objc/execute/bycopy-1.m compilation,  -O2  -fnext-runtime
UNRESOLVED: objc/execute/bycopy-1.m execution,  -O2  -fnext-runtime
FAIL: objc/execute/bycopy-1.m compilation,  -O3 -fomit-frame-pointer  -fnext-runtime
UNRESOLVED: objc/execute/bycopy-1.m execution,  -O3 -fomit-frame-pointer  -fnext-runtime
FAIL: objc/execute/bycopy-1.m compilation,  -O3 -g  -fnext-runtime
UNRESOLVED: objc/execute/bycopy-1.m execution,  -O3 -g  -fnext-runtime
FAIL: objc/execute/bycopy-1.m compilation,  -Os  -fnext-runtime
UNRESOLVED: objc/execute/bycopy-1.m execution,  -Os  -fnext-runtime
FAIL: objc/execute/bycopy-2.m compilation,  -O0  -fnext-runtime
UNRESOLVED: objc/execute/bycopy-2.m execution,  -O0  -fnext-runtime
FAIL: objc/execute/bycopy-2.m compilation,  -O1  -fnext-runtime
UNRESOLVED: objc/execute/bycopy-2.m execution,  -O1  -fnext-runtime
FAIL: objc/execute/bycopy-2.m compilation,  -O2  -fnext-runtime
UNRESOLVED: objc/execute/bycopy-2.m execution,  -O2  -fnext-runtime
FAIL: objc/execute/bycopy-2.m compilation,  -O3 -fomit-frame-pointer  -fnext-runtime
UNRESOLVED: objc/execute/bycopy-2.m execution,  -O3 -fomit-frame-pointer  -fnext-runtime
FAIL: objc/execute/bycopy-2.m compilation,  -O3 -g  -fnext-runtime
UNRESOLVED: objc/execute/bycopy-2.m execution,  -O3 -g  -fnext-runtime
FAIL: objc/execute/bycopy-2.m compilation,  -Os  -fnext-runtime
UNRESOLVED: objc/execute/bycopy-2.m execution,  -Os  -fnext-runtime
FAIL: objc/execute/bycopy-3.m compilation,  -O0  -fnext-runtime
UNRESOLVED: objc/execute/bycopy-3.m execution,  -O0  -fnext-runtime
FAIL: objc/execute/bycopy-3.m compilation,  -O1  -fnext-runtime
UNRESOLVED: objc/execute/bycopy-3.m execution,  -O1  -fnext-runtime
FAIL: objc/execute/bycopy-3.m compilation,  -O2  -fnext-runtime
UNRESOLVED: objc/execute/bycopy-3.m execution,  -O2  -fnext-runtime
FAIL: objc/execute/bycopy-3.m compilation,  -O3 -fomit-frame-pointer  -fnext-runtime
UNRESOLVED: objc/execute/bycopy-3.m execution,  -O3 -fomit-frame-pointer  -fnext-runtime
FAIL: objc/execute/bycopy-3.m compilation,  -O3 -g  -fnext-runtime
UNRESOLVED: objc/execute/bycopy-3.m execution,  -O3 -g  -fnext-runtime
FAIL: objc/execute/bycopy-3.m compilation,  -Os  -fnext-runtime
UNRESOLVED: objc/execute/bycopy-3.m execution,  -Os  -fnext-runtime
FAIL: objc/execute/formal_protocol-5.m compilation,  -O0  -fnext-runtime
UNRESOLVED: objc/execute/formal_protocol-5.m execution,  -O0  -fnext-runtime
FAIL: objc/execute/formal_protocol-5.m compilation,  -O1  -fnext-runtime
UNRESOLVED: objc/execute/formal_protocol-5.m execution,  -O1  -fnext-runtime
FAIL: objc/execute/formal_protocol-5.m compilation,  -O2  -fnext-runtime
UNRESOLVED: objc/execute/formal_protocol-5.m execution,  -O2  -fnext-runtime
FAIL: objc/execute/formal_protocol-5.m compilation,  -O3 -fomit-frame-pointer  -fnext-runtime
UNRESOLVED: objc/execute/formal_protocol-5.m execution,  -O3 -fomit-frame-pointer  -fnext-runtime
FAIL: objc/execute/formal_protocol-5.m compilation,  -O3 -g  -fnext-runtime
UNRESOLVED: objc/execute/formal_protocol-5.m execution,  -O3 -g  -fnext-runtime
FAIL: objc/execute/formal_protocol-5.m compilation,  -Os  -fnext-runtime
UNRESOLVED: objc/execute/formal_protocol-5.m execution,  -Os  -fnext-runtime
FAIL: objc/execute/formal_protocol-6.m compilation,  -O0  -fnext-runtime
UNRESOLVED: objc/execute/formal_protocol-6.m execution,  -O0  -fnext-runtime
FAIL: objc/execute/formal_protocol-6.m compilation,  -O1  -fnext-runtime
UNRESOLVED: objc/execute/formal_protocol-6.m execution,  -O1  -fnext-runtime
FAIL: objc/execute/formal_protocol-6.m compilation,  -O2  -fnext-runtime
UNRESOLVED: objc/execute/formal_protocol-6.m execution,  -O2  -fnext-runtime
FAIL: objc/execute/formal_protocol-6.m compilation,  -O3 -fomit-frame-pointer  -fnext-runtime
UNRESOLVED: objc/execute/formal_protocol-6.m execution,  -O3 -fomit-frame-pointer  -fnext-runtime
FAIL: objc/execute/formal_protocol-6.m compilation,  -O3 -g  -fnext-runtime
UNRESOLVED: objc/execute/formal_protocol-6.m execution,  -O3 -g  -fnext-runtime
FAIL: objc/execute/formal_protocol-6.m compilation,  -Os  -fnext-runtime
UNRESOLVED: objc/execute/formal_protocol-6.m execution,  -Os  -fnext-runtime
FAIL: objc/execute/formal_protocol-7.m compilation,  -O0  -fnext-runtime
UNRESOLVED: objc/execute/formal_protocol-7.m execution,  -O0  -fnext-runtime
FAIL: objc/execute/formal_protocol-7.m compilation,  -O1  -fnext-runtime
UNRESOLVED: objc/execute/formal_protocol-7.m execution,  -O1  -fnext-runtime
FAIL: objc/execute/formal_protocol-7.m compilation,  -O2  -fnext-runtime
UNRESOLVED: objc/execute/formal_protocol-7.m execution,  -O2  -fnext-runtime
FAIL: objc/execute/formal_protocol-7.m compilation,  -O3 -fomit-frame-pointer  -fnext-runtime
UNRESOLVED: objc/execute/formal_protocol-7.m execution,  -O3 -fomit-frame-pointer  -fnext-runtime
FAIL: objc/execute/formal_protocol-7.m compilation,  -O3 -g  -fnext-runtime
UNRESOLVED: objc/execute/formal_protocol-7.m execution,  -O3 -g  -fnext-runtime
FAIL: objc/execute/formal_protocol-7.m compilation,  -Os  -fnext-runtime
UNRESOLVED: objc/execute/formal_protocol-7.m execution,  -Os  -fnext-runtime
FAIL: objc/execute/np-1.m compilation,  -O0  -fnext-runtime
UNRESOLVED: objc/execute/np-1.m execution,  -O0  -fnext-runtime
FAIL: objc/execute/np-1.m compilation,  -O1  -fnext-runtime
UNRESOLVED: objc/execute/np-1.m execution,  -O1  -fnext-runtime
FAIL: objc/execute/np-1.m compilation,  -O2  -fnext-runtime
UNRESOLVED: objc/execute/np-1.m execution,  -O2  -fnext-runtime
FAIL: objc/execute/np-1.m compilation,  -O3 -fomit-frame-pointer  -fnext-runtime
UNRESOLVED: objc/execute/np-1.m execution,  -O3 -fomit-frame-pointer  -fnext-runtime
FAIL: objc/execute/np-1.m compilation,  -O3 -g  -fnext-runtime
UNRESOLVED: objc/execute/np-1.m execution,  -O3 -g  -fnext-runtime
FAIL: objc/execute/np-1.m compilation,  -Os  -fnext-runtime
UNRESOLVED: objc/execute/np-1.m execution,  -Os  -fnext-runtime
FAIL: objc/execute/np-2.m compilation,  -O0  -fnext-runtime
UNRESOLVED: objc/execute/np-2.m execution,  -O0  -fnext-runtime
FAIL: objc/execute/np-2.m compilation,  -O1  -fnext-runtime
UNRESOLVED: objc/execute/np-2.m execution,  -O1  -fnext-runtime
FAIL: objc/execute/np-2.m compilation,  -O2  -fnext-runtime
UNRESOLVED: objc/execute/np-2.m execution,  -O2  -fnext-runtime
FAIL: objc/execute/np-2.m compilation,  -O3 -fomit-frame-pointer  -fnext-runtime
UNRESOLVED: objc/execute/np-2.m execution,  -O3 -fomit-frame-pointer  -fnext-runtime
FAIL: objc/execute/np-2.m compilation,  -O3 -g  -fnext-runtime
UNRESOLVED: objc/execute/np-2.m execution,  -O3 -g  -fnext-runtime
FAIL: objc/execute/np-2.m compilation,  -Os  -fnext-runtime
UNRESOLVED: objc/execute/np-2.m execution,  -Os  -fnext-runtime
FAIL: objc/execute/protocol-isEqual-1.m compilation,  -O0  -fnext-runtime
UNRESOLVED: objc/execute/protocol-isEqual-1.m execution,  -O0  -fnext-runtime
FAIL: objc/execute/protocol-isEqual-1.m compilation,  -O1  -fnext-runtime
UNRESOLVED: objc/execute/protocol-isEqual-1.m execution,  -O1  -fnext-runtime
FAIL: objc/execute/protocol-isEqual-1.m compilation,  -O2  -fnext-runtime
UNRESOLVED: objc/execute/protocol-isEqual-1.m execution,  -O2  -fnext-runtime
FAIL: objc/execute/protocol-isEqual-1.m compilation,  -O3 -fomit-frame-pointer  -fnext-runtime
UNRESOLVED: objc/execute/protocol-isEqual-1.m execution,  -O3 -fomit-frame-pointer  -fnext-runtime
FAIL: objc/execute/protocol-isEqual-1.m compilation,  -O3 -g  -fnext-runtime
UNRESOLVED: objc/execute/protocol-isEqual-1.m execution,  -O3 -g  -fnext-runtime
FAIL: objc/execute/protocol-isEqual-1.m compilation,  -Os  -fnext-runtime
UNRESOLVED: objc/execute/protocol-isEqual-1.m execution,  -Os  -fnext-runtime
FAIL: objc/execute/protocol-isEqual-2.m compilation,  -O0  -fnext-runtime
UNRESOLVED: objc/execute/protocol-isEqual-2.m execution,  -O0  -fnext-runtime
FAIL: objc/execute/protocol-isEqual-2.m compilation,  -O1  -fnext-runtime
UNRESOLVED: objc/execute/protocol-isEqual-2.m execution,  -O1  -fnext-runtime
FAIL: objc/execute/protocol-isEqual-2.m compilation,  -O2  -fnext-runtime
UNRESOLVED: objc/execute/protocol-isEqual-2.m execution,  -O2  -fnext-runtime
FAIL: objc/execute/protocol-isEqual-2.m compilation,  -O3 -fomit-frame-pointer  -fnext-runtime
UNRESOLVED: objc/execute/protocol-isEqual-2.m execution,  -O3 -fomit-frame-pointer  -fnext-runtime
FAIL: objc/execute/protocol-isEqual-2.m compilation,  -O3 -g  -fnext-runtime
UNRESOLVED: objc/execute/protocol-isEqual-2.m execution,  -O3 -g  -fnext-runtime
FAIL: objc/execute/protocol-isEqual-2.m compilation,  -Os  -fnext-runtime
UNRESOLVED: objc/execute/protocol-isEqual-2.m execution,  -Os  -fnext-runtime
FAIL: objc/execute/protocol-isEqual-3.m compilation,  -O0  -fnext-runtime
UNRESOLVED: objc/execute/protocol-isEqual-3.m execution,  -O0  -fnext-runtime
FAIL: objc/execute/protocol-isEqual-3.m compilation,  -O1  -fnext-runtime
UNRESOLVED: objc/execute/protocol-isEqual-3.m execution,  -O1  -fnext-runtime
FAIL: objc/execute/protocol-isEqual-3.m compilation,  -O2  -fnext-runtime
UNRESOLVED: objc/execute/protocol-isEqual-3.m execution,  -O2  -fnext-runtime
FAIL: objc/execute/protocol-isEqual-3.m compilation,  -O3 -fomit-frame-pointer  -fnext-runtime
UNRESOLVED: objc/execute/protocol-isEqual-3.m execution,  -O3 -fomit-frame-pointer  -fnext-runtime
FAIL: objc/execute/protocol-isEqual-3.m compilation,  -O3 -g  -fnext-runtime
UNRESOLVED: objc/execute/protocol-isEqual-3.m execution,  -O3 -g  -fnext-runtime
FAIL: objc/execute/protocol-isEqual-3.m compilation,  -Os  -fnext-runtime
UNRESOLVED: objc/execute/protocol-isEqual-3.m execution,  -Os  -fnext-runtime
FAIL: objc/execute/protocol-isEqual-4.m compilation,  -O0  -fnext-runtime
UNRESOLVED: objc/execute/protocol-isEqual-4.m execution,  -O0  -fnext-runtime
FAIL: objc/execute/protocol-isEqual-4.m compilation,  -O1  -fnext-runtime
UNRESOLVED: objc/execute/protocol-isEqual-4.m execution,  -O1  -fnext-runtime
FAIL: objc/execute/protocol-isEqual-4.m compilation,  -O2  -fnext-runtime
UNRESOLVED: objc/execute/protocol-isEqual-4.m execution,  -O2  -fnext-runtime
FAIL: objc/execute/protocol-isEqual-4.m compilation,  -O3 -fomit-frame-pointer  -fnext-runtime
UNRESOLVED: objc/execute/protocol-isEqual-4.m execution,  -O3 -fomit-frame-pointer  -fnext-runtime
FAIL: objc/execute/protocol-isEqual-4.m compilation,  -O3 -g  -fnext-runtime
UNRESOLVED: objc/execute/protocol-isEqual-4.m execution,  -O3 -g  -fnext-runtime
FAIL: objc/execute/protocol-isEqual-4.m compilation,  -Os  -fnext-runtime
UNRESOLVED: objc/execute/protocol-isEqual-4.m execution,  -Os  -fnext-runtime
FAIL: objc.dg/category-1.m (test for excess errors)
FAIL: objc.dg/const-str-10.m (test for excess errors)
FAIL: objc.dg/const-str-11.m (test for excess errors)
FAIL: objc.dg/const-str-3.m (test for excess errors)
FAIL: objc.dg/const-str-7.m (test for excess errors)
FAIL: objc.dg/const-str-8.m (test for excess errors)
FAIL: objc.dg/const-str-9.m (test for excess errors)
FAIL: objc.dg/encode-2.m (test for excess errors)
FAIL: objc.dg/encode-3.m (test for excess errors)
WARNING: objc.dg/encode-3.m compilation failed to produce executable
FAIL: objc.dg/encode-4.m (test for excess errors)
FAIL: objc.dg/encode-5.m (test for excess errors)
FAIL: objc.dg/headers.m (test for excess errors)
FAIL: objc.dg/method-6.m (test for excess errors)
FAIL: objc.dg/no-extra-load.m (test for excess errors)
ERROR: objc.dg/no-extra-load.m: error executing dg-final: couldn't open "no-extra-load.s": no such file or directory
UNRESOLVED: objc.dg/no-extra-load.m: error executing dg-final: couldn't open "no-extra-load.s": no such file or directory
FAIL: objc.dg/proto-lossage-3.m (test for excess errors)
WARNING: objc.dg/proto-lossage-3.m compilation failed to produce executable
FAIL: objc.dg/proto-qual-1.m (test for excess errors)
WARNING: objc.dg/proto-qual-1.m compilation failed to produce executable
FAIL: objc.dg/stret-2.m scan-assembler objc_msgSend_stret
FAIL: objc.dg/stret-2.m scan-assembler-not objc_msgSend[^_S]
FAIL: objc.dg/stret-2.m scan-assembler-not objc_msgSendSuper[^_]
FAIL: objc.dg/stubify-1.m (test for excess errors)
ERROR: objc.dg/stubify-1.m: error executing dg-final: couldn't open "stubify-1.s": no such file or directory
UNRESOLVED: objc.dg/stubify-1.m: error executing dg-final: couldn't open "stubify-1.s": no such file or directory
FAIL: objc.dg/stubify-2.m (test for excess errors)
ERROR: objc.dg/stubify-2.m: error executing dg-final: no files matched glob pattern "stubify-2.m.[0-9][0-9][0-9]r.jump"
UNRESOLVED: objc.dg/stubify-2.m: error executing dg-final: no files matched glob pattern "stubify-2.m.[0-9][0-9][0-9]r.jump"
FAIL: objc.dg/symtab-1.m scan-assembler L_OBJC_SYMBOLS.*:\\n\\t.long\\t0\\n\\t.long\\t0\\n\\t.short\\t2\\n\\t.short\\t0\\n\\t.long\\tL_OBJC_CLASS_Derived.*\\n\\t.long\\tL_OBJC_CLASS_Base.*\\n
FAIL: objc.dg/type-size-2.m (test for excess errors)

		=== objc Summary ===

# of expected passes		2883
# of unexpected failures	95
# of expected failures		7
# of unresolved testcases	75
# of unsupported tests		2
/sw/src/fink.build/gcc43-4.2.999-20080125/darwin_objdir/gcc/xgcc  version 4.3.0 20080125 (experimental) (GCC) 

		=== libffi tests ===


Running target unix

		=== libffi Summary ===

# of expected passes		1116
# of unsupported tests		8
		=== libgomp tests ===


Running target unix

		=== libgomp Summary ===

# of expected passes		1475
# of unsupported tests		109
		=== libjava tests ===


Running target unix
FAIL: /sw/src/fink.build/gcc43-4.2.999-20080125/gcc-4.3-20080125/libjava/testsuite/libjava.jar/TestClosureGC.jar execution - gij test

		=== libjava Summary ===

# of expected passes		2548
# of unexpected failures	1
# of untested testcases		1
		=== libstdc++ tests ===


Running target unix
XPASS: 21_strings/basic_string/element_access/char/21674.cc execution test
XPASS: 21_strings/basic_string/element_access/wchar_t/21674.cc execution test
XPASS: 26_numerics/headers/cmath/c99_classification_macros_c.cc (test for excess errors)
FAIL: 27_io/ios_base/storage/11584.cc execution test
FAIL: ext/mt_allocator/deallocate_local_thread-5.cc execution test
FAIL: ext/mt_allocator/deallocate_local_thread-7.cc execution test

		=== libstdc++ Summary ===

# of expected passes		4955
# of unexpected failures	3
# of unexpected successes	3
# of expected failures		59
# of unsupported tests		328

Compiler version: 4.3.0 20080125 (experimental) (GCC) 
Platform: i686-apple-darwin9
configure flags: --prefix=/sw --prefix=/sw/lib/gcc4.3 --mandir=/sw/share/man --infodir=/sw/share/info --enable-languages=c,c++,fortran,objc,java --with-arch=nocona --with-tune=generic --build=i686-apple-darwin9 --with-gmp=/sw --with-libiconv-prefix=/usr --with-system-zlib --x-includes=/usr/X11R6/include --x-libraries=/usr/X11R6/lib --disable-libjava-multilib


Index Nav: [Date Index] [Subject Index] [Author Index] [Thread Index]
Message Nav: [Date Prev] [Date Next] [Thread Prev] [Thread Next]