This is the mail archive of the
gcc-testresults@gcc.gnu.org
mailing list for the GCC project.
Results for 4.3.0 20080122 (experimental) [trunk revision 131743] (GCC) testsuite on hppa2.0w-hp-hpux11.11
- From: John David Anglin <dave at hiauly3 dot hia dot nrc dot ca>
- To: dave at hiauly3 dot hia dot nrc dot ca, gcc-testresults at gcc dot gnu dot org
- Date: Wed, 23 Jan 2008 13:25:43 -0500 (EST)
- Subject: Results for 4.3.0 20080122 (experimental) [trunk revision 131743] (GCC) testsuite on hppa2.0w-hp-hpux11.11
LAST_UPDATED: Tue Jan 22 21:55:58 UTC 2008 (revision 131743)
Native configuration is hppa2.0w-hp-hpux11.11
=== gcc tests ===
Running target unix
XPASS: gcc.dg/cpp/cmdlne-dI-M.c scan-file (^|\\\\n)cmdlne-dI-M.*:[^\\\\n]*cmdlne-dI-M.c
XPASS: gcc.dg/cpp/cmdlne-dM-M.c scan-file (^|\\\\n)cmdlne-dM-M[^\\\\n]*:[^\\\\n]*cmdlne-dM-M.c
FAIL: gcc.dg/struct/wo_prof_global_var.c execution test
FAIL: gcc.dg/struct/wo_prof_local_var.c execution test
FAIL: gcc.dg/struct/wo_prof_malloc_size_var.c execution test
XPASS: gcc.dg/struct/wo_prof_malloc_size_var.c scan-ipa-dump ipa_struct_reorg "Number of structures to transform is 1"
FAIL: gcc.dg/struct/w_prof_global_var.c execution, -O3 -fwhole-program -combine -fipa-type-escape -fprofile-use -fipa-struct-reorg -fdump-ipa-all
FAIL: gcc.dg/struct/w_prof_local_var.c execution, -O3 -fwhole-program -combine -fipa-type-escape -fprofile-use -fipa-struct-reorg -fdump-ipa-all
=== gcc Summary ===
# of expected passes 44268
# of unexpected failures 5
# of unexpected successes 3
# of expected failures 89
# of untested testcases 35
# of unsupported tests 465
/test/gnu/gcc/objdir/gcc/xgcc version 4.3.0 20080122 (experimental) [trunk revision 131743] (GCC)
=== libgomp tests ===
Running target unix
=== libgomp Summary ===
# of expected passes 149
# of unsupported tests 7
Compiler version: 4.3.0 20080122 (experimental) [trunk revision 131743] (GCC)
Platform: hppa2.0w-hp-hpux11.11
configure flags: --with-gnu-as --with-as=/opt/gnu/bin/as --enable-shared --disable-nls --with-local-prefix=/opt/gnu --prefix=/opt/gnu/gcc/gcc-4.3.0 --enable-debug=no --enable-threads=posix --with-mpfr=/opt/gnu/gcc/gcc-4.3.0 --with-gmp=/opt/gnu/gcc/gcc-4.3.0 --disable-libmudflap --enable-languages=c