This is the mail archive of the gcc-testresults@gcc.gnu.org mailing list for the GCC project.


Index Nav: [Date Index] [Subject Index] [Author Index] [Thread Index]
Message Nav: [Date Prev] [Date Next] [Thread Prev] [Thread Next]
Other format: [Raw text]

Results for 4.3.0 20080123 (experimental) [trunk revision 131757] (GCC) testsuite on x86_64-unknown-linux-gnu


LAST_UPDATED: Wed Jan 23 13:37:51 UTC 2008 (revision 131757)

Native configuration is x86_64-unknown-linux-gnu

		=== gcc tests ===


Running target unix/-m32

		=== gcc Summary for unix/-m32 ===

# of expected passes		48665
# of expected failures		167
# of untested testcases		35
# of unsupported tests		258

Running target unix

		=== gcc Summary for unix ===

# of expected passes		48529
# of expected failures		166
# of untested testcases		35
# of unsupported tests		370

		=== gcc Summary ===

# of expected passes		97194
# of expected failures		333
# of untested testcases		70
# of unsupported tests		628
/export/build/gnu/gcc/build-x86_64-linux/gcc/xgcc  version 4.3.0 20080123 (experimental) [trunk revision 131757] (GCC) 

		=== gfortran tests ===


Running target unix/-m32

		=== gfortran Summary for unix/-m32 ===

# of expected passes		23625
# of expected failures		3
# of unsupported tests		16

Running target unix

		=== gfortran Summary for unix ===

# of expected passes		23623
# of expected failures		3
# of unsupported tests		18

		=== gfortran Summary ===

# of expected passes		47248
# of expected failures		6
# of unsupported tests		34
/export/build/gnu/gcc/build-x86_64-linux/gcc/testsuite/gfortran/../../gfortran  version 4.3.0 20080123 (experimental) [trunk revision 131757] (GCC) 

		=== g++ tests ===


Running target unix/-m32

		=== g++ Summary for unix/-m32 ===

# of expected passes		17284
# of expected failures		83
# of unsupported tests		89

Running target unix

		=== g++ Summary for unix ===

# of expected passes		17199
# of expected failures		83
# of unsupported tests		118

		=== g++ Summary ===

# of expected passes		34483
# of expected failures		166
# of unsupported tests		207
/export/build/gnu/gcc/build-x86_64-linux/gcc/testsuite/g++/../../g++  version 4.3.0 20080123 (experimental) [trunk revision 131757] (GCC) 

		=== objc tests ===


Running target unix/-m32

		=== objc Summary for unix/-m32 ===

# of expected passes		1812
# of expected failures		7
# of unsupported tests		24

Running target unix

		=== objc Summary for unix ===

# of expected passes		1812
# of expected failures		7
# of unsupported tests		24

		=== objc Summary ===

# of expected passes		3624
# of expected failures		14
# of unsupported tests		48
/export/build/gnu/gcc/build-x86_64-linux/gcc/xgcc  version 4.3.0 20080123 (experimental) [trunk revision 131757] (GCC) 

		=== libffi tests ===


Running target unix/-m32

		=== libffi Summary for unix/-m32 ===

# of expected passes		1389
# of unsupported tests		10

Running target unix

		=== libffi Summary for unix ===

# of expected passes		1389
# of unsupported tests		10

		=== libffi Summary ===

# of expected passes		2778
# of unsupported tests		20
		=== libgomp tests ===


Running target unix/-m32

		=== libgomp Summary for unix/-m32 ===

# of expected passes		1675

Running target unix

		=== libgomp Summary for unix ===

# of expected passes		1675

		=== libgomp Summary ===

# of expected passes		3350
		=== libjava tests ===


Running target unix/-m32
FAIL: events output

		=== libjava Summary for unix/-m32 ===

# of expected passes		2549
# of unexpected failures	1

Running target unix

		=== libjava Summary for unix ===

# of expected passes		2550

		=== libjava Summary ===

# of expected passes		5099
# of unexpected failures	1
		=== libmudflap tests ===


Running target unix/-m32
FAIL: libmudflap.c++/pass41-frag.cxx execution test
FAIL: libmudflap.c++/pass41-frag.cxx (-static) execution test
FAIL: libmudflap.c++/pass41-frag.cxx ( -O) execution test
FAIL: libmudflap.c++/pass41-frag.cxx (-O2) execution test
FAIL: libmudflap.c++/pass41-frag.cxx (-O3) execution test

		=== libmudflap Summary for unix/-m32 ===

# of expected passes		1844
# of unexpected failures	5

Running target unix
FAIL: libmudflap.c/fail8-frag.c (-static) output pattern test
FAIL: libmudflap.c/fail9-frag.c (-static) output pattern test
FAIL: libmudflap.c++/pass41-frag.cxx execution test
FAIL: libmudflap.c++/pass41-frag.cxx (-static) execution test
FAIL: libmudflap.c++/pass41-frag.cxx ( -O) execution test
FAIL: libmudflap.c++/pass41-frag.cxx (-O2) execution test
FAIL: libmudflap.c++/pass41-frag.cxx (-O3) execution test

		=== libmudflap Summary for unix ===

# of expected passes		1842
# of unexpected failures	7

		=== libmudflap Summary ===

# of expected passes		3686
# of unexpected failures	12
		=== libstdc++ tests ===


Running target unix/-m32
XPASS: 26_numerics/headers/cmath/c99_classification_macros_c.cc (test for excess errors)

		=== libstdc++ Summary for unix/-m32 ===

# of expected passes		5595
# of unexpected successes	1
# of expected failures		61
# of unsupported tests		10

Running target unix
XPASS: 26_numerics/headers/cmath/c99_classification_macros_c.cc (test for excess errors)
XPASS: 27_io/fpos/14320-1.cc execution test

		=== libstdc++ Summary for unix ===

# of expected passes		5595
# of unexpected successes	2
# of expected failures		60
# of unsupported tests		10

		=== libstdc++ Summary ===

# of expected passes		11190
# of unexpected successes	3
# of expected failures		121
# of unsupported tests		20

Compiler version: 4.3.0 20080123 (experimental) [trunk revision 131757] (GCC) 
Platform: x86_64-unknown-linux-gnu
configure flags: --enable-clocale=gnu --with-system-zlib --enable-decimal-float=bid --with-demangler-in-ld --enable-shared --enable-threads=posix --enable-haifa --enable-checking=assert --prefix=/usr/gcc-4.3 --with-local-prefix=/usr/local


Index Nav: [Date Index] [Subject Index] [Author Index] [Thread Index]
Message Nav: [Date Prev] [Date Next] [Thread Prev] [Thread Next]