This is the mail archive of the gcc-testresults@gcc.gnu.org mailing list for the GCC project.


Index Nav: [Date Index] [Subject Index] [Author Index] [Thread Index]
Message Nav: [Date Prev] [Date Next] [Thread Prev] [Thread Next]
Other format: [Raw text]

Results for 4.3.0 20080120 (experimental) [trunk revision 131677] (GCC) testsuite on x86_64-pc-linux-gnu


LAST_UPDATED: Sun Jan 20 11:53:44 UTC 2008 (revision 131677)

Native configuration is x86_64-pc-linux-gnu

                === g++ tests ===


Running target unix
FAIL: g++.dg/cpp0x/vt-34103.C (internal compiler error)
FAIL: g++.dg/cpp0x/vt-34103.C (test for excess errors)

                === g++ Summary ===

# of expected passes            17153
# of unexpected failures        2
# of expected failures          84
# of unsupported tests          118
/opt/gcc/tmpdir/gcc/testsuite/g++/../../g++  version 4.3.0 20080120 (experimental) [trunk revision 131677] (GCC) 

                === gcc tests ===


Running target unix

                === gcc Summary ===

# of expected passes            48463
# of expected failures          166
# of untested testcases         35
# of unsupported tests          378
/opt/gcc/tmpdir/gcc/xgcc  version 4.3.0 20080120 (experimental) [trunk revision 131677] (GCC) 

                === gfortran tests ===


Running target unix
FAIL: gfortran.dg/mapping_2.f90  -O0  (internal compiler error)
FAIL: gfortran.dg/mapping_2.f90  -O0  (test for excess errors)
WARNING: gfortran.dg/mapping_2.f90  -O0  compilation failed to produce executable
FAIL: gfortran.dg/mapping_2.f90  -O1  (internal compiler error)
FAIL: gfortran.dg/mapping_2.f90  -O1  (test for excess errors)
WARNING: gfortran.dg/mapping_2.f90  -O1  compilation failed to produce executable
FAIL: gfortran.dg/mapping_2.f90  -O2  (internal compiler error)
FAIL: gfortran.dg/mapping_2.f90  -O2  (test for excess errors)
WARNING: gfortran.dg/mapping_2.f90  -O2  compilation failed to produce executable
FAIL: gfortran.dg/mapping_2.f90  -O3 -fomit-frame-pointer  (internal compiler error)
FAIL: gfortran.dg/mapping_2.f90  -O3 -fomit-frame-pointer  (test for excess errors)
WARNING: gfortran.dg/mapping_2.f90  -O3 -fomit-frame-pointer  compilation failed to produce executable
FAIL: gfortran.dg/mapping_2.f90  -O3 -fomit-frame-pointer -funroll-loops  (internal compiler error)
FAIL: gfortran.dg/mapping_2.f90  -O3 -fomit-frame-pointer -funroll-loops  (test for excess errors)
WARNING: gfortran.dg/mapping_2.f90  -O3 -fomit-frame-pointer -funroll-loops  compilation failed to produce executable
FAIL: gfortran.dg/mapping_2.f90  -O3 -fomit-frame-pointer -funroll-all-loops -finline-functions  (internal compiler error)
FAIL: gfortran.dg/mapping_2.f90  -O3 -fomit-frame-pointer -funroll-all-loops -finline-functions  (test for excess errors)
WARNING: gfortran.dg/mapping_2.f90  -O3 -fomit-frame-pointer -funroll-all-loops -finline-functions  compilation failed to produce executable
FAIL: gfortran.dg/mapping_2.f90  -O3 -g  (internal compiler error)
FAIL: gfortran.dg/mapping_2.f90  -O3 -g  (test for excess errors)
WARNING: gfortran.dg/mapping_2.f90  -O3 -g  compilation failed to produce executable
FAIL: gfortran.dg/mapping_2.f90  -Os  (internal compiler error)
FAIL: gfortran.dg/mapping_2.f90  -Os  (test for excess errors)
WARNING: gfortran.dg/mapping_2.f90  -Os  compilation failed to produce executable

                === gfortran Summary ===

# of expected passes            23565
# of unexpected failures        16
# of expected failures          3
# of unsupported tests          18
/opt/gcc/tmpdir/gcc/testsuite/gfortran/../../gfortran  version 4.3.0 20080120 (experimental) [trunk revision 131677] (GCC) 

                === obj-c++ tests ===


Running target unix
FAIL: obj-c++.dg/bitfield-1.mm (internal compiler error)
FAIL: obj-c++.dg/bitfield-1.mm (test for excess errors)
WARNING: obj-c++.dg/bitfield-1.mm compilation failed to produce executable
FAIL: obj-c++.dg/bitfield-4.mm (test for excess errors)
FAIL: obj-c++.dg/comp-types-10.mm (internal compiler error)
FAIL: obj-c++.dg/comp-types-10.mm (test for excess errors)
FAIL: obj-c++.dg/cxx-ivars-2.mm execution test
FAIL: obj-c++.dg/encode-2.mm scan-assembler {Vec<float>=ffi}
FAIL: obj-c++.dg/encode-2.mm scan-assembler {Vec<double>=ddi}
FAIL: obj-c++.dg/encode-3.mm execution test
FAIL: obj-c++.dg/encode-8.mm execution test
FAIL: obj-c++.dg/gnu-runtime-2.mm (test for excess errors)
FAIL: obj-c++.dg/isa-field-1.mm (test for excess errors)
FAIL: obj-c++.dg/layout-1.mm (test for excess errors)
FAIL: obj-c++.dg/lookup-2.mm (test for excess errors)
WARNING: obj-c++.dg/lookup-2.mm compilation failed to produce executable
FAIL: obj-c++.dg/try-catch-2.mm (test for excess errors)
WARNING: obj-c++.dg/try-catch-2.mm compilation failed to produce executable
FAIL: obj-c++.dg/try-catch-9.mm (internal compiler error)
FAIL: obj-c++.dg/try-catch-9.mm (test for excess errors)
WARNING: obj-c++.dg/try-catch-9.mm compilation failed to produce executable

                === obj-c++ Summary ===

# of expected passes            420
# of unexpected failures        17
# of unsupported tests          13
/opt/gcc/tmpdir/gcc/testsuite/obj-c++/../../g++  version 4.3.0 20080120 (experimental) [trunk revision 131677] (GCC) 

                === objc tests ===


Running target unix

                === objc Summary ===

# of expected passes            1812
# of expected failures          7
# of unsupported tests          24
/opt/gcc/tmpdir/gcc/xgcc  version 4.3.0 20080120 (experimental) [trunk revision 131677] (GCC) 

                === treelang tests ===


Running target unix

                === treelang Summary ===

# of expected passes            52
                === libffi tests ===


Running target unix

                === libffi Summary ===

# of expected passes            1116
# of unsupported tests          8
                === libgomp tests ===


Running target unix

                === libgomp Summary ===

# of expected passes            1675
                === libjava tests ===


Running target unix
FAIL: Process_3 output - source compiled test
FAIL: Process_3 -findirect-dispatch output - source compiled test
FAIL: Process_3 -O3 output - source compiled test
FAIL: Process_3 -O3 -findirect-dispatch output - source compiled test
WARNING: program timed out.
FAIL: Process_6 execution - source compiled test
WARNING: program timed out.
FAIL: Process_6 -findirect-dispatch execution - source compiled test
WARNING: program timed out.
FAIL: Process_6 -O3 execution - source compiled test
WARNING: program timed out.
FAIL: Process_6 -O3 -findirect-dispatch execution - source compiled test
WARNING: program timed out.
FAIL: Thread_Interrupt execution - source compiled test
WARNING: program timed out.
FAIL: Thread_Interrupt -findirect-dispatch execution - source compiled test
WARNING: program timed out.
FAIL: Thread_Interrupt -O3 execution - source compiled test
WARNING: program timed out.
FAIL: Thread_Interrupt -O3 -findirect-dispatch execution - source compiled test
WARNING: program timed out.
FAIL: Thread_Wait_2 execution - source compiled test
WARNING: program timed out.
FAIL: Thread_Wait_2 -findirect-dispatch execution - source compiled test
WARNING: program timed out.
FAIL: Thread_Wait_2 -O3 execution - source compiled test
WARNING: program timed out.
FAIL: Thread_Wait_2 -O3 -findirect-dispatch execution - source compiled test
FAIL: Thread_Wait_Interrupt execution - source compiled test
FAIL: Thread_Wait_Interrupt -findirect-dispatch execution - source compiled test
FAIL: Thread_Wait_Interrupt -O3 execution - source compiled test
FAIL: Thread_Wait_Interrupt -O3 -findirect-dispatch execution - source compiled test

                === libjava Summary ===

# of expected passes            2514
# of unexpected failures        20
# of untested testcases         16
                === libmudflap tests ===


Running target unix
FAIL: libmudflap.c/fail8-frag.c (-static) output pattern test
FAIL: libmudflap.c/fail9-frag.c (-static) output pattern test
FAIL: libmudflap.c++/pass41-frag.cxx execution test
FAIL: libmudflap.c++/pass41-frag.cxx (-static) execution test
FAIL: libmudflap.c++/pass41-frag.cxx ( -O) execution test
FAIL: libmudflap.c++/pass41-frag.cxx (-O2) execution test
FAIL: libmudflap.c++/pass41-frag.cxx (-O3) execution test

                === libmudflap Summary ===

# of expected passes            1842
# of unexpected failures        7
                === libstdc++ tests ===


Running target unix
XPASS: 26_numerics/headers/cmath/c99_classification_macros_c.cc (test for excess errors)
XPASS: 27_io/fpos/14320-1.cc execution test

                === libstdc++ Summary ===

# of expected passes            4963
# of unexpected successes       2
# of expected failures          60
# of unsupported tests          326

Compiler version: 4.3.0 20080120 (experimental) [trunk revision 131677] (GCC) 
Platform: x86_64-pc-linux-gnu
configure flags: --prefix=/opt/gcc/installdir/ -with-arch=nocona --build=x86_64-pc-linux-gnu --disable-nls --with-system-zlib --enable-objc-gc --enable-libgomp --enable-libgcj --disable-multilib --enable-languages=c,c++,fortran,objc,obj-c++,java,treelang --enable-shared --enable-threads=posix --enable-clocale=gnu --enable-__cxa_atexit


Index Nav: [Date Index] [Subject Index] [Author Index] [Thread Index]
Message Nav: [Date Prev] [Date Next] [Thread Prev] [Thread Next]