This is the mail archive of the gcc-testresults@gcc.gnu.org mailing list for the GCC project.


Index Nav: [Date Index] [Subject Index] [Author Index] [Thread Index]
Message Nav: [Date Prev] [Date Next] [Thread Prev] [Thread Next]
Other format: [Raw text]

Results for 4.2.3 20080119 (prerelease) testsuite on hppa64-hp-hpux11.11


LAST_UPDATED: Sat Jan 19 23:36:02 UTC 2008 (revision 131660M)

Native configuration is hppa64-hp-hpux11.11

		=== g++ tests ===


Running target unix
XPASS: g++.dg/eh/weak1.C execution test
XPASS: g++.dg/tree-ssa/ivopts-1.C scan-tree-dump-not offset: -4B
XPASS: g++.dg/tree-ssa/ivopts-1.C scan-tree-dump-not &x\\[5\\]

		=== g++ Summary ===

# of expected passes		12682
# of unexpected successes	3
# of expected failures		70
# of unsupported tests		149
/mnt/gnu/gcc/objdir/gcc/testsuite/g++/../../g++  version 4.2.3 20080119 (prerelease)

		=== gcc tests ===


Running target unix
WARNING: program timed out.
FAIL: gcc.c-torture/compile/20001226-1.c  -O3 -fomit-frame-pointer  (test for excess errors)
WARNING: program timed out.
FAIL: gcc.c-torture/compile/20001226-1.c  -O3 -g  (test for excess errors)
WARNING: program timed out.
FAIL: gcc.c-torture/compile/20001226-1.c  -Os  (test for excess errors)
UNRESOLVED: gcc.c-torture/execute/mayalias-2.c execution,  -O3 -g 
XPASS: gcc.dg/cpp/cmdlne-dI-M.c scan-file (^|\\\\n)cmdlne-dI-M.*:[^\\\\n]*cmdlne-dI-M.c
XPASS: gcc.dg/cpp/cmdlne-dM-M.c scan-file (^|\\\\n)cmdlne-dM-M[^\\\\n]*:[^\\\\n]*cmdlne-dM-M.c
XPASS: gcc.dg/funcorder.c scan-assembler-not link_error,%r

		=== gcc Summary ===

# of expected passes		40112
# of unexpected failures	3
# of unexpected successes	3
# of expected failures		84
# of unresolved testcases	1
# of untested testcases		28
# of unsupported tests		448
/mnt/gnu/gcc/objdir/gcc/xgcc  version 4.2.3 20080119 (prerelease)

		=== gfortran tests ===


Running target unix

		=== gfortran Summary ===

# of expected passes		16039
# of expected failures		6
# of unsupported tests		105
/mnt/gnu/gcc/objdir/gcc/testsuite/gfortran/../../gfortran  version 4.2.3 20080119 (prerelease)

		=== obj-c++ tests ===


Running target unix
FAIL: obj-c++.dg/bitfield-1.mm (test for excess errors)
FAIL: obj-c++.dg/bitfield-4.mm (test for excess errors)
FAIL: obj-c++.dg/cxx-ivars-2.mm execution test
FAIL: obj-c++.dg/encode-8.mm execution test
FAIL: obj-c++.dg/isa-field-1.mm (test for excess errors)
FAIL: obj-c++.dg/layout-1.mm (test for excess errors)
FAIL: obj-c++.dg/lookup-2.mm (test for excess errors)
WARNING: obj-c++.dg/lookup-2.mm compilation failed to produce executable
FAIL: obj-c++.dg/try-catch-2.mm (test for excess errors)
WARNING: obj-c++.dg/try-catch-2.mm compilation failed to produce executable
FAIL: obj-c++.dg/try-catch-9.mm (test for excess errors)
WARNING: obj-c++.dg/try-catch-9.mm compilation failed to produce executable

		=== obj-c++ Summary ===

# of expected passes		426
# of unexpected failures	9
# of unsupported tests		13
/mnt/gnu/gcc/objdir/gcc/testsuite/obj-c++/../../g++  version 4.2.3 20080119 (prerelease)

		=== objc tests ===


Running target unix

		=== objc Summary ===

# of expected passes		1804
# of expected failures		7
# of unsupported tests		25
/mnt/gnu/gcc/objdir/gcc/xgcc  version 4.2.3 20080119 (prerelease)

		=== libgomp tests ===


Running target unix

		=== libgomp Summary ===

# of expected passes		1340
# of unsupported tests		118
		=== libstdc++ tests ===


Running target unix

		=== libstdc++ Summary ===

# of expected passes		3820
# of expected failures		15
# of unsupported tests		332

Compiler version: 4.2.3 20080119 (prerelease) 
Platform: hppa64-hp-hpux11.11
configure flags: --with-gnu-as --with-as=/opt/gnu64/bin/as --with-ld=/usr/ccs/bin/ld --enable-shared --with-local-prefix=/opt/gnu64 --prefix=/opt/gnu64/gcc/gcc-4.2.3 --host=hppa64-hp-hpux11.11 --enable-threads=posix --disable-nls --with-gmp=/opt/gnu64/gcc/gcc-4.2.3 -enable-languages=c,c++,objc,obj-c++,fortran --enable-languages=c,c++,fortran,objc,obj-c++


Index Nav: [Date Index] [Subject Index] [Author Index] [Thread Index]
Message Nav: [Date Prev] [Date Next] [Thread Prev] [Thread Next]