This is the mail archive of the
gcc-testresults@gcc.gnu.org
mailing list for the GCC project.
Results for 4.3.0 20080117 (experimental) [trunk revision 131599] (GCC) testsuite on i686-pc-linux-gnu
- From: Weidong Cui <mason dot cui at gmail dot com>
- To: gcc-testresults at gcc dot gnu dot org
- Date: Thu, 17 Jan 2008 09:13:18 -0800 (PST)
- Subject: Results for 4.3.0 20080117 (experimental) [trunk revision 131599] (GCC) testsuite on i686-pc-linux-gnu
LAST_UPDATED: Thu Jan 17 15:01:59 UTC 2008 (revision 131599)
Native configuration is i686-pc-linux-gnu
=== g++ tests ===
Running target unix
=== g++ Summary ===
# of expected passes 17239
# of expected failures 84
# of unsupported tests 88
/home/cuiwd/gcc4/build/gcc/testsuite/g++/../../g++ version 4.3.0 20080117 (experimental) [trunk revision 131599] (GCC)
=== gcc tests ===
Running target unix
FAIL: gcc.dg/Warray-bounds.c (test for warnings, line 59)
FAIL: gcc.dg/Warray-bounds.c (test for warnings, line 65)
FAIL: gcc.dg/Warray-bounds.c (test for warnings, line 66)
FAIL: gcc.dg/torture/builtin-math-4.c -O0 (test for excess errors)
FAIL: gcc.dg/torture/builtin-math-4.c -O1 (test for excess errors)
FAIL: gcc.dg/torture/builtin-math-4.c -O2 (test for excess errors)
FAIL: gcc.dg/torture/builtin-math-4.c -O3 -fomit-frame-pointer (test for excess errors)
FAIL: gcc.dg/torture/builtin-math-4.c -O3 -fomit-frame-pointer -funroll-loops (test for excess errors)
FAIL: gcc.dg/torture/builtin-math-4.c -O3 -fomit-frame-pointer -funroll-all-loops -finline-functions (test for excess errors)
FAIL: gcc.dg/torture/builtin-math-4.c -O3 -g (test for excess errors)
FAIL: gcc.dg/torture/builtin-math-4.c -Os (test for excess errors)
=== gcc Summary ===
# of expected passes 48416
# of unexpected failures 11
# of expected failures 165
# of untested testcases 35
# of unsupported tests 348
/home/cuiwd/gcc4/build/gcc/xgcc version 4.3.0 20080117 (experimental) [trunk revision 131599] (GCC)
=== gfortran tests ===
Running target unix
FAIL: gfortran.dg/common_6.f90 -O (internal compiler error)
FAIL: gfortran.dg/common_6.f90 -O (test for excess errors)
FAIL: gfortran.dg/subref_array_pointer_2.f90 -O3 -fomit-frame-pointer (internal compiler error)
FAIL: gfortran.dg/subref_array_pointer_2.f90 -O3 -fomit-frame-pointer (test for excess errors)
UNRESOLVED: gfortran.dg/subref_array_pointer_2.f90 -O3 -fomit-frame-pointer compilation failed to produce executable
=== gfortran Summary ===
# of expected passes 23494
# of unexpected failures 4
# of expected failures 9
# of unresolved testcases 1
# of unsupported tests 16
/home/cuiwd/gcc4/build/gcc/testsuite/gfortran/../../gfortran version 4.3.0 20080117 (experimental) [trunk revision 131599] (GCC)
=== objc tests ===
Running target unix
=== objc Summary ===
# of expected passes 1812
# of expected failures 7
# of unsupported tests 24
/home/cuiwd/gcc4/build/gcc/xgcc version 4.3.0 20080117 (experimental) [trunk revision 131599] (GCC)
=== libffi tests ===
Running target unix
=== libffi Summary ===
# of expected passes 1116
# of unsupported tests 8
=== libgomp tests ===
Running target unix
=== libgomp Summary ===
# of expected passes 1675
=== libjava tests ===
Running target unix
=== libjava Summary ===
# of expected passes 2550
=== libmudflap tests ===
Running target unix
FAIL: libmudflap.c++/pass41-frag.cxx execution test
FAIL: libmudflap.c++/pass41-frag.cxx (-static) execution test
FAIL: libmudflap.c++/pass41-frag.cxx ( -O) execution test
FAIL: libmudflap.c++/pass41-frag.cxx (-O2) execution test
FAIL: libmudflap.c++/pass41-frag.cxx (-O3) execution test
=== libmudflap Summary ===
# of expected passes 1844
# of unexpected failures 5
=== libstdc++ tests ===
Running target unix
XPASS: 26_numerics/headers/cmath/c99_classification_macros_c.cc (test for excess errors)
=== libstdc++ Summary ===
# of expected passes 4963
# of unexpected successes 1
# of expected failures 61
# of unsupported tests 326
Compiler version: 4.3.0 20080117 (experimental) [trunk revision 131599] (GCC)
Platform: i686-pc-linux-gnu
configure flags: --prefix=/home/cuiwd/gcc4/ins --with-gnu-as --with-as=/home/cuiwd/binutils217/bin/as --with-gnu-ld --with-ld=/home/cuiwd/binutils217/bin/ld --with-mpfr=/home/cuiwd/mpfr --with-gmp=/home/cuiwd/gmp --enable-clocale=gnu --with-system-zlib --enable-shared --enable-threads=posix --enable-decimal-float=bid --with-demangler-in-ld --enable-haifa --enable-checking=assert