This is the mail archive of the gcc-testresults@gcc.gnu.org mailing list for the GCC project.


Index Nav: [Date Index] [Subject Index] [Author Index] [Thread Index]
Message Nav: [Date Prev] [Date Next] [Thread Prev] [Thread Next]
Other format: [Raw text]

Results for 4.3.0 20080113 (experimental) [trunk revision 131510] (Debian 20080113-1) testsuite on hppa-unknown-linux-gnu


LAST_UPDATED: Sun Jan 13 21:19:45 UTC 2008 (revision 131510)

Target: hppa-linux-gnu
gcc version 4.3.0 20080113 (experimental) [trunk revision 131510] (Debian 20080113-1) 

		=== acats tests ===
FAIL:	cxf3a01

		=== acats Summary ===
# of expected passes		2314
# of unexpected failures	1
Native configuration is hppa-unknown-linux-gnu

		=== g++ tests ===


Running target unix

		=== g++ Summary ===

# of expected passes		17079
# of expected failures		84
# of unsupported tests		135
/scratch/packages/gcc/snap/gcc-snapshot-20080113/build/gcc/testsuite/g++/../../g++  version 4.3.0 20080113 (experimental) [trunk revision 131510] (Debian 20080113-1) 

		=== gcc tests ===


Running target unix
FAIL: gcc.dg/Warray-bounds.c  (test for warnings, line 59)
FAIL: gcc.dg/Warray-bounds.c  (test for warnings, line 65)
FAIL: gcc.dg/Warray-bounds.c  (test for warnings, line 66)
XPASS: gcc.dg/tree-ssa/loop-1.c scan-assembler-times foo 5

		=== gcc Summary ===

# of expected passes		45231
# of unexpected failures	3
# of unexpected successes	1
# of expected failures		88
# of untested testcases		35
# of unsupported tests		336
/scratch/packages/gcc/snap/gcc-snapshot-20080113/build/gcc/xgcc  version 4.3.0 20080113 (experimental) [trunk revision 131510] (Debian 20080113-1) 

		=== gfortran tests ===


Running target unix
FAIL: gfortran.dg/common_6.f90  -O  (internal compiler error)
FAIL: gfortran.dg/common_6.f90  -O  (test for excess errors)

		=== gfortran Summary ===

# of expected passes		23107
# of unexpected failures	2
# of expected failures		8
# of unsupported tests		116
/scratch/packages/gcc/snap/gcc-snapshot-20080113/build/gcc/testsuite/gfortran/../../gfortran  version 4.3.0 20080113 (experimental) [trunk revision 131510] (Debian 20080113-1) 

		=== gnat tests ===


Running target unix

		=== gnat Summary ===

# of expected passes		340
		=== obj-c++ tests ===


Running target unix
FAIL: obj-c++.dg/bitfield-1.mm (internal compiler error)
FAIL: obj-c++.dg/bitfield-1.mm (test for excess errors)
UNRESOLVED: obj-c++.dg/bitfield-1.mm compilation failed to produce executable
FAIL: obj-c++.dg/comp-types-10.mm (internal compiler error)
FAIL: obj-c++.dg/comp-types-10.mm (test for excess errors)
FAIL: obj-c++.dg/cxx-ivars-2.mm execution test
FAIL: obj-c++.dg/encode-2.mm scan-assembler {Vec<float>=ffi}
FAIL: obj-c++.dg/encode-2.mm scan-assembler {Vec<double>=ddi}
FAIL: obj-c++.dg/encode-3.mm execution test
FAIL: obj-c++.dg/encode-8.mm execution test
FAIL: obj-c++.dg/gnu-runtime-2.mm (test for excess errors)
FAIL: obj-c++.dg/isa-field-1.mm (test for excess errors)
FAIL: obj-c++.dg/lookup-2.mm (test for excess errors)
UNRESOLVED: obj-c++.dg/lookup-2.mm compilation failed to produce executable
FAIL: obj-c++.dg/try-catch-2.mm (test for excess errors)
UNRESOLVED: obj-c++.dg/try-catch-2.mm compilation failed to produce executable
FAIL: obj-c++.dg/try-catch-9.mm (internal compiler error)
FAIL: obj-c++.dg/try-catch-9.mm (test for excess errors)
UNRESOLVED: obj-c++.dg/try-catch-9.mm compilation failed to produce executable

		=== obj-c++ Summary ===

# of expected passes		422
# of unexpected failures	15
# of unresolved testcases	4
# of unsupported tests		13
/scratch/packages/gcc/snap/gcc-snapshot-20080113/build/gcc/testsuite/obj-c++/../../g++  version 4.3.0 20080113 (experimental) [trunk revision 131510] (Debian 20080113-1) 

		=== objc tests ===


Running target unix

		=== objc Summary ===

# of expected passes		1812
# of expected failures		7
# of unsupported tests		24
/scratch/packages/gcc/snap/gcc-snapshot-20080113/build/gcc/xgcc  version 4.3.0 20080113 (experimental) [trunk revision 131510] (Debian 20080113-1) 

		=== treelang tests ===


Running target unix

		=== treelang Summary ===

# of expected passes		52
		=== libffi tests ===


Running target unix

		=== libffi Summary ===

# of expected passes		1116
# of unsupported tests		8
		=== libgomp tests ===


Running target unix

		=== libgomp Summary ===

# of expected passes		1661
# of unsupported tests		7
		=== libjava tests ===


Running target unix

		=== libjava Summary ===

# of expected passes		2558
		=== libmudflap tests ===


Running target unix
FAIL: libmudflap.c++/pass41-frag.cxx execution test
FAIL: libmudflap.c++/pass41-frag.cxx (-static) execution test
FAIL: libmudflap.c++/pass41-frag.cxx ( -O) execution test
FAIL: libmudflap.c++/pass41-frag.cxx (-O2) execution test
FAIL: libmudflap.c++/pass41-frag.cxx (-O3) execution test

		=== libmudflap Summary ===

# of expected passes		1844
# of unexpected failures	5
		=== libstdc++ tests ===


Running target unix
FAIL: abi_check
XPASS: 26_numerics/headers/cmath/c99_classification_macros_c.cc (test for excess errors)
WARNING: program timed out.
FAIL: ext/pb_ds/regression/tree_data_map_rand.cc (test for excess errors)
UNRESOLVED: ext/pb_ds/regression/tree_data_map_rand.cc compilation failed to produce executable
WARNING: program timed out.
FAIL: ext/pb_ds/regression/tree_no_data_map_rand.cc (test for excess errors)
UNRESOLVED: ext/pb_ds/regression/tree_no_data_map_rand.cc compilation failed to produce executable

		=== libstdc++ Summary ===

# of expected passes		4958
# of unexpected failures	3
# of unexpected successes	1
# of expected failures		61
# of unresolved testcases	2
# of unsupported tests		326

Compiler version: 4.3.0 20080113 (experimental) [trunk revision 131510] (Debian 20080113-1) 
Platform: hppa-unknown-linux-gnu
configure flags: -v --with-pkgversion='Debian 20080113-1' --with-bugurl=file:///usr/share/doc/gcc-snapshot/README.Bugs --enable-languages=c,c++,java,fortran,objc,obj-c++,ada,treelang --prefix=/usr/lib/gcc-snapshot --enable-shared --with-system-zlib --disable-nls --enable-clocale=gnu --enable-libstdcxx-debug --enable-java-awt=gtk --enable-gtk-cairo --disable-plugin --with-java-home=/usr/lib/gcc-snapshot/jre --with-ecj-jar=/usr/share/java/eclipse-ecj.jar --enable-mpfr --disable-libssp --disable-werror --build=hppa-linux-gnu --host=hppa-linux-gnu --target=hppa-linux-gnu
BOOT_CFLAGS=


Build Dependencies:
Desired=Unknown/Install/Remove/Purge/Hold
| Status=Not/Installed/Config-files/Unpacked/Failed-config/Half-installed
|/ Err?=(none)/Hold/Reinst-required/X=both-problems (Status,Err: uppercase=bad)
||/ Name                                                    Version                     Description
+++-=======================================================-===========================-==============================================
ii  binutils                                                2.18.1~cvs20080103-1        The GNU assembler, linker and binary utilities
ii  libc6                                                   2.7-6                       GNU C Library: Shared libraries


Patches that Debian applied in this version:

cpu-default-i486:
  set default 32bit ix86 architecture to i486

multiarch-include:
  biarch-include.dpatch
  
  Adds biarch include directories
  /usr/local/include/<arch>-linux-gnu
  /usr/include/<arch>-linux-gnu
  to the system include paths, depending on 32/64 bit mode.

gcc-ice-hack:
  Retry the build on an ice, save the calling options and preprocessed
  source when the ice is reproducible.

libjava-disable-static:
  Disable building the static libjava.

ada-driver-check:
  Simplify Ada driver check (we always build using the required
  Ada version. Needed for warnings on alpha.

gcc-ice-apport:
  Report an ICE to apport (if apport is available
  and the environment variable GCC_NOAPPORT is not set)

Counting all warnings,
there are 0 warnings in stage3 of this bootstrap.

Number of warnings per file:

Number of warning types:


Index Nav: [Date Index] [Subject Index] [Author Index] [Thread Index]
Message Nav: [Date Prev] [Date Next] [Thread Prev] [Thread Next]