This is the mail archive of the gcc-testresults@gcc.gnu.org mailing list for the GCC project.


Index Nav: [Date Index] [Subject Index] [Author Index] [Thread Index]
Message Nav: [Date Prev] [Date Next] [Thread Prev] [Thread Next]
Other format: [Raw text]

Results for 4.3.0 20080113 (experimental) [trunk revision 131510] (Debian 20080113-1) testsuite on alpha-unknown-linux-gnu


LAST_UPDATED: Sun Jan 13 21:19:45 UTC 2008 (revision 131510)

Native configuration is alpha-unknown-linux-gnu

		=== libffi tests ===


Running target unix

		=== libffi Summary ===

# of expected passes		1116
# of unsupported tests		8
		=== libgomp tests ===


Running target unix
FAIL: libgomp.fortran/threadprivate3.f90  -O3 -fomit-frame-pointer  (internal compiler error)
FAIL: libgomp.fortran/threadprivate3.f90  -O3 -fomit-frame-pointer  (test for excess errors)
UNRESOLVED: libgomp.fortran/threadprivate3.f90  -O3 -fomit-frame-pointer  compilation failed to produce executable
FAIL: libgomp.fortran/threadprivate3.f90  -O3 -fomit-frame-pointer -funroll-loops  (internal compiler error)
FAIL: libgomp.fortran/threadprivate3.f90  -O3 -fomit-frame-pointer -funroll-loops  (test for excess errors)
UNRESOLVED: libgomp.fortran/threadprivate3.f90  -O3 -fomit-frame-pointer -funroll-loops  compilation failed to produce executable
FAIL: libgomp.fortran/threadprivate3.f90  -O3 -fomit-frame-pointer -funroll-all-loops -finline-functions  (internal compiler error)
FAIL: libgomp.fortran/threadprivate3.f90  -O3 -fomit-frame-pointer -funroll-all-loops -finline-functions  (test for excess errors)
UNRESOLVED: libgomp.fortran/threadprivate3.f90  -O3 -fomit-frame-pointer -funroll-all-loops -finline-functions  compilation failed to produce executable
FAIL: libgomp.fortran/threadprivate3.f90  -O3 -g  (internal compiler error)
FAIL: libgomp.fortran/threadprivate3.f90  -O3 -g  (test for excess errors)
UNRESOLVED: libgomp.fortran/threadprivate3.f90  -O3 -g  compilation failed to produce executable

		=== libgomp Summary ===

# of expected passes		1667
# of unexpected failures	8
# of unresolved testcases	4
		=== libjava tests ===


Running target unix
FAIL: TestClosureGC run
FAIL: pr11951 run
FAIL: natgetargssize.cc compilation
FAIL: natgetlocalvartable.cc compilation
FAIL: natgetstacktrace.cc compilation
FAIL: natevents.cc compilation
FAIL: natgetallthreads.cc compilation
FAIL: natgeterrorname.cc compilation
FAIL: natgetmethodname.cc compilation
FAIL: Array_3 execution - source compiled test
FAIL: Array_3 -findirect-dispatch execution - source compiled test
FAIL: Array_3 -O3 execution - source compiled test
FAIL: Array_3 -O3 -findirect-dispatch execution - source compiled test
FAIL: G19990303_02 execution - source compiled test
FAIL: G19990303_02 -findirect-dispatch execution - source compiled test
FAIL: G19990303_02 -O3 execution - source compiled test
FAIL: G19990303_02 -O3 -findirect-dispatch execution - source compiled test
FAIL: Invoke_1 execution - source compiled test
FAIL: Invoke_1 -findirect-dispatch execution - source compiled test
FAIL: Invoke_1 -O3 execution - source compiled test
FAIL: Invoke_1 -O3 -findirect-dispatch execution - source compiled test
FAIL: PR218 output - source compiled test
FAIL: PR218 -O3 output - source compiled test
FAIL: StackTrace2 execution - source compiled test
FAIL: StackTrace2 -findirect-dispatch execution - source compiled test
FAIL: StackTrace2 -O3 execution - source compiled test
FAIL: StackTrace2 -O3 -findirect-dispatch execution - source compiled test
FAIL: Throw_2 execution - source compiled test
FAIL: Throw_2 -findirect-dispatch execution - source compiled test
FAIL: Throw_2 -O3 execution - source compiled test
FAIL: Throw_2 -O3 -findirect-dispatch execution - source compiled test
FAIL: Throw_3 output - source compiled test
FAIL: Throw_3 -findirect-dispatch output - source compiled test
FAIL: Throw_3 -O3 output - source compiled test
FAIL: Throw_3 -O3 -findirect-dispatch output - source compiled test
FAIL: initexc execution - source compiled test
FAIL: initexc -findirect-dispatch execution - source compiled test
FAIL: initexc -O3 execution - source compiled test
FAIL: initexc -O3 -findirect-dispatch execution - source compiled test
FAIL: invokethrow execution - source compiled test
FAIL: invokethrow -findirect-dispatch output - source compiled test
FAIL: invokethrow -O3 execution - source compiled test
FAIL: invokethrow -O3 -findirect-dispatch output - source compiled test
FAIL: pr83 -findirect-dispatch execution - source compiled test
FAIL: pr83 -O3 -findirect-dispatch execution - source compiled test

		=== libjava Summary ===

# of expected passes		2464
# of unexpected failures	45
# of untested testcases		30
		=== libmudflap tests ===


Running target unix
FAIL: libmudflap.c++/pass41-frag.cxx execution test
FAIL: libmudflap.c++/pass41-frag.cxx (-static) execution test
FAIL: libmudflap.c++/pass41-frag.cxx ( -O) execution test
FAIL: libmudflap.c++/pass41-frag.cxx (-O2) execution test
FAIL: libmudflap.c++/pass41-frag.cxx (-O3) execution test

		=== libmudflap Summary ===

# of expected passes		1844
# of unexpected failures	5
		=== libstdc++ tests ===


Running target unix
FAIL: abi_check
XPASS: 26_numerics/headers/cmath/c99_classification_macros_c.cc (test for excess errors)
XPASS: 27_io/fpos/14320-1.cc execution test
FAIL: ext/pb_ds/regression/hash_data_map_rand.cc execution test
FAIL: ext/pb_ds/regression/tree_data_map_rand.cc execution test

		=== libstdc++ Summary ===

# of expected passes		4960
# of unexpected failures	3
# of unexpected successes	2
# of expected failures		60
# of unsupported tests		326
Target: alpha-linux-gnu
gcc version 4.3.0 20080113 (experimental) [trunk revision 131510] (Debian 20080113-1) 

		=== g++ tests ===


Running target unix
FAIL: g++.dg/ext/cleanup-10.C execution test
FAIL: g++.dg/ext/cleanup-11.C execution test
FAIL: g++.dg/ext/cleanup-8.C execution test
FAIL: g++.dg/ext/cleanup-9.C execution test
FAIL: g++.dg/tree-ssa/ivopts-1.C scan-tree-dump-not ivopts "offset: (4294967292|0x0f+fc)"
FAIL: g++.dg/torture/type-generic-1.C  -O0  execution test
FAIL: g++.dg/torture/type-generic-1.C  -O1  execution test
FAIL: g++.dg/torture/type-generic-1.C  -O2  execution test
FAIL: g++.dg/torture/type-generic-1.C  -O3 -fomit-frame-pointer  execution test
FAIL: g++.dg/torture/type-generic-1.C  -O3 -g  execution test
FAIL: g++.dg/torture/type-generic-1.C  -Os  execution test

		=== g++ Summary ===

# of expected passes		17055
# of unexpected failures	11
# of expected failures		83
# of unsupported tests		137
/build/buildd/gcc-snapshot-20080113/build/gcc/testsuite/g++/../../g++  version 4.3.0 20080113 (experimental) [trunk revision 131510] (Debian 20080113-1) 

		=== gcc tests ===


Running target unix
FAIL: gcc.c-torture/compile/pr33855.c  -O3 -fomit-frame-pointer  (internal compiler error)
FAIL: gcc.c-torture/compile/pr33855.c  -O3 -fomit-frame-pointer  (test for excess errors)
FAIL: gcc.c-torture/compile/pr33855.c  -O3 -fomit-frame-pointer -funroll-loops  (internal compiler error)
FAIL: gcc.c-torture/compile/pr33855.c  -O3 -fomit-frame-pointer -funroll-loops  (test for excess errors)
FAIL: gcc.c-torture/compile/pr33855.c  -O3 -fomit-frame-pointer -funroll-all-loops -finline-functions  (internal compiler error)
FAIL: gcc.c-torture/compile/pr33855.c  -O3 -fomit-frame-pointer -funroll-all-loops -finline-functions  (test for excess errors)
FAIL: gcc.c-torture/compile/pr33855.c  -O3 -g  (internal compiler error)
FAIL: gcc.c-torture/compile/pr33855.c  -O3 -g  (test for excess errors)
FAIL: tmpdir-gcc.dg-struct-layout-1/t003 c_compat_x_tst.o-c_compat_y_tst.o execute 
FAIL: tmpdir-gcc.dg-struct-layout-1/t024 c_compat_x_tst.o-c_compat_y_tst.o execute 
FAIL: tmpdir-gcc.dg-struct-layout-1/t025 c_compat_x_tst.o-c_compat_y_tst.o execute 
FAIL: tmpdir-gcc.dg-struct-layout-1/t026 c_compat_x_tst.o-c_compat_y_tst.o execute 
FAIL: tmpdir-gcc.dg-struct-layout-1/t028 c_compat_x_tst.o-c_compat_y_tst.o execute 
FAIL: gcc.dg/20050811-1.c (internal compiler error)
FAIL: gcc.dg/20050811-1.c (test for excess errors)
FAIL: gcc.dg/Warray-bounds.c  (test for warnings, line 59)
FAIL: gcc.dg/Warray-bounds.c  (test for warnings, line 65)
FAIL: gcc.dg/Warray-bounds.c  (test for warnings, line 66)
FAIL: gcc.dg/cleanup-10.c execution test
FAIL: gcc.dg/cleanup-11.c execution test
FAIL: gcc.dg/cleanup-8.c execution test
FAIL: gcc.dg/cleanup-9.c execution test
FAIL: gcc.dg/pr17024-1.c (internal compiler error)
FAIL: gcc.dg/pr17024-1.c (test for excess errors)
FAIL: gcc.dg/pr28796-2.c (internal compiler error)
FAIL: gcc.dg/pr28796-2.c (test for excess errors)
UNRESOLVED: gcc.dg/pr28796-2.c compilation failed to produce executable
FAIL: gcc.dg/pr33653.c scan-rtl-dump shorten "mem/v"
FAIL: gcc.dg/struct-ret-3.c execution test
FAIL: gcc.dg/torture/fp-int-convert-timode.c  -O0  execution test
FAIL: gcc.dg/torture/fp-int-convert-timode.c  -O1  execution test
FAIL: gcc.dg/torture/fp-int-convert-timode.c  -O2  execution test
FAIL: gcc.dg/torture/fp-int-convert-timode.c  -O3 -fomit-frame-pointer  execution test
FAIL: gcc.dg/torture/fp-int-convert-timode.c  -O3 -g  execution test
FAIL: gcc.dg/torture/fp-int-convert-timode.c  -Os  execution test
FAIL: gcc.dg/torture/type-generic-1.c  -O0  execution test
FAIL: gcc.dg/torture/type-generic-1.c  -O1  execution test
FAIL: gcc.dg/torture/type-generic-1.c  -O2  execution test
FAIL: gcc.dg/torture/type-generic-1.c  -O3 -fomit-frame-pointer  execution test
FAIL: gcc.dg/torture/type-generic-1.c  -O3 -g  execution test
FAIL: gcc.dg/torture/type-generic-1.c  -Os  execution test

		=== gcc Summary ===

# of expected passes		45270
# of unexpected failures	40
# of expected failures		88
# of unresolved testcases	1
# of untested testcases		35
# of unsupported tests		329
/build/buildd/gcc-snapshot-20080113/build/gcc/xgcc  version 4.3.0 20080113 (experimental) [trunk revision 131510] (Debian 20080113-1) 

		=== gfortran tests ===


Running target unix
FAIL: gfortran.dg/boz_9.f90  -O0  execution test
FAIL: gfortran.dg/boz_9.f90  -O1  execution test
FAIL: gfortran.dg/boz_9.f90  -O2  execution test
FAIL: gfortran.dg/boz_9.f90  -O3 -fomit-frame-pointer  execution test
FAIL: gfortran.dg/boz_9.f90  -O3 -fomit-frame-pointer -funroll-loops  execution test
FAIL: gfortran.dg/boz_9.f90  -O3 -fomit-frame-pointer -funroll-all-loops -finline-functions  execution test
FAIL: gfortran.dg/boz_9.f90  -O3 -g  execution test
FAIL: gfortran.dg/boz_9.f90  -Os  execution test
FAIL: gfortran.dg/common_6.f90  -O  (test for excess errors)
FAIL: gfortran.dg/default_format_1.f90  -O0  execution test
FAIL: gfortran.dg/default_format_1.f90  -O1  execution test
FAIL: gfortran.dg/default_format_1.f90  -O2  execution test
FAIL: gfortran.dg/default_format_1.f90  -O3 -fomit-frame-pointer  execution test
FAIL: gfortran.dg/default_format_1.f90  -O3 -fomit-frame-pointer -funroll-loops  execution test
FAIL: gfortran.dg/default_format_1.f90  -O3 -fomit-frame-pointer -funroll-all-loops -finline-functions  execution test
FAIL: gfortran.dg/default_format_1.f90  -O3 -g  execution test
FAIL: gfortran.dg/default_format_1.f90  -Os  execution test
FAIL: gfortran.dg/default_format_2.f90  -O0  execution test
FAIL: gfortran.dg/default_format_2.f90  -O1  execution test
FAIL: gfortran.dg/default_format_2.f90  -O2  execution test
FAIL: gfortran.dg/default_format_2.f90  -O3 -fomit-frame-pointer  execution test
FAIL: gfortran.dg/default_format_2.f90  -O3 -fomit-frame-pointer -funroll-loops  execution test
FAIL: gfortran.dg/default_format_2.f90  -O3 -fomit-frame-pointer -funroll-all-loops -finline-functions  execution test
FAIL: gfortran.dg/default_format_2.f90  -O3 -g  execution test
FAIL: gfortran.dg/default_format_2.f90  -Os  execution test
FAIL: gfortran.dg/default_format_denormal_1.f90  -O0  execution test
FAIL: gfortran.dg/default_format_denormal_1.f90  -O1  execution test
FAIL: gfortran.dg/default_format_denormal_1.f90  -O2  execution test
FAIL: gfortran.dg/default_format_denormal_1.f90  -O3 -fomit-frame-pointer  execution test
FAIL: gfortran.dg/default_format_denormal_1.f90  -O3 -fomit-frame-pointer -funroll-loops  execution test
FAIL: gfortran.dg/default_format_denormal_1.f90  -O3 -fomit-frame-pointer -funroll-all-loops -finline-functions  execution test
FAIL: gfortran.dg/default_format_denormal_1.f90  -O3 -g  execution test
FAIL: gfortran.dg/default_format_denormal_1.f90  -Os  execution test
FAIL: gfortran.dg/init_flag_3.f90  -O0  execution test
FAIL: gfortran.dg/init_flag_3.f90  -O1  execution test
FAIL: gfortran.dg/init_flag_3.f90  -O2  execution test
FAIL: gfortran.dg/init_flag_3.f90  -O3 -fomit-frame-pointer  execution test
FAIL: gfortran.dg/init_flag_3.f90  -O3 -fomit-frame-pointer -funroll-loops  execution test
FAIL: gfortran.dg/init_flag_3.f90  -O3 -fomit-frame-pointer -funroll-all-loops -finline-functions  execution test
FAIL: gfortran.dg/init_flag_3.f90  -O3 -g  execution test
FAIL: gfortran.dg/init_flag_3.f90  -Os  execution test
FAIL: gfortran.dg/init_flag_4.f90  -O0  execution test
FAIL: gfortran.dg/init_flag_4.f90  -O1  execution test
FAIL: gfortran.dg/init_flag_4.f90  -O2  execution test
FAIL: gfortran.dg/init_flag_4.f90  -O3 -fomit-frame-pointer  execution test
FAIL: gfortran.dg/init_flag_4.f90  -O3 -fomit-frame-pointer -funroll-loops  execution test
FAIL: gfortran.dg/init_flag_4.f90  -O3 -fomit-frame-pointer -funroll-all-loops -finline-functions  execution test
FAIL: gfortran.dg/init_flag_4.f90  -O3 -g  execution test
FAIL: gfortran.dg/init_flag_4.f90  -Os  execution test
FAIL: gfortran.dg/init_flag_5.f90  -O0  execution test
FAIL: gfortran.dg/init_flag_5.f90  -O1  execution test
FAIL: gfortran.dg/init_flag_5.f90  -O2  execution test
FAIL: gfortran.dg/init_flag_5.f90  -O3 -fomit-frame-pointer  execution test
FAIL: gfortran.dg/init_flag_5.f90  -O3 -fomit-frame-pointer -funroll-loops  execution test
FAIL: gfortran.dg/init_flag_5.f90  -O3 -fomit-frame-pointer -funroll-all-loops -finline-functions  execution test
FAIL: gfortran.dg/init_flag_5.f90  -O3 -g  execution test
FAIL: gfortran.dg/init_flag_5.f90  -Os  execution test
FAIL: gfortran.dg/integer_exponentiation_1.f90  -O0  execution test
FAIL: gfortran.dg/integer_exponentiation_5.F90  -O0  execution test
FAIL: gfortran.dg/integer_exponentiation_5.F90  -O1  execution test
FAIL: gfortran.dg/integer_exponentiation_5.F90  -O2  execution test
FAIL: gfortran.dg/integer_exponentiation_5.F90  -O3 -fomit-frame-pointer  execution test
FAIL: gfortran.dg/integer_exponentiation_5.F90  -O3 -fomit-frame-pointer -funroll-loops  execution test
FAIL: gfortran.dg/integer_exponentiation_5.F90  -O3 -fomit-frame-pointer -funroll-all-loops -finline-functions  execution test
FAIL: gfortran.dg/integer_exponentiation_5.F90  -O3 -g  execution test
FAIL: gfortran.dg/integer_exponentiation_5.F90  -Os  execution test
FAIL: gfortran.dg/isnan_1.f90  -O0  execution test
FAIL: gfortran.dg/isnan_1.f90  -O1  execution test
FAIL: gfortran.dg/isnan_1.f90  -O2  execution test
FAIL: gfortran.dg/isnan_1.f90  -O3 -fomit-frame-pointer  execution test
FAIL: gfortran.dg/isnan_1.f90  -O3 -fomit-frame-pointer -funroll-loops  execution test
FAIL: gfortran.dg/isnan_1.f90  -O3 -fomit-frame-pointer -funroll-all-loops -finline-functions  execution test
FAIL: gfortran.dg/isnan_1.f90  -O3 -g  execution test
FAIL: gfortran.dg/isnan_1.f90  -Os  execution test
FAIL: gfortran.dg/namelist_42.f90  -O0  execution test
FAIL: gfortran.dg/namelist_42.f90  -O1  execution test
FAIL: gfortran.dg/namelist_42.f90  -O2  execution test
FAIL: gfortran.dg/namelist_42.f90  -O3 -fomit-frame-pointer  execution test
FAIL: gfortran.dg/namelist_42.f90  -O3 -fomit-frame-pointer -funroll-loops  execution test
FAIL: gfortran.dg/namelist_42.f90  -O3 -fomit-frame-pointer -funroll-all-loops -finline-functions  execution test
FAIL: gfortran.dg/namelist_42.f90  -O3 -g  execution test
FAIL: gfortran.dg/namelist_42.f90  -Os  execution test
FAIL: gfortran.dg/namelist_43.f90  -O0  execution test
FAIL: gfortran.dg/namelist_43.f90  -O1  execution test
FAIL: gfortran.dg/namelist_43.f90  -O2  execution test
FAIL: gfortran.dg/namelist_43.f90  -O3 -fomit-frame-pointer  execution test
FAIL: gfortran.dg/namelist_43.f90  -O3 -fomit-frame-pointer -funroll-loops  execution test
FAIL: gfortran.dg/namelist_43.f90  -O3 -fomit-frame-pointer -funroll-all-loops -finline-functions  execution test
FAIL: gfortran.dg/namelist_43.f90  -O3 -g  execution test
FAIL: gfortran.dg/namelist_43.f90  -Os  execution test
FAIL: gfortran.dg/nan_1.f90  -O0  execution test
FAIL: gfortran.dg/nan_1.f90  -O1  execution test
FAIL: gfortran.dg/nan_1.f90  -O2  execution test
FAIL: gfortran.dg/nan_1.f90  -O3 -fomit-frame-pointer  execution test
FAIL: gfortran.dg/nan_1.f90  -O3 -fomit-frame-pointer -funroll-loops  execution test
FAIL: gfortran.dg/nan_1.f90  -O3 -fomit-frame-pointer -funroll-all-loops -finline-functions  execution test
FAIL: gfortran.dg/nan_1.f90  -O3 -g  execution test
FAIL: gfortran.dg/nan_1.f90  -Os  execution test
FAIL: gfortran.dg/nan_2.f90  -O0  execution test
FAIL: gfortran.dg/nan_2.f90  -O1  execution test
FAIL: gfortran.dg/nan_2.f90  -O2  execution test
FAIL: gfortran.dg/nan_2.f90  -O3 -fomit-frame-pointer  execution test
FAIL: gfortran.dg/nan_2.f90  -O3 -fomit-frame-pointer -funroll-loops  execution test
FAIL: gfortran.dg/nan_2.f90  -O3 -fomit-frame-pointer -funroll-all-loops -finline-functions  execution test
FAIL: gfortran.dg/nan_2.f90  -O3 -g  execution test
FAIL: gfortran.dg/nan_2.f90  -Os  execution test
FAIL: gfortran.dg/nan_3.f90  -O0  execution test
FAIL: gfortran.dg/nan_3.f90  -O1  execution test
FAIL: gfortran.dg/nan_3.f90  -O2  execution test
FAIL: gfortran.dg/nan_3.f90  -O3 -fomit-frame-pointer  execution test
FAIL: gfortran.dg/nan_3.f90  -O3 -fomit-frame-pointer -funroll-loops  execution test
FAIL: gfortran.dg/nan_3.f90  -O3 -fomit-frame-pointer -funroll-all-loops -finline-functions  execution test
FAIL: gfortran.dg/nan_3.f90  -O3 -g  execution test
FAIL: gfortran.dg/nan_3.f90  -Os  execution test
FAIL: gfortran.dg/nearest_1.f90  -O0  execution test
FAIL: gfortran.dg/nearest_1.f90  -O1  execution test
FAIL: gfortran.dg/nearest_1.f90  -O2  execution test
FAIL: gfortran.dg/nearest_1.f90  -O3 -fomit-frame-pointer  execution test
FAIL: gfortran.dg/nearest_1.f90  -O3 -fomit-frame-pointer -funroll-loops  execution test
FAIL: gfortran.dg/nearest_1.f90  -O3 -fomit-frame-pointer -funroll-all-loops -finline-functions  execution test
FAIL: gfortran.dg/nearest_1.f90  -O3 -g  execution test
FAIL: gfortran.dg/nearest_1.f90  -Os  execution test
FAIL: gfortran.dg/nearest_3.f90  -O0  execution test
FAIL: gfortran.dg/nearest_3.f90  -O1  execution test
FAIL: gfortran.dg/nearest_3.f90  -O2  execution test
FAIL: gfortran.dg/nearest_3.f90  -O3 -fomit-frame-pointer  execution test
FAIL: gfortran.dg/nearest_3.f90  -O3 -fomit-frame-pointer -funroll-loops  execution test
FAIL: gfortran.dg/nearest_3.f90  -O3 -fomit-frame-pointer -funroll-all-loops -finline-functions  execution test
FAIL: gfortran.dg/nearest_3.f90  -O3 -g  execution test
FAIL: gfortran.dg/nearest_3.f90  -Os  execution test
FAIL: gfortran.dg/real_const_3.f90  -O0  execution test
FAIL: gfortran.dg/real_const_3.f90  -O1  execution test
FAIL: gfortran.dg/real_const_3.f90  -O2  execution test
FAIL: gfortran.dg/real_const_3.f90  -O3 -fomit-frame-pointer  execution test
FAIL: gfortran.dg/real_const_3.f90  -O3 -fomit-frame-pointer -funroll-loops  execution test
FAIL: gfortran.dg/real_const_3.f90  -O3 -fomit-frame-pointer -funroll-all-loops -finline-functions  execution test
FAIL: gfortran.dg/real_const_3.f90  -O3 -g  execution test
FAIL: gfortran.dg/real_const_3.f90  -Os  execution test
FAIL: gfortran.dg/transfer_simplify_2.f90  -O0  execution test
FAIL: gfortran.dg/transfer_simplify_2.f90  -O1  execution test
FAIL: gfortran.dg/transfer_simplify_2.f90  -O2  execution test
FAIL: gfortran.dg/transfer_simplify_2.f90  -O3 -fomit-frame-pointer  execution test
FAIL: gfortran.dg/transfer_simplify_2.f90  -O3 -fomit-frame-pointer -funroll-loops  execution test
FAIL: gfortran.dg/transfer_simplify_2.f90  -O3 -fomit-frame-pointer -funroll-all-loops -finline-functions  execution test
FAIL: gfortran.dg/transfer_simplify_2.f90  -O3 -g  execution test
FAIL: gfortran.dg/transfer_simplify_2.f90  -Os  execution test
FAIL: gfortran.fortran-torture/execute/intrinsic_len.f90 execution,  -O3 -fomit-frame-pointer -funroll-loops 
FAIL: gfortran.fortran-torture/execute/intrinsic_len.f90 execution,  -O3 -fomit-frame-pointer -funroll-all-loops -finline-functions 

		=== gfortran Summary ===

# of expected passes		23168
# of unexpected failures	148
# of expected failures		8
# of unsupported tests		29
/build/buildd/gcc-snapshot-20080113/build/gcc/testsuite/gfortran/../../gfortran  version 4.3.0 20080113 (experimental) [trunk revision 131510] (Debian 20080113-1) 

		=== obj-c++ tests ===


Running target unix
FAIL: obj-c++.dg/bitfield-1.mm (test for excess errors)
FAIL: obj-c++.dg/bitfield-4.mm (test for excess errors)
FAIL: obj-c++.dg/comp-types-10.mm (internal compiler error)
FAIL: obj-c++.dg/comp-types-10.mm (test for excess errors)
FAIL: obj-c++.dg/cxx-ivars-2.mm execution test
FAIL: obj-c++.dg/encode-2.mm scan-assembler {Vec<float>=ffi}
FAIL: obj-c++.dg/encode-2.mm scan-assembler {Vec<double>=ddi}
FAIL: obj-c++.dg/encode-3.mm execution test
FAIL: obj-c++.dg/encode-8.mm execution test
FAIL: obj-c++.dg/gnu-runtime-2.mm (test for excess errors)
FAIL: obj-c++.dg/isa-field-1.mm (test for excess errors)
FAIL: obj-c++.dg/layout-1.mm (test for excess errors)
FAIL: obj-c++.dg/lookup-2.mm (test for excess errors)
UNRESOLVED: obj-c++.dg/lookup-2.mm compilation failed to produce executable
FAIL: obj-c++.dg/try-catch-2.mm (test for excess errors)
UNRESOLVED: obj-c++.dg/try-catch-2.mm compilation failed to produce executable
FAIL: obj-c++.dg/try-catch-9.mm (internal compiler error)
FAIL: obj-c++.dg/try-catch-9.mm (test for excess errors)
UNRESOLVED: obj-c++.dg/try-catch-9.mm compilation failed to produce executable

		=== obj-c++ Summary ===

# of expected passes		421
# of unexpected failures	16
# of unresolved testcases	3
# of unsupported tests		13
/build/buildd/gcc-snapshot-20080113/build/gcc/testsuite/obj-c++/../../g++  version 4.3.0 20080113 (experimental) [trunk revision 131510] (Debian 20080113-1) 

		=== objc tests ===


Running target unix

		=== objc Summary ===

# of expected passes		1810
# of expected failures		7
# of unsupported tests		25
/build/buildd/gcc-snapshot-20080113/build/gcc/xgcc  version 4.3.0 20080113 (experimental) [trunk revision 131510] (Debian 20080113-1) 

		=== treelang tests ===


Running target unix
FAIL: treelang/execute/funccall.tree (test for excess errors)
UNRESOLVED: treelang/execute/funccall.tree compilation failed to produce executable
FAIL: treelang/execute/initial.tree (test for excess errors)
UNRESOLVED: treelang/execute/initial.tree compilation failed to produce executable
FAIL: treelang/execute/static.tree (test for excess errors)
UNRESOLVED: treelang/execute/static.tree compilation failed to produce executable

		=== treelang Summary ===

# of expected passes		46
# of unexpected failures	3
# of unresolved testcases	3

Compiler version: 4.3.0 20080113 (experimental) [trunk revision 131510] (Debian 20080113-1) 
Platform: alpha-unknown-linux-gnu
configure flags: -v --with-pkgversion='Debian 20080113-1' --with-bugurl=file:///usr/share/doc/gcc-snapshot/README.Bugs --enable-languages=c,c++,java,fortran,objc,obj-c++,treelang --prefix=/usr/lib/gcc-snapshot --enable-shared --with-system-zlib --disable-nls --enable-clocale=gnu --enable-libstdcxx-debug --enable-java-awt=gtk --enable-gtk-cairo --disable-plugin --with-java-home=/usr/lib/gcc-snapshot/jre --with-ecj-jar=/usr/share/java/eclipse-ecj.jar --enable-mpfr --disable-libssp --with-long-double-128 --disable-werror --build=alpha-linux-gnu --host=alpha-linux-gnu --target=alpha-linux-gnu
BOOT_CFLAGS=


Build Dependencies:
Desired=Unknown/Install/Remove/Purge/Hold
| Status=Not/Installed/Config-files/Unpacked/Failed-config/Half-installed
|/ Err?=(none)/Hold/Reinst-required/X=both-problems (Status,Err: uppercase=bad)
||/ Name                                                    Version              Description
+++-=======================================================-====================-==============================================
ii  binutils                                                2.18.1~cvs20080103-1 The GNU assembler, linker and binary utilities
ii  libc6.1                                                 2.7-5                GNU C Library: Shared libraries


Patches that Debian applied in this version:

cpu-default-i486:
  set default 32bit ix86 architecture to i486

multiarch-include:
  biarch-include.dpatch
  
  Adds biarch include directories
  /usr/local/include/<arch>-linux-gnu
  /usr/include/<arch>-linux-gnu
  to the system include paths, depending on 32/64 bit mode.

gcc-ice-hack:
  Retry the build on an ice, save the calling options and preprocessed
  source when the ice is reproducible.

libjava-disable-static:
  Disable building the static libjava.

ada-driver-check:
  Simplify Ada driver check (we always build using the required
  Ada version. Needed for warnings on alpha.

gcc-ice-apport:
  Report an ICE to apport (if apport is available
  and the environment variable GCC_NOAPPORT is not set)

Counting all warnings,
there are 0 warnings in stage3 of this bootstrap.

Number of warnings per file:

Number of warning types:


Index Nav: [Date Index] [Subject Index] [Author Index] [Thread Index]
Message Nav: [Date Prev] [Date Next] [Thread Prev] [Thread Next]