This is the mail archive of the gcc-testresults@gcc.gnu.org mailing list for the GCC project.


Index Nav: [Date Index] [Subject Index] [Author Index] [Thread Index]
Message Nav: [Date Prev] [Date Next] [Thread Prev] [Thread Next]
Other format: [Raw text]

Results for 4.2.3 20080115 (prerelease) testsuite on x86_64-suse-linux-gnu


Bootstrap and regtesting on x86_64-suse-linux-gnu.
SVN sources: mainline.
LAST_UPDATED: Tue Jan 15 01:16:01 UTC 2008 (revision 131541)

Native configuration is x86_64-suse-linux-gnu

		=== gcc tests ===


Running target unix/-m32
UNRESOLVED: gcc.c-torture/execute/mayalias-2.c execution,  -O3 -g 

		=== gcc Summary for unix/-m32 ===

# of expected passes		42401
# of expected failures		116
# of unresolved testcases	1
# of untested testcases		28
# of unsupported tests		301

Running target unix
UNRESOLVED: gcc.c-torture/execute/mayalias-2.c execution,  -O3 -g 
WARNING: gcc.dg/torture/fp-int-convert-float128-timode.c  -O0  compilation failed to produce executable
WARNING: gcc.dg/torture/fp-int-convert-float128-timode.c  -O1  compilation failed to produce executable
WARNING: gcc.dg/torture/fp-int-convert-float128-timode.c  -O2  compilation failed to produce executable
WARNING: gcc.dg/torture/fp-int-convert-float128-timode.c  -O3 -fomit-frame-pointer  compilation failed to produce executable
WARNING: gcc.dg/torture/fp-int-convert-float128-timode.c  -O3 -g  compilation failed to produce executable
WARNING: gcc.dg/torture/fp-int-convert-float128-timode.c  -Os  compilation failed to produce executable
WARNING: gcc.dg/torture/fp-int-convert-float128.c  -O0  compilation failed to produce executable
WARNING: gcc.dg/torture/fp-int-convert-float128.c  -O1  compilation failed to produce executable
WARNING: gcc.dg/torture/fp-int-convert-float128.c  -O2  compilation failed to produce executable
WARNING: gcc.dg/torture/fp-int-convert-float128.c  -O3 -fomit-frame-pointer  compilation failed to produce executable
WARNING: gcc.dg/torture/fp-int-convert-float128.c  -O3 -g  compilation failed to produce executable
WARNING: gcc.dg/torture/fp-int-convert-float128.c  -Os  compilation failed to produce executable

		=== gcc Summary for unix ===

# of expected passes		42247
# of expected failures		127
# of unresolved testcases	1
# of untested testcases		28
# of unsupported tests		404

		=== gcc Summary ===

# of expected passes		84648
# of expected failures		243
# of unresolved testcases	2
# of untested testcases		56
# of unsupported tests		705
/abuild-old/aj/gcc/gcc/xgcc  version 4.2.3 20080115 (prerelease)

		=== gfortran tests ===


Running target unix/-m32
XPASS: gfortran.dg/csqrt_2.f  -O0  execution test
XPASS: gfortran.dg/csqrt_2.f  -O1  execution test
XPASS: gfortran.dg/csqrt_2.f  -O2  execution test
XPASS: gfortran.dg/csqrt_2.f  -O3 -fomit-frame-pointer  execution test
XPASS: gfortran.dg/csqrt_2.f  -O3 -fomit-frame-pointer -funroll-loops  execution test
XPASS: gfortran.dg/csqrt_2.f  -O3 -fomit-frame-pointer -funroll-all-loops -finline-functions  execution test
XPASS: gfortran.dg/csqrt_2.f  -O3 -g  execution test
XPASS: gfortran.dg/csqrt_2.f  -Os  execution test

		=== gfortran Summary for unix/-m32 ===

# of expected passes		16279
# of unexpected successes	8
# of expected failures		7
# of unsupported tests		16

Running target unix
XPASS: gfortran.dg/csqrt_2.f  -O0  execution test
XPASS: gfortran.dg/csqrt_2.f  -O1  execution test
XPASS: gfortran.dg/csqrt_2.f  -O2  execution test
XPASS: gfortran.dg/csqrt_2.f  -O3 -fomit-frame-pointer  execution test
XPASS: gfortran.dg/csqrt_2.f  -O3 -fomit-frame-pointer -funroll-loops  execution test
XPASS: gfortran.dg/csqrt_2.f  -O3 -fomit-frame-pointer -funroll-all-loops -finline-functions  execution test
XPASS: gfortran.dg/csqrt_2.f  -O3 -g  execution test
XPASS: gfortran.dg/csqrt_2.f  -Os  execution test

		=== gfortran Summary for unix ===

# of expected passes		16278
# of unexpected successes	8
# of expected failures		7
# of unsupported tests		17

		=== gfortran Summary ===

# of expected passes		32557
# of unexpected successes	16
# of expected failures		14
# of unsupported tests		33
/abuild-old/aj/gcc/gcc/testsuite/gfortran/../../gfortran  version 4.2.3 20080115 (prerelease)

		=== g++ tests ===


Running target unix/-m32
XPASS: g++.dg/tree-ssa/ivopts-1.C scan-tree-dump-not offset: -4B
XPASS: g++.dg/tree-ssa/ivopts-1.C scan-tree-dump-not &x\\[5\\]

		=== g++ Summary for unix/-m32 ===

# of expected passes		13629
# of unexpected successes	2
# of expected failures		67
# of unsupported tests		75

Running target unix
XPASS: g++.dg/tree-ssa/ivopts-1.C scan-tree-dump-not offset: -4B
XPASS: g++.dg/tree-ssa/ivopts-1.C scan-tree-dump-not &x\\[5\\]

		=== g++ Summary for unix ===

# of expected passes		13540
# of unexpected successes	2
# of expected failures		67
# of unsupported tests		106

		=== g++ Summary ===

# of expected passes		27169
# of unexpected successes	4
# of expected failures		134
# of unsupported tests		181
/abuild-old/aj/gcc/gcc/testsuite/g++/../../g++  version 4.2.3 20080115 (prerelease)

		=== gnat tests ===


Running target unix/-m32
FAIL: gnat.dg/address_conversion.adb (test for excess errors)
WARNING: gnat.dg/address_conversion.adb compilation failed to produce executable
FAIL: gnat.dg/derived_aggregate.adb (test for excess errors)
WARNING: gnat.dg/derived_aggregate.adb compilation failed to produce executable
FAIL: gnat.dg/in_out_parameter.adb (test for excess errors)
WARNING: gnat.dg/in_out_parameter.adb compilation failed to produce executable
FAIL: gnat.dg/outer_agg_bitfield_constructor.adb (test for excess errors)
WARNING: gnat.dg/outer_agg_bitfield_constructor.adb compilation failed to produce executable
FAIL: gnat.dg/pointer_conversion.adb (test for excess errors)
WARNING: gnat.dg/pointer_conversion.adb compilation failed to produce executable
FAIL: gnat.dg/scalar_mode_agg_compare.adb (test for excess errors)
WARNING: gnat.dg/scalar_mode_agg_compare.adb compilation failed to produce executable
FAIL: gnat.dg/self_aggregate_with_array.adb (test for excess errors)
WARNING: gnat.dg/self_aggregate_with_array.adb compilation failed to produce executable
FAIL: gnat.dg/self_aggregate_with_call.adb (test for excess errors)
WARNING: gnat.dg/self_aggregate_with_call.adb compilation failed to produce executable
FAIL: gnat.dg/self_aggregate_with_pointer.adb (test for excess errors)
WARNING: gnat.dg/self_aggregate_with_pointer.adb compilation failed to produce executable
FAIL: gnat.dg/self_aggregate_with_zeros.adb (test for excess errors)
WARNING: gnat.dg/self_aggregate_with_zeros.adb compilation failed to produce executable
FAIL: gnat.dg/string_slice.adb (test for excess errors)
WARNING: gnat.dg/string_slice.adb compilation failed to produce executable
FAIL: gnat.dg/tail_call.adb (test for excess errors)
WARNING: gnat.dg/tail_call.adb compilation failed to produce executable

		=== gnat Summary for unix/-m32 ===

# of expected passes		18
# of unexpected failures	12

Running target unix
FAIL: gnat.dg/frame_overflow.adb  (test for errors, line 12)
FAIL: gnat.dg/frame_overflow.adb  (test for errors, line 21)

		=== gnat Summary for unix ===

# of expected passes		40
# of unexpected failures	2

		=== gnat Summary ===

# of expected passes		58
# of unexpected failures	14
		=== objc tests ===


Running target unix/-m32

		=== objc Summary for unix/-m32 ===

# of expected passes		1806
# of expected failures		7
# of unsupported tests		24

Running target unix

		=== objc Summary for unix ===

# of expected passes		1806
# of expected failures		7
# of unsupported tests		24

		=== objc Summary ===

# of expected passes		3612
# of expected failures		14
# of unsupported tests		48
/abuild-old/aj/gcc/gcc/xgcc  version 4.2.3 20080115 (prerelease)

		=== treelang tests ===


Running target unix/-m32

		=== treelang Summary for unix/-m32 ===

# of expected passes		52

Running target unix

		=== treelang Summary for unix ===

# of expected passes		52

		=== treelang Summary ===

# of expected passes		104
		=== libffi tests ===


Running target unix/-m32
FAIL: libffi.call/return_fl2.c -O0 -W -Wall execution test
FAIL: libffi.call/return_fl2.c -O2 execution test
FAIL: libffi.call/return_fl2.c -O3 execution test
FAIL: libffi.call/return_fl2.c -Os execution test

		=== libffi Summary for unix/-m32 ===

# of expected passes		1080
# of unexpected failures	4
# of unsupported tests		8

Running target unix

		=== libffi Summary for unix ===

# of expected passes		1084
# of unsupported tests		8

		=== libffi Summary ===

# of expected passes		2164
# of unexpected failures	4
# of unsupported tests		16
		=== libgomp tests ===


Running target unix/-m32
FAIL: libgomp.c/ordered-2.c (test for excess errors)
WARNING: libgomp.c/ordered-2.c compilation failed to produce executable

		=== libgomp Summary for unix/-m32 ===

# of expected passes		1572
# of unexpected failures	1

Running target unix

		=== libgomp Summary for unix ===

# of expected passes		1574

		=== libgomp Summary ===

# of expected passes		3146
# of unexpected failures	1
		=== libjava tests ===


Running target unix/-m32

		=== libjava Summary for unix/-m32 ===

# of expected passes		7006
# of expected failures		12
# of untested testcases		8

Running target unix

		=== libjava Summary for unix ===

# of expected passes		7006
# of expected failures		12
# of untested testcases		8

		=== libjava Summary ===

# of expected passes		14012
# of expected failures		24
# of untested testcases		16
		=== libmudflap tests ===


Running target unix/-m32

		=== libmudflap Summary for unix/-m32 ===

# of expected passes		1814

Running target unix
FAIL: libmudflap.c/fail8-frag.c (-static) output pattern test
FAIL: libmudflap.c/fail9-frag.c (-static) output pattern test

		=== libmudflap Summary for unix ===

# of expected passes		1812
# of unexpected failures	2

		=== libmudflap Summary ===

# of expected passes		3626
# of unexpected failures	2
		=== libstdc++ tests ===


Running target unix/-m32
XPASS: 26_numerics/cmath/c99_classification_macros_c.cc (test for excess errors)

		=== libstdc++ Summary for unix/-m32 ===

# of expected passes		4484
# of unexpected successes	1
# of expected failures		15

Running target unix
XPASS: 26_numerics/cmath/c99_classification_macros_c.cc (test for excess errors)
XPASS: 27_io/fpos/14320-1.cc execution test

		=== libstdc++ Summary for unix ===

# of expected passes		4484
# of unexpected successes	2
# of expected failures		14

		=== libstdc++ Summary ===

# of expected passes		8968
# of unexpected successes	3
# of expected failures		29

Compiler version: 4.2.3 20080115 (prerelease) 
Platform: x86_64-suse-linux-gnu
configure flags: --prefix=/opt/gcc/4.2-devel --enable-checking=yes,rtl --enable-threads=posix --enable-clocale=gnu --enable-ssp --disable-libssp --enable-libstdcxx-allocator=new --enable-__cxa_atexit --enable-shared --with-system-zlib x86_64-suse-linux-gnu --enable-languages=c,ada,c++,fortran,java,objc,treelang
Version of binutils: GNU ld (GNU Binutils) 2.17.50.20070726-14 (SUSE Linux)
Version of glibc (/lib/libc.so.6): 2.6.1 (20070803)
Version of glibc (/lib64/libc.so.6): 2.6.1 (20070803)


Index Nav: [Date Index] [Subject Index] [Author Index] [Thread Index]
Message Nav: [Date Prev] [Date Next] [Thread Prev] [Thread Next]