This is the mail archive of the gcc-testresults@gcc.gnu.org mailing list for the GCC project.


Index Nav: [Date Index] [Subject Index] [Author Index] [Thread Index]
Message Nav: [Date Prev] [Date Next] [Thread Prev] [Thread Next]
Other format: [Raw text]

Results for 4.2.3 20080111 (prerelease) testsuite on x86_64-unknown-linux-gnu


LAST_UPDATED: 
Native configuration is x86_64-unknown-linux-gnu

		=== gcc tests ===


Running target unix/-fPIC
UNRESOLVED: gcc.c-torture/execute/mayalias-2.c execution,  -O3 -g 
FAIL: gcc.dg/pr29254.c  (test for warnings, line )
FAIL: gcc.dg/pr29254.c  (test for warnings, line 21)
UNRESOLVED: gcc.dg/torture/fp-int-convert-float128-timode.c  -O0  compilation failed to produce executable
UNRESOLVED: gcc.dg/torture/fp-int-convert-float128-timode.c  -O1  compilation failed to produce executable
UNRESOLVED: gcc.dg/torture/fp-int-convert-float128-timode.c  -O2  compilation failed to produce executable
UNRESOLVED: gcc.dg/torture/fp-int-convert-float128-timode.c  -O3 -fomit-frame-pointer  compilation failed to produce executable
UNRESOLVED: gcc.dg/torture/fp-int-convert-float128-timode.c  -O3 -g  compilation failed to produce executable
UNRESOLVED: gcc.dg/torture/fp-int-convert-float128-timode.c  -Os  compilation failed to produce executable
UNRESOLVED: gcc.dg/torture/fp-int-convert-float128.c  -O0  compilation failed to produce executable
UNRESOLVED: gcc.dg/torture/fp-int-convert-float128.c  -O1  compilation failed to produce executable
UNRESOLVED: gcc.dg/torture/fp-int-convert-float128.c  -O2  compilation failed to produce executable
UNRESOLVED: gcc.dg/torture/fp-int-convert-float128.c  -O3 -fomit-frame-pointer  compilation failed to produce executable
UNRESOLVED: gcc.dg/torture/fp-int-convert-float128.c  -O3 -g  compilation failed to produce executable
UNRESOLVED: gcc.dg/torture/fp-int-convert-float128.c  -Os  compilation failed to produce executable
FAIL: gcc.dg/tree-ssa/20030714-1.c scan-tree-dump-times if  4
FAIL: gcc.dg/tree-ssa/20030714-1.c scan-tree-dump-times ->code 2
FAIL: gcc.dg/tree-ssa/loadpre5.c scan-tree-dump-times Eliminated: 1 1
FAIL: gcc.dg/tree-ssa/loadpre8.c scan-tree-dump-times Eliminated: 1 1
FAIL: gcc.dg/tree-ssa/loop-19.c scan-tree-dump-times MEM.(base: &|symbol: )a, 2
FAIL: gcc.dg/tree-ssa/loop-19.c scan-tree-dump-times MEM.(base: &|symbol: )c, 2
FAIL: gcc.dg/tree-ssa/wholeprogram-1.c scan-tree-dump-not large_function
FAIL: gcc.dg/vect/vect-ifcvt-9.c scan-tree-dump-times vectorized 1 loops 2

		=== gcc Summary for unix/-fPIC ===

# of expected passes		42204
# of unexpected failures	10
# of expected failures		127
# of unresolved testcases	13
# of untested testcases		28
# of unsupported tests		417

Running target unix/-fpic
UNRESOLVED: gcc.c-torture/execute/mayalias-2.c execution,  -O3 -g 
FAIL: gcc.dg/pr29254.c  (test for warnings, line )
FAIL: gcc.dg/pr29254.c  (test for warnings, line 21)
UNRESOLVED: gcc.dg/torture/fp-int-convert-float128-timode.c  -O0  compilation failed to produce executable
UNRESOLVED: gcc.dg/torture/fp-int-convert-float128-timode.c  -O1  compilation failed to produce executable
UNRESOLVED: gcc.dg/torture/fp-int-convert-float128-timode.c  -O2  compilation failed to produce executable
UNRESOLVED: gcc.dg/torture/fp-int-convert-float128-timode.c  -O3 -fomit-frame-pointer  compilation failed to produce executable
UNRESOLVED: gcc.dg/torture/fp-int-convert-float128-timode.c  -O3 -g  compilation failed to produce executable
UNRESOLVED: gcc.dg/torture/fp-int-convert-float128-timode.c  -Os  compilation failed to produce executable
UNRESOLVED: gcc.dg/torture/fp-int-convert-float128.c  -O0  compilation failed to produce executable
UNRESOLVED: gcc.dg/torture/fp-int-convert-float128.c  -O1  compilation failed to produce executable
UNRESOLVED: gcc.dg/torture/fp-int-convert-float128.c  -O2  compilation failed to produce executable
UNRESOLVED: gcc.dg/torture/fp-int-convert-float128.c  -O3 -fomit-frame-pointer  compilation failed to produce executable
UNRESOLVED: gcc.dg/torture/fp-int-convert-float128.c  -O3 -g  compilation failed to produce executable
UNRESOLVED: gcc.dg/torture/fp-int-convert-float128.c  -Os  compilation failed to produce executable
FAIL: gcc.dg/tree-ssa/20030714-1.c scan-tree-dump-times if  4
FAIL: gcc.dg/tree-ssa/20030714-1.c scan-tree-dump-times ->code 2
FAIL: gcc.dg/tree-ssa/loadpre5.c scan-tree-dump-times Eliminated: 1 1
FAIL: gcc.dg/tree-ssa/loadpre8.c scan-tree-dump-times Eliminated: 1 1
FAIL: gcc.dg/tree-ssa/loop-19.c scan-tree-dump-times MEM.(base: &|symbol: )a, 2
FAIL: gcc.dg/tree-ssa/loop-19.c scan-tree-dump-times MEM.(base: &|symbol: )c, 2
FAIL: gcc.dg/tree-ssa/wholeprogram-1.c scan-tree-dump-not large_function
FAIL: gcc.dg/vect/vect-ifcvt-9.c scan-tree-dump-times vectorized 1 loops 2

		=== gcc Summary for unix/-fpic ===

# of expected passes		42204
# of unexpected failures	10
# of expected failures		127
# of unresolved testcases	13
# of untested testcases		28
# of unsupported tests		417

Running target unix
UNRESOLVED: gcc.c-torture/execute/mayalias-2.c execution,  -O3 -g 
UNRESOLVED: gcc.dg/torture/fp-int-convert-float128-timode.c  -O0  compilation failed to produce executable
UNRESOLVED: gcc.dg/torture/fp-int-convert-float128-timode.c  -O1  compilation failed to produce executable
UNRESOLVED: gcc.dg/torture/fp-int-convert-float128-timode.c  -O2  compilation failed to produce executable
UNRESOLVED: gcc.dg/torture/fp-int-convert-float128-timode.c  -O3 -fomit-frame-pointer  compilation failed to produce executable
UNRESOLVED: gcc.dg/torture/fp-int-convert-float128-timode.c  -O3 -g  compilation failed to produce executable
UNRESOLVED: gcc.dg/torture/fp-int-convert-float128-timode.c  -Os  compilation failed to produce executable
UNRESOLVED: gcc.dg/torture/fp-int-convert-float128.c  -O0  compilation failed to produce executable
UNRESOLVED: gcc.dg/torture/fp-int-convert-float128.c  -O1  compilation failed to produce executable
UNRESOLVED: gcc.dg/torture/fp-int-convert-float128.c  -O2  compilation failed to produce executable
UNRESOLVED: gcc.dg/torture/fp-int-convert-float128.c  -O3 -fomit-frame-pointer  compilation failed to produce executable
UNRESOLVED: gcc.dg/torture/fp-int-convert-float128.c  -O3 -g  compilation failed to produce executable
UNRESOLVED: gcc.dg/torture/fp-int-convert-float128.c  -Os  compilation failed to produce executable

		=== gcc Summary for unix ===

# of expected passes		42241
# of expected failures		127
# of unresolved testcases	13
# of untested testcases		28
# of unsupported tests		404

		=== gcc Summary ===

# of expected passes		126649
# of unexpected failures	20
# of expected failures		381
# of unresolved testcases	39
# of untested testcases		84
# of unsupported tests		1238
/home/ghazi/gcc-testing/42/build/gcc/xgcc  version 4.2.3 20080111 (prerelease)

		=== gfortran tests ===


Running target unix/-fPIC
XPASS: gfortran.dg/csqrt_2.f  -O0  execution test
XPASS: gfortran.dg/csqrt_2.f  -O1  execution test
XPASS: gfortran.dg/csqrt_2.f  -O2  execution test
XPASS: gfortran.dg/csqrt_2.f  -O3 -fomit-frame-pointer  execution test
XPASS: gfortran.dg/csqrt_2.f  -O3 -fomit-frame-pointer -funroll-loops  execution test
XPASS: gfortran.dg/csqrt_2.f  -O3 -fomit-frame-pointer -funroll-all-loops -finline-functions  execution test
XPASS: gfortran.dg/csqrt_2.f  -O3 -g  execution test
XPASS: gfortran.dg/csqrt_2.f  -Os  execution test

		=== gfortran Summary for unix/-fPIC ===

# of expected passes		16278
# of unexpected successes	8
# of expected failures		7
# of unsupported tests		17

Running target unix/-fpic
XPASS: gfortran.dg/csqrt_2.f  -O0  execution test
XPASS: gfortran.dg/csqrt_2.f  -O1  execution test
XPASS: gfortran.dg/csqrt_2.f  -O2  execution test
XPASS: gfortran.dg/csqrt_2.f  -O3 -fomit-frame-pointer  execution test
XPASS: gfortran.dg/csqrt_2.f  -O3 -fomit-frame-pointer -funroll-loops  execution test
XPASS: gfortran.dg/csqrt_2.f  -O3 -fomit-frame-pointer -funroll-all-loops -finline-functions  execution test
XPASS: gfortran.dg/csqrt_2.f  -O3 -g  execution test
XPASS: gfortran.dg/csqrt_2.f  -Os  execution test

		=== gfortran Summary for unix/-fpic ===

# of expected passes		16278
# of unexpected successes	8
# of expected failures		7
# of unsupported tests		17

Running target unix
XPASS: gfortran.dg/csqrt_2.f  -O0  execution test
XPASS: gfortran.dg/csqrt_2.f  -O1  execution test
XPASS: gfortran.dg/csqrt_2.f  -O2  execution test
XPASS: gfortran.dg/csqrt_2.f  -O3 -fomit-frame-pointer  execution test
XPASS: gfortran.dg/csqrt_2.f  -O3 -fomit-frame-pointer -funroll-loops  execution test
XPASS: gfortran.dg/csqrt_2.f  -O3 -fomit-frame-pointer -funroll-all-loops -finline-functions  execution test
XPASS: gfortran.dg/csqrt_2.f  -O3 -g  execution test
XPASS: gfortran.dg/csqrt_2.f  -Os  execution test

		=== gfortran Summary for unix ===

# of expected passes		16278
# of unexpected successes	8
# of expected failures		7
# of unsupported tests		17

		=== gfortran Summary ===

# of expected passes		48834
# of unexpected successes	24
# of expected failures		21
# of unsupported tests		51
/home/ghazi/gcc-testing/42/build/gcc/testsuite/gfortran/../../gfortran  version 4.2.3 20080111 (prerelease)

		=== g++ tests ===


Running target unix/-fPIC
XPASS: g++.dg/tree-ssa/ivopts-1.C scan-tree-dump-not offset: -4B
XPASS: g++.dg/tree-ssa/ivopts-1.C scan-tree-dump-not &x\\[5\\]

		=== g++ Summary for unix/-fPIC ===

# of expected passes		13538
# of unexpected successes	2
# of expected failures		67
# of unsupported tests		107

Running target unix/-fpic
XPASS: g++.dg/tree-ssa/ivopts-1.C scan-tree-dump-not offset: -4B
XPASS: g++.dg/tree-ssa/ivopts-1.C scan-tree-dump-not &x\\[5\\]

		=== g++ Summary for unix/-fpic ===

# of expected passes		13538
# of unexpected successes	2
# of expected failures		67
# of unsupported tests		107

Running target unix
XPASS: g++.dg/tree-ssa/ivopts-1.C scan-tree-dump-not offset: -4B
XPASS: g++.dg/tree-ssa/ivopts-1.C scan-tree-dump-not &x\\[5\\]

		=== g++ Summary for unix ===

# of expected passes		13540
# of unexpected successes	2
# of expected failures		67
# of unsupported tests		106

		=== g++ Summary ===

# of expected passes		40616
# of unexpected successes	6
# of expected failures		201
# of unsupported tests		320
/home/ghazi/gcc-testing/42/build/gcc/testsuite/g++/../../g++  version 4.2.3 20080111 (prerelease)

		=== obj-c++ tests ===


Running target unix/-fPIC
FAIL: obj-c++.dg/bitfield-1.mm (test for excess errors)
FAIL: obj-c++.dg/bitfield-4.mm (test for excess errors)
FAIL: obj-c++.dg/cxx-ivars-2.mm execution test
FAIL: obj-c++.dg/encode-8.mm execution test
FAIL: obj-c++.dg/isa-field-1.mm (test for excess errors)
FAIL: obj-c++.dg/layout-1.mm (test for excess errors)
FAIL: obj-c++.dg/lookup-2.mm (test for excess errors)
UNRESOLVED: obj-c++.dg/lookup-2.mm compilation failed to produce executable
FAIL: obj-c++.dg/try-catch-2.mm (test for excess errors)
UNRESOLVED: obj-c++.dg/try-catch-2.mm compilation failed to produce executable
FAIL: obj-c++.dg/try-catch-9.mm (test for excess errors)
UNRESOLVED: obj-c++.dg/try-catch-9.mm compilation failed to produce executable

		=== obj-c++ Summary for unix/-fPIC ===

# of expected passes		426
# of unexpected failures	9
# of unresolved testcases	3
# of unsupported tests		13

Running target unix/-fpic
FAIL: obj-c++.dg/bitfield-1.mm (test for excess errors)
FAIL: obj-c++.dg/bitfield-4.mm (test for excess errors)
FAIL: obj-c++.dg/cxx-ivars-2.mm execution test
FAIL: obj-c++.dg/encode-8.mm execution test
FAIL: obj-c++.dg/isa-field-1.mm (test for excess errors)
FAIL: obj-c++.dg/layout-1.mm (test for excess errors)
FAIL: obj-c++.dg/lookup-2.mm (test for excess errors)
UNRESOLVED: obj-c++.dg/lookup-2.mm compilation failed to produce executable
FAIL: obj-c++.dg/try-catch-2.mm (test for excess errors)
UNRESOLVED: obj-c++.dg/try-catch-2.mm compilation failed to produce executable
FAIL: obj-c++.dg/try-catch-9.mm (test for excess errors)
UNRESOLVED: obj-c++.dg/try-catch-9.mm compilation failed to produce executable

		=== obj-c++ Summary for unix/-fpic ===

# of expected passes		426
# of unexpected failures	9
# of unresolved testcases	3
# of unsupported tests		13

Running target unix
FAIL: obj-c++.dg/bitfield-1.mm (test for excess errors)
FAIL: obj-c++.dg/bitfield-4.mm (test for excess errors)
FAIL: obj-c++.dg/cxx-ivars-2.mm execution test
FAIL: obj-c++.dg/encode-8.mm execution test
FAIL: obj-c++.dg/isa-field-1.mm (test for excess errors)
FAIL: obj-c++.dg/layout-1.mm (test for excess errors)
FAIL: obj-c++.dg/lookup-2.mm (test for excess errors)
UNRESOLVED: obj-c++.dg/lookup-2.mm compilation failed to produce executable
FAIL: obj-c++.dg/try-catch-2.mm (test for excess errors)
UNRESOLVED: obj-c++.dg/try-catch-2.mm compilation failed to produce executable
FAIL: obj-c++.dg/try-catch-9.mm (test for excess errors)
UNRESOLVED: obj-c++.dg/try-catch-9.mm compilation failed to produce executable

		=== obj-c++ Summary for unix ===

# of expected passes		426
# of unexpected failures	9
# of unresolved testcases	3
# of unsupported tests		13

		=== obj-c++ Summary ===

# of expected passes		1278
# of unexpected failures	27
# of unresolved testcases	9
# of unsupported tests		39
/home/ghazi/gcc-testing/42/build/gcc/testsuite/obj-c++/../../g++  version 4.2.3 20080111 (prerelease)

		=== objc tests ===


Running target unix/-fPIC

		=== objc Summary for unix/-fPIC ===

# of expected passes		1806
# of expected failures		7
# of unsupported tests		24

Running target unix/-fpic

		=== objc Summary for unix/-fpic ===

# of expected passes		1806
# of expected failures		7
# of unsupported tests		24

Running target unix

		=== objc Summary for unix ===

# of expected passes		1806
# of expected failures		7
# of unsupported tests		24

		=== objc Summary ===

# of expected passes		5418
# of expected failures		21
# of unsupported tests		72
/home/ghazi/gcc-testing/42/build/gcc/xgcc  version 4.2.3 20080111 (prerelease)

		=== treelang tests ===


Running target unix/-fPIC

		=== treelang Summary for unix/-fPIC ===

# of expected passes		52

Running target unix/-fpic

		=== treelang Summary for unix/-fpic ===

# of expected passes		52

Running target unix

		=== treelang Summary for unix ===

# of expected passes		52

		=== treelang Summary ===

# of expected passes		156
		=== libffi tests ===


Running target unix/-fPIC

		=== libffi Summary for unix/-fPIC ===

# of expected passes		1084
# of unsupported tests		8

Running target unix/-fpic

		=== libffi Summary for unix/-fpic ===

# of expected passes		1084
# of unsupported tests		8

Running target unix

		=== libffi Summary for unix ===

# of expected passes		1084
# of unsupported tests		8

		=== libffi Summary ===

# of expected passes		3252
# of unsupported tests		24
		=== libgomp tests ===


Running target unix/-fPIC

		=== libgomp Summary for unix/-fPIC ===

# of expected passes		1574

Running target unix/-fpic

		=== libgomp Summary for unix/-fpic ===

# of expected passes		1574

Running target unix

		=== libgomp Summary for unix ===

# of expected passes		1574

		=== libgomp Summary ===

# of expected passes		4722
		=== libjava tests ===


Running target unix/-fPIC

		=== libjava Summary for unix/-fPIC ===

# of expected passes		7006
# of expected failures		12
# of untested testcases		8

Running target unix/-fpic

		=== libjava Summary for unix/-fpic ===

# of expected passes		7006
# of expected failures		12
# of untested testcases		8

Running target unix

		=== libjava Summary for unix ===

# of expected passes		7006
# of expected failures		12
# of untested testcases		8

		=== libjava Summary ===

# of expected passes		21018
# of expected failures		36
# of untested testcases		24
		=== libmudflap tests ===


Running target unix/-fPIC

		=== libmudflap Summary for unix/-fPIC ===

# of expected passes		1814

Running target unix/-fpic

		=== libmudflap Summary for unix/-fpic ===

# of expected passes		1814

Running target unix

		=== libmudflap Summary for unix ===

# of expected passes		1814

		=== libmudflap Summary ===

# of expected passes		5442
		=== libstdc++ tests ===


Running target unix/-fPIC
FAIL: abi_check
XPASS: 27_io/fpos/14320-1.cc execution test

		=== libstdc++ Summary for unix/-fPIC ===

# of expected passes		3851
# of unexpected failures	1
# of unexpected successes	1
# of expected failures		15
# of unsupported tests		316

Running target unix/-fpic
FAIL: abi_check
XPASS: 27_io/fpos/14320-1.cc execution test

		=== libstdc++ Summary for unix/-fpic ===

# of expected passes		3851
# of unexpected failures	1
# of unexpected successes	1
# of expected failures		15
# of unsupported tests		316

Running target unix
FAIL: abi_check
XPASS: 26_numerics/cmath/c99_classification_macros_c.cc (test for excess errors)
XPASS: 27_io/fpos/14320-1.cc execution test

		=== libstdc++ Summary for unix ===

# of expected passes		3851
# of unexpected failures	1
# of unexpected successes	2
# of expected failures		14
# of unsupported tests		316

		=== libstdc++ Summary ===

# of expected passes		11553
# of unexpected failures	3
# of unexpected successes	4
# of expected failures		44
# of unsupported tests		948

Compiler version: 4.2.3 20080111 (prerelease) 
Platform: x86_64-unknown-linux-gnu
configure flags: --verbose --enable-multilib=no --with-mpfr=/home/ghazi/gcc-testing/lib/422-230 --enable-languages=c,c++,fortran,java,objc,obj-c++,treelang


Index Nav: [Date Index] [Subject Index] [Author Index] [Thread Index]
Message Nav: [Date Prev] [Date Next] [Thread Prev] [Thread Next]