This is the mail archive of the gcc-testresults@gcc.gnu.org mailing list for the GCC project.


Index Nav: [Date Index] [Subject Index] [Author Index] [Thread Index]
Message Nav: [Date Prev] [Date Next] [Thread Prev] [Thread Next]
Other format: [Raw text]

Results for 4.3.0 20080111 (experimental) [trunk revision 131460] (GCC) testsuite on i686-pc-linux-gnu


LAST_UPDATED: Fri Jan 11 06:04:09 UTC 2008 (revision 131460)

Native configuration is i686-pc-linux-gnu

		=== g++ tests ===


Running target unix
FAIL: g++.dg/torture/pr34641.C  -O0  (test for excess errors)
FAIL: g++.dg/torture/pr34641.C  -O1  (test for excess errors)
FAIL: g++.dg/torture/pr34641.C  -O2  (test for excess errors)
FAIL: g++.dg/torture/pr34641.C  -O3 -fomit-frame-pointer  (test for excess errors)
FAIL: g++.dg/torture/pr34641.C  -O3 -fomit-frame-pointer -funroll-loops  (test for excess errors)
FAIL: g++.dg/torture/pr34641.C  -O3 -fomit-frame-pointer -funroll-all-loops -finline-functions  (test for excess errors)
FAIL: g++.dg/torture/pr34641.C  -O3 -g  (test for excess errors)
FAIL: g++.dg/torture/pr34641.C  -Os  (test for excess errors)

		=== g++ Summary ===

# of expected passes		17180
# of unexpected failures	8
# of expected failures		84
# of unsupported tests		88
/home/cuiwd/gcc4/build/gcc/testsuite/g++/../../g++  version 4.3.0 20080111 (experimental) [trunk revision 131460] (GCC) 

		=== gcc tests ===


Running target unix
FAIL: tmpdir-gcc.dg-struct-layout-1/t001 c_compat_y_tst.o compile
UNRESOLVED: tmpdir-gcc.dg-struct-layout-1/t001 c_compat_x_tst.o-c_compat_y_tst.o link 
UNRESOLVED: tmpdir-gcc.dg-struct-layout-1/t001 c_compat_x_tst.o-c_compat_y_tst.o execute 
FAIL: gcc.dg/torture/builtin-math-4.c  -O0  (test for excess errors)
FAIL: gcc.dg/torture/builtin-math-4.c  -O1  (test for excess errors)
FAIL: gcc.dg/torture/builtin-math-4.c  -O2  (test for excess errors)
FAIL: gcc.dg/torture/builtin-math-4.c  -O3 -fomit-frame-pointer  (test for excess errors)
FAIL: gcc.dg/torture/builtin-math-4.c  -O3 -fomit-frame-pointer -funroll-loops  (test for excess errors)
FAIL: gcc.dg/torture/builtin-math-4.c  -O3 -fomit-frame-pointer -funroll-all-loops -finline-functions  (test for excess errors)
FAIL: gcc.dg/torture/builtin-math-4.c  -O3 -g  (test for excess errors)
FAIL: gcc.dg/torture/builtin-math-4.c  -Os  (test for excess errors)

		=== gcc Summary ===

# of expected passes		48355
# of unexpected failures	9
# of expected failures		164
# of unresolved testcases	2
# of untested testcases		35
# of unsupported tests		348
/home/cuiwd/gcc4/build/gcc/xgcc  version 4.3.0 20080111 (experimental) [trunk revision 131460] (GCC) 

		=== gfortran tests ===


Running target unix
FAIL: gfortran.dg/common_6.f90  -O  (internal compiler error)
FAIL: gfortran.dg/common_6.f90  -O  (test for excess errors)

		=== gfortran Summary ===

# of expected passes		23114
# of unexpected failures	2
# of expected failures		8
# of unsupported tests		16
/home/cuiwd/gcc4/build/gcc/testsuite/gfortran/../../gfortran  version 4.3.0 20080111 (experimental) [trunk revision 131460] (GCC) 

		=== objc tests ===


Running target unix

		=== objc Summary ===

# of expected passes		1812
# of expected failures		7
# of unsupported tests		24
/home/cuiwd/gcc4/build/gcc/xgcc  version 4.3.0 20080111 (experimental) [trunk revision 131460] (GCC) 

		=== libffi tests ===


Running target unix

		=== libffi Summary ===

# of expected passes		1116
# of unsupported tests		8
		=== libgomp tests ===


Running target unix

		=== libgomp Summary ===

# of expected passes		1675
		=== libjava tests ===


Running target unix

		=== libjava Summary ===

# of expected passes		2550
		=== libmudflap tests ===


Running target unix
FAIL: libmudflap.c++/pass41-frag.cxx execution test
FAIL: libmudflap.c++/pass41-frag.cxx (-static) execution test
FAIL: libmudflap.c++/pass41-frag.cxx ( -O) execution test
FAIL: libmudflap.c++/pass41-frag.cxx (-O2) execution test
FAIL: libmudflap.c++/pass41-frag.cxx (-O3) execution test

		=== libmudflap Summary ===

# of expected passes		1844
# of unexpected failures	5
		=== libstdc++ tests ===


Running target unix
XPASS: 26_numerics/headers/cmath/c99_classification_macros_c.cc (test for excess errors)

		=== libstdc++ Summary ===

# of expected passes		4962
# of unexpected successes	1
# of expected failures		61
# of unsupported tests		326

Compiler version: 4.3.0 20080111 (experimental) [trunk revision 131460] (GCC) 
Platform: i686-pc-linux-gnu
configure flags: --prefix=/home/cuiwd/gcc4/ins --with-gnu-as --with-as=/home/cuiwd/binutils217/bin/as --with-gnu-ld --with-ld=/home/cuiwd/binutils217/bin/ld --with-mpfr=/home/cuiwd/mpfr --with-gmp=/home/cuiwd/gmp --enable-clocale=gnu --with-system-zlib --enable-shared --enable-threads=posix --enable-decimal-float=bid --with-demangler-in-ld --enable-haifa --enable-checking=assert


Index Nav: [Date Index] [Subject Index] [Author Index] [Thread Index]
Message Nav: [Date Prev] [Date Next] [Thread Prev] [Thread Next]