This is the mail archive of the gcc-testresults@gcc.gnu.org mailing list for the GCC project.


Index Nav: [Date Index] [Subject Index] [Author Index] [Thread Index]
Message Nav: [Date Prev] [Date Next] [Thread Prev] [Thread Next]
Other format: [Raw text]

Results for 4.3.0 20071231 (experimental) [trunk revision 131236] (GCC) testsuite on i386-apple-darwin8.10.1


LAST_UPDATED: Mon Dec 31 16:16:17 UTC 2007 (revision 131236)

Native configuration is i386-apple-darwin8.10.1

		=== gcc tests ===


Running target unix
FAIL: gcc.c-torture/execute/va-arg-25.c compilation,  -Os  (internal compiler error)
UNRESOLVED: gcc.c-torture/execute/va-arg-25.c execution,  -Os 
FAIL: gcc.dg/initpri1.c execution test
FAIL: gcc.dg/ssp-2.c (test for excess errors)
FAIL: gcc.dg/pch/save-temps-1.c -O0 -g assembly comparison
FAIL: gcc.dg/pch/save-temps-1.c  -O3 -g  assembly comparison
FAIL: gcc.dg/torture/builtin-math-4.c  -O0  (test for excess errors)
FAIL: gcc.dg/torture/builtin-math-4.c  -O1  (test for excess errors)
FAIL: gcc.dg/torture/builtin-math-4.c  -O2  (test for excess errors)
FAIL: gcc.dg/torture/builtin-math-4.c  -O3 -fomit-frame-pointer  (test for excess errors)
FAIL: gcc.dg/torture/builtin-math-4.c  -O3 -fomit-frame-pointer -funroll-loops  (test for excess errors)
FAIL: gcc.dg/torture/builtin-math-4.c  -O3 -fomit-frame-pointer -funroll-all-loops -finline-functions  (test for excess errors)
FAIL: gcc.dg/torture/builtin-math-4.c  -O3 -g  (test for excess errors)
FAIL: gcc.dg/torture/builtin-math-4.c  -Os  (test for excess errors)
FAIL: gcc.dg/tree-ssa/gen-vect-11b.c scan-tree-dump-times vect "vectorized 0 loops" 1
FAIL: gcc.dg/tree-ssa/gen-vect-11c.c scan-tree-dump-times vect "vectorized 0 loops" 1
FAIL: gcc.dg/tree-ssa/loop-19.c scan-tree-dump-times final_cleanup "MEM.(base: &|symbol: )a," 2
FAIL: gcc.dg/tree-ssa/loop-19.c scan-tree-dump-times final_cleanup "MEM.(base: &|symbol: )c," 2
FAIL: gcc.target/i386/addr-sel-1.c scan-assembler a\\\\+1
FAIL: gcc.target/i386/addr-sel-1.c scan-assembler b\\\\+1
FAIL: gcc.target/i386/asm-3.c (test for excess errors)
WARNING: gcc.target/i386/asm-3.c compilation failed to produce executable
XPASS: gcc.target/i386/builtin-apply-mmx.c execution test
FAIL: gcc.target/i386/pr17390.c scan-assembler-times fnstsw 1

		=== gcc Summary ===

# of expected passes		47208
# of unexpected failures	21
# of unexpected successes	1
# of expected failures		161
# of unresolved testcases	1
# of untested testcases		35
# of unsupported tests		442
/private/tmp/gfortran-20071231/ibin/gcc/xgcc  version 4.3.0 20071231 (experimental) [trunk revision 131236] (GCC) 

		=== gfortran tests ===


Running target unix

		=== gfortran Summary ===

# of expected passes		22884
# of expected failures		16
# of unsupported tests		46
/private/tmp/gfortran-20071231/ibin/gcc/testsuite/gfortran/../../gfortran  version 4.3.0 20071231 (experimental) [trunk revision 131236] (GCC) 

		=== libgomp tests ===


Running target unix

		=== libgomp Summary ===

# of expected passes		1184
# of unsupported tests		61

Compiler version: 4.3.0 20071231 (experimental) [trunk revision 131236] (GCC) 
Platform: i386-apple-darwin8.10.1
configure flags: --prefix=/usr/local/gfortran --enable-languages=c,fortran --with-gmp=/tmp/gfortran-20071231/gfortran_libs --enable-bootstrap


Index Nav: [Date Index] [Subject Index] [Author Index] [Thread Index]
Message Nav: [Date Prev] [Date Next] [Thread Prev] [Thread Next]