This is the mail archive of the gcc-testresults@gcc.gnu.org mailing list for the GCC project.


Index Nav: [Date Index] [Subject Index] [Author Index] [Thread Index]
Message Nav: [Date Prev] [Date Next] [Thread Prev] [Thread Next]
Other format: [Raw text]

Results for 4.3.0 20080109 (experimental) [trunk revision 131409] (GCC) testsuite on x86_64-unknown-linux-gnu


LAST_UPDATED: Wed Jan  9 10:04:58 UTC 2008 (revision 131409)

Native configuration is x86_64-unknown-linux-gnu

		=== g++ tests ===


Running target unix

		=== g++ Summary ===

# of expected passes		17087
# of expected failures		84
# of unsupported tests		118
/home/cuiwd/gcc4/build/gcc/testsuite/g++/../../g++  version 4.3.0 20080109 (experimental) [trunk revision 131409] (GCC) 

		=== gcc tests ===


Running target unix
FAIL: gcc.dg/struct/wo_prof_malloc_size_var.c (internal compiler error)
FAIL: gcc.dg/struct/wo_prof_malloc_size_var.c (test for excess errors)
UNRESOLVED: gcc.dg/struct/wo_prof_malloc_size_var.c compilation failed to produce executable
FAIL: gcc.dg/torture/builtin-math-4.c  -O0  (test for excess errors)
FAIL: gcc.dg/torture/builtin-math-4.c  -O1  (test for excess errors)
FAIL: gcc.dg/torture/builtin-math-4.c  -O2  (test for excess errors)
FAIL: gcc.dg/torture/builtin-math-4.c  -O3 -fomit-frame-pointer  (test for excess errors)
FAIL: gcc.dg/torture/builtin-math-4.c  -O3 -fomit-frame-pointer -funroll-loops  (test for excess errors)
FAIL: gcc.dg/torture/builtin-math-4.c  -O3 -fomit-frame-pointer -funroll-all-loops -finline-functions  (test for excess errors)
FAIL: gcc.dg/torture/builtin-math-4.c  -O3 -g  (test for excess errors)
FAIL: gcc.dg/torture/builtin-math-4.c  -Os  (test for excess errors)
FAIL: gcc.dg/tree-prof/bb-reorg.c compilation,  -fprofile-use -D_PROFILE_USE
UNRESOLVED: gcc.dg/tree-prof/bb-reorg.c execution,    -fprofile-use -D_PROFILE_USE

		=== gcc Summary ===

# of expected passes		48195
# of unexpected failures	11
# of expected failures		163
# of unresolved testcases	2
# of untested testcases		35
# of unsupported tests		464
/home/cuiwd/gcc4/build/gcc/xgcc  version 4.3.0 20080109 (experimental) [trunk revision 131409] (GCC) 

		=== gfortran tests ===


Running target unix
FAIL: gfortran.dg/list_read_8.f90  -O0  execution test
FAIL: gfortran.dg/list_read_8.f90  -O1  execution test
FAIL: gfortran.dg/list_read_8.f90  -O2  execution test
FAIL: gfortran.dg/list_read_8.f90  -O3 -fomit-frame-pointer  execution test
FAIL: gfortran.dg/list_read_8.f90  -O3 -fomit-frame-pointer -funroll-loops  execution test
FAIL: gfortran.dg/list_read_8.f90  -O3 -fomit-frame-pointer -funroll-all-loops -finline-functions  execution test
FAIL: gfortran.dg/list_read_8.f90  -O3 -g  execution test
FAIL: gfortran.dg/list_read_8.f90  -Os  execution test

		=== gfortran Summary ===

# of expected passes		23081
# of unexpected failures	8
# of expected failures		8
# of unsupported tests		18
/home/cuiwd/gcc4/build/gcc/testsuite/gfortran/../../gfortran  version 4.3.0 20080109 (experimental) [trunk revision 131409] (GCC) 

		=== objc tests ===


Running target unix

		=== objc Summary ===

# of expected passes		1812
# of expected failures		7
# of unsupported tests		24
/home/cuiwd/gcc4/build/gcc/xgcc  version 4.3.0 20080109 (experimental) [trunk revision 131409] (GCC) 

		=== libffi tests ===


Running target unix

		=== libffi Summary ===

# of expected passes		1116
# of unsupported tests		8
		=== libgomp tests ===


Running target unix

		=== libgomp Summary ===

# of expected passes		1675
		=== libjava tests ===


Running target unix

		=== libjava Summary ===

# of expected passes		2550
		=== libmudflap tests ===


Running target unix
FAIL: libmudflap.c++/pass41-frag.cxx execution test
FAIL: libmudflap.c++/pass41-frag.cxx (-static) execution test
FAIL: libmudflap.c++/pass41-frag.cxx ( -O) execution test
FAIL: libmudflap.c++/pass41-frag.cxx (-O2) execution test
FAIL: libmudflap.c++/pass41-frag.cxx (-O3) execution test

		=== libmudflap Summary ===

# of expected passes		1844
# of unexpected failures	5
		=== libstdc++ tests ===


Running target unix
FAIL: abi_check
FAIL: 17_intro/headers/c++200x/all.cc (test for excess errors)
FAIL: 17_intro/headers/c++200x/all_multiple_inclusion.cc (test for excess errors)
FAIL: 17_intro/using_namespace_std_tr1_neg.cc (test for excess errors)
FAIL: 20_util/enable_shared_from_this/requirements/explicit_instantiation.cc (test for excess errors)
FAIL: 20_util/forward/1.cc (test for excess errors)
FAIL: 20_util/headers/memory/types_std_c++0x.cc (test for excess errors)
FAIL: 20_util/move/1.cc (test for excess errors)
FAIL: 20_util/shared_ptr/assign/assign.cc (test for excess errors)
UNRESOLVED: 20_util/shared_ptr/assign/assign.cc compilation failed to produce executable
FAIL: 20_util/shared_ptr/assign/auto_ptr.cc (test for excess errors)
UNRESOLVED: 20_util/shared_ptr/assign/auto_ptr.cc compilation failed to produce executable
FAIL: 20_util/shared_ptr/assign/auto_ptr_neg.cc  (test for errors, line 40)
FAIL: 20_util/shared_ptr/assign/dr541.cc (test for excess errors)
FAIL: 20_util/shared_ptr/assign/move.cc (test for excess errors)
UNRESOLVED: 20_util/shared_ptr/assign/move.cc compilation failed to produce executable
FAIL: 20_util/shared_ptr/assign/shared_ptr.cc (test for excess errors)
UNRESOLVED: 20_util/shared_ptr/assign/shared_ptr.cc compilation failed to produce executable
FAIL: 20_util/shared_ptr/assign/shared_ptr_neg.cc  (test for errors, line 40)
FAIL: 20_util/shared_ptr/assign/shared_ptr_neg.cc  (test for errors, line )
FAIL: 20_util/shared_ptr/assign/shared_ptr_neg.cc  (test for errors, line )
FAIL: 20_util/shared_ptr/assign/shared_ptr_neg.cc (test for excess errors)
FAIL: 20_util/shared_ptr/casts/1.cc (test for excess errors)
FAIL: 20_util/shared_ptr/comparison/cmp.cc (test for excess errors)
UNRESOLVED: 20_util/shared_ptr/comparison/cmp.cc compilation failed to produce executable
FAIL: 20_util/shared_ptr/cons/alias.cc (test for excess errors)
UNRESOLVED: 20_util/shared_ptr/cons/alias.cc compilation failed to produce executable
FAIL: 20_util/shared_ptr/cons/alloc.cc (test for excess errors)
UNRESOLVED: 20_util/shared_ptr/cons/alloc.cc compilation failed to produce executable
FAIL: 20_util/shared_ptr/cons/auto_ptr.cc (test for excess errors)
UNRESOLVED: 20_util/shared_ptr/cons/auto_ptr.cc compilation failed to produce executable
FAIL: 20_util/shared_ptr/cons/copy.cc (test for excess errors)
UNRESOLVED: 20_util/shared_ptr/cons/copy.cc compilation failed to produce executable
FAIL: 20_util/shared_ptr/cons/default.cc (test for excess errors)
UNRESOLVED: 20_util/shared_ptr/cons/default.cc compilation failed to produce executable
FAIL: 20_util/shared_ptr/cons/move.cc (test for excess errors)
UNRESOLVED: 20_util/shared_ptr/cons/move.cc compilation failed to produce executable
FAIL: 20_util/shared_ptr/cons/pointer.cc (test for excess errors)
UNRESOLVED: 20_util/shared_ptr/cons/pointer.cc compilation failed to produce executable
FAIL: 20_util/shared_ptr/cons/weak_ptr.cc (test for excess errors)
UNRESOLVED: 20_util/shared_ptr/cons/weak_ptr.cc compilation failed to produce executable
FAIL: 20_util/shared_ptr/cons/weak_ptr_expired.cc (test for excess errors)
UNRESOLVED: 20_util/shared_ptr/cons/weak_ptr_expired.cc compilation failed to produce executable
FAIL: 20_util/shared_ptr/creation/alloc.cc (test for excess errors)
UNRESOLVED: 20_util/shared_ptr/creation/alloc.cc compilation failed to produce executable
FAIL: 20_util/shared_ptr/creation/dr402.cc (test for excess errors)
FAIL: 20_util/shared_ptr/creation/make.cc (test for excess errors)
UNRESOLVED: 20_util/shared_ptr/creation/make.cc compilation failed to produce executable
FAIL: 20_util/shared_ptr/dest/dest.cc (test for excess errors)
UNRESOLVED: 20_util/shared_ptr/dest/dest.cc compilation failed to produce executable
FAIL: 20_util/shared_ptr/misc/24595.cc (test for excess errors)
UNRESOLVED: 20_util/shared_ptr/misc/24595.cc compilation failed to produce executable
FAIL: 20_util/shared_ptr/misc/io.cc (test for excess errors)
UNRESOLVED: 20_util/shared_ptr/misc/io.cc compilation failed to produce executable
FAIL: 20_util/shared_ptr/misc/swap.cc (test for excess errors)
UNRESOLVED: 20_util/shared_ptr/misc/swap.cc compilation failed to produce executable
FAIL: 20_util/shared_ptr/modifiers/24805.cc (test for excess errors)
FAIL: 20_util/shared_ptr/modifiers/reset.cc (test for excess errors)
UNRESOLVED: 20_util/shared_ptr/modifiers/reset.cc compilation failed to produce executable
FAIL: 20_util/shared_ptr/modifiers/reset_alloc.cc (test for excess errors)
UNRESOLVED: 20_util/shared_ptr/modifiers/reset_alloc.cc compilation failed to produce executable
FAIL: 20_util/shared_ptr/modifiers/reset_neg.cc  (test for errors, line 38)
FAIL: 20_util/shared_ptr/modifiers/reset_neg.cc (test for excess errors)
FAIL: 20_util/shared_ptr/modifiers/swap.cc (test for excess errors)
UNRESOLVED: 20_util/shared_ptr/modifiers/swap.cc compilation failed to produce executable
FAIL: 20_util/shared_ptr/modifiers/swap_neg.cc  (test for errors, line 39)
FAIL: 20_util/shared_ptr/modifiers/swap_neg.cc (test for excess errors)
FAIL: 20_util/shared_ptr/observers/bool_conv.cc (test for excess errors)
UNRESOLVED: 20_util/shared_ptr/observers/bool_conv.cc compilation failed to produce executable
FAIL: 20_util/shared_ptr/observers/get.cc (test for excess errors)
UNRESOLVED: 20_util/shared_ptr/observers/get.cc compilation failed to produce executable
FAIL: 20_util/shared_ptr/observers/unique.cc (test for excess errors)
UNRESOLVED: 20_util/shared_ptr/observers/unique.cc compilation failed to produce executable
FAIL: 20_util/shared_ptr/observers/use_count.cc (test for excess errors)
UNRESOLVED: 20_util/shared_ptr/observers/use_count.cc compilation failed to produce executable
FAIL: 20_util/shared_ptr/requirements/explicit_instantiation/1.cc (test for excess errors)
FAIL: 20_util/shared_ptr/requirements/explicit_instantiation/2.cc (test for excess errors)
FAIL: 20_util/shared_ptr/thread/default_weaktoshared.cc (test for excess errors)
UNRESOLVED: 20_util/shared_ptr/thread/default_weaktoshared.cc compilation failed to produce executable
FAIL: 20_util/shared_ptr/thread/mutex_weaktoshared.cc (test for excess errors)
UNRESOLVED: 20_util/shared_ptr/thread/mutex_weaktoshared.cc compilation failed to produce executable
FAIL: 20_util/weak_ptr/lock/1.cc (test for excess errors)
FAIL: 20_util/weak_ptr/requirements/explicit_instantiation/1.cc (test for excess errors)
FAIL: 20_util/weak_ptr/requirements/explicit_instantiation/2.cc (test for excess errors)
FAIL: 22_locale/num_put/put/char/12.cc execution test
FAIL: 22_locale/num_put/put/wchar_t/12.cc execution test
FAIL: 22_locale/time_get/get_date/wchar_t/4.cc execution test
XPASS: 26_numerics/headers/cmath/c99_classification_macros_c.cc (test for excess errors)
XPASS: 27_io/fpos/14320-1.cc execution test
FAIL: tr1/2_general_utilities/enable_shared_from_this/1.cc (test for excess errors)
FAIL: tr1/2_general_utilities/enable_shared_from_this/not_shared.cc (test for excess errors)
UNRESOLVED: tr1/2_general_utilities/enable_shared_from_this/not_shared.cc compilation failed to produce executable
FAIL: tr1/2_general_utilities/enable_shared_from_this/not_shared2.cc (test for excess errors)
UNRESOLVED: tr1/2_general_utilities/enable_shared_from_this/not_shared2.cc compilation failed to produce executable
FAIL: tr1/2_general_utilities/enable_shared_from_this/not_shared3.cc (test for excess errors)
UNRESOLVED: tr1/2_general_utilities/enable_shared_from_this/not_shared3.cc compilation failed to produce executable
FAIL: tr1/2_general_utilities/enable_shared_from_this/requirements/explicit_instantiation/1.cc (test for excess errors)
FAIL: tr1/2_general_utilities/enable_shared_from_this/shared.cc (test for excess errors)
UNRESOLVED: tr1/2_general_utilities/enable_shared_from_this/shared.cc compilation failed to produce executable
FAIL: tr1/2_general_utilities/enable_shared_from_this/still_shared.cc (test for excess errors)
UNRESOLVED: tr1/2_general_utilities/enable_shared_from_this/still_shared.cc compilation failed to produce executable
FAIL: tr1/2_general_utilities/headers/memory/synopsis.cc (test for excess errors)
FAIL: tr1/2_general_utilities/headers/memory/types_std_tr1.cc (test for excess errors)
FAIL: tr1/2_general_utilities/shared_ptr/assign/assign.cc (test for excess errors)
UNRESOLVED: tr1/2_general_utilities/shared_ptr/assign/assign.cc compilation failed to produce executable
FAIL: tr1/2_general_utilities/shared_ptr/assign/auto_ptr.cc (test for excess errors)
UNRESOLVED: tr1/2_general_utilities/shared_ptr/assign/auto_ptr.cc compilation failed to produce executable
FAIL: tr1/2_general_utilities/shared_ptr/assign/auto_ptr_neg.cc  (test for errors, line 39)
FAIL: tr1/2_general_utilities/shared_ptr/assign/dr541.cc (test for excess errors)
FAIL: tr1/2_general_utilities/shared_ptr/assign/shared_ptr.cc (test for excess errors)
UNRESOLVED: tr1/2_general_utilities/shared_ptr/assign/shared_ptr.cc compilation failed to produce executable
FAIL: tr1/2_general_utilities/shared_ptr/assign/shared_ptr_neg.cc  (test for errors, line 39)
FAIL: tr1/2_general_utilities/shared_ptr/assign/shared_ptr_neg.cc  (test for errors, line )
FAIL: tr1/2_general_utilities/shared_ptr/assign/shared_ptr_neg.cc  (test for errors, line )
FAIL: tr1/2_general_utilities/shared_ptr/assign/shared_ptr_neg.cc (test for excess errors)
FAIL: tr1/2_general_utilities/shared_ptr/casts/1.cc (test for excess errors)
FAIL: tr1/2_general_utilities/shared_ptr/comparison/cmp.cc (test for excess errors)
UNRESOLVED: tr1/2_general_utilities/shared_ptr/comparison/cmp.cc compilation failed to produce executable
FAIL: tr1/2_general_utilities/shared_ptr/cons/auto_ptr.cc (test for excess errors)
UNRESOLVED: tr1/2_general_utilities/shared_ptr/cons/auto_ptr.cc compilation failed to produce executable
FAIL: tr1/2_general_utilities/shared_ptr/cons/copy.cc (test for excess errors)
UNRESOLVED: tr1/2_general_utilities/shared_ptr/cons/copy.cc compilation failed to produce executable
FAIL: tr1/2_general_utilities/shared_ptr/cons/default.cc (test for excess errors)
UNRESOLVED: tr1/2_general_utilities/shared_ptr/cons/default.cc compilation failed to produce executable
FAIL: tr1/2_general_utilities/shared_ptr/cons/pointer.cc (test for excess errors)
UNRESOLVED: tr1/2_general_utilities/shared_ptr/cons/pointer.cc compilation failed to produce executable
FAIL: tr1/2_general_utilities/shared_ptr/cons/weak_ptr.cc (test for excess errors)
UNRESOLVED: tr1/2_general_utilities/shared_ptr/cons/weak_ptr.cc compilation failed to produce executable
FAIL: tr1/2_general_utilities/shared_ptr/cons/weak_ptr_expired.cc (test for excess errors)
UNRESOLVED: tr1/2_general_utilities/shared_ptr/cons/weak_ptr_expired.cc compilation failed to produce executable
FAIL: tr1/2_general_utilities/shared_ptr/dest/dest.cc (test for excess errors)
UNRESOLVED: tr1/2_general_utilities/shared_ptr/dest/dest.cc compilation failed to produce executable
FAIL: tr1/2_general_utilities/shared_ptr/misc/24595.cc (test for excess errors)
UNRESOLVED: tr1/2_general_utilities/shared_ptr/misc/24595.cc compilation failed to produce executable
FAIL: tr1/2_general_utilities/shared_ptr/misc/io.cc (test for excess errors)
UNRESOLVED: tr1/2_general_utilities/shared_ptr/misc/io.cc compilation failed to produce executable
FAIL: tr1/2_general_utilities/shared_ptr/misc/swap.cc (test for excess errors)
UNRESOLVED: tr1/2_general_utilities/shared_ptr/misc/swap.cc compilation failed to produce executable
FAIL: tr1/2_general_utilities/shared_ptr/modifiers/24805.cc (test for excess errors)
FAIL: tr1/2_general_utilities/shared_ptr/modifiers/reset.cc (test for excess errors)
UNRESOLVED: tr1/2_general_utilities/shared_ptr/modifiers/reset.cc compilation failed to produce executable
FAIL: tr1/2_general_utilities/shared_ptr/modifiers/reset_neg.cc  (test for errors, line 37)
FAIL: tr1/2_general_utilities/shared_ptr/modifiers/reset_neg.cc (test for excess errors)
FAIL: tr1/2_general_utilities/shared_ptr/modifiers/swap.cc (test for excess errors)
UNRESOLVED: tr1/2_general_utilities/shared_ptr/modifiers/swap.cc compilation failed to produce executable
FAIL: tr1/2_general_utilities/shared_ptr/modifiers/swap_neg.cc  (test for errors, line 38)
FAIL: tr1/2_general_utilities/shared_ptr/modifiers/swap_neg.cc (test for excess errors)
FAIL: tr1/2_general_utilities/shared_ptr/observers/bool_conv.cc (test for excess errors)
UNRESOLVED: tr1/2_general_utilities/shared_ptr/observers/bool_conv.cc compilation failed to produce executable
FAIL: tr1/2_general_utilities/shared_ptr/observers/get.cc (test for excess errors)
UNRESOLVED: tr1/2_general_utilities/shared_ptr/observers/get.cc compilation failed to produce executable
FAIL: tr1/2_general_utilities/shared_ptr/observers/unique.cc (test for excess errors)
UNRESOLVED: tr1/2_general_utilities/shared_ptr/observers/unique.cc compilation failed to produce executable
FAIL: tr1/2_general_utilities/shared_ptr/observers/use_count.cc (test for excess errors)
UNRESOLVED: tr1/2_general_utilities/shared_ptr/observers/use_count.cc compilation failed to produce executable
FAIL: tr1/2_general_utilities/shared_ptr/requirements/explicit_instantiation/1.cc (test for excess errors)
FAIL: tr1/2_general_utilities/shared_ptr/requirements/explicit_instantiation/2.cc (test for excess errors)
FAIL: tr1/2_general_utilities/shared_ptr/thread/default_weaktoshared.cc (test for excess errors)
UNRESOLVED: tr1/2_general_utilities/shared_ptr/thread/default_weaktoshared.cc compilation failed to produce executable
FAIL: tr1/2_general_utilities/shared_ptr/thread/mutex_weaktoshared.cc (test for excess errors)
UNRESOLVED: tr1/2_general_utilities/shared_ptr/thread/mutex_weaktoshared.cc compilation failed to produce executable
FAIL: tr1/2_general_utilities/weak_ptr/lock/1.cc (test for excess errors)
FAIL: tr1/2_general_utilities/weak_ptr/requirements/explicit_instantiation/1.cc (test for excess errors)
FAIL: tr1/2_general_utilities/weak_ptr/requirements/explicit_instantiation/2.cc (test for excess errors)
FAIL: tr1/headers/all.cc (test for excess errors)

		=== libstdc++ Summary ===

# of expected passes		5433
# of unexpected failures	107
# of unexpected successes	2
# of expected failures		58
# of unresolved testcases	56
# of unsupported tests		10

Compiler version: 4.3.0 20080109 (experimental) [trunk revision 131409] (GCC) 
Platform: x86_64-unknown-linux-gnu
configure flags: --enable-clocale=gnu --with-system-zlib --with-demangler-in-ld --enable-shared --enable-threads-osix --enable-haifa --enable-checking=assert --prefix=/home/cuiwd/gcc4/ins --with-gmp=/home/cuiwd/gmp --with-mpfr=/home/cuiwd/mpfr --enable-languages=c,c++,fortran,java,objc --no-create --no-recursion


Index Nav: [Date Index] [Subject Index] [Author Index] [Thread Index]
Message Nav: [Date Prev] [Date Next] [Thread Prev] [Thread Next]