This is the mail archive of the gcc-testresults@gcc.gnu.org mailing list for the GCC project.


Index Nav: [Date Index] [Subject Index] [Author Index] [Thread Index]
Message Nav: [Date Prev] [Date Next] [Thread Prev] [Thread Next]
Other format: [Raw text]

Results for 4.3.0 20080105 (experimental) [trunk revision 131332] (GCC) testsuite on i686-pc-linux-gnu


LAST_UPDATED: Tue Jan  8 16:34:45 UTC 2008 (revision 131400)

Native configuration is i686-pc-linux-gnu

		=== g++ tests ===


Running target unix
FAIL: g++.dg/rtti/predefined-rtti-macro-1.C (test for excess errors)
FAIL: g++.dg/gomp/pr33890.C (internal compiler error)
FAIL: g++.dg/gomp/pr33890.C (test for excess errors)
FAIL: g++.dg/gomp/pr34694.C  (test for warnings, line 12)
FAIL: g++.dg/gomp/pr34694.C (test for excess errors)

		=== g++ Summary ===

# of expected passes		17164
# of unexpected failures	5
# of expected failures		84
# of unsupported tests		88
/home/cuiwd/gcc4/build/gcc/testsuite/g++/../../g++  version 4.3.0 20080105 (experimental) [trunk revision 131332] (GCC) 

		=== gcc tests ===


Running target unix
FAIL: gcc.dg/cpp/trad/macroargs.c (test for excess errors)
UNRESOLVED: gcc.dg/cpp/trad/macroargs.c compilation failed to produce executable
FAIL: gcc.dg/pr34263.c scan-tree-dump optimized "Cleaned-up latch block of loop with single BB"
FAIL: gcc.dg/gomp/pr34694.c  (test for warnings, line 12)
FAIL: gcc.dg/gomp/pr34694.c (test for excess errors)
FAIL: gcc.dg/torture/builtin-math-4.c  -O0  (test for excess errors)
FAIL: gcc.dg/torture/builtin-math-4.c  -O1  (test for excess errors)
FAIL: gcc.dg/torture/builtin-math-4.c  -O2  (test for excess errors)
FAIL: gcc.dg/torture/builtin-math-4.c  -O3 -fomit-frame-pointer  (test for excess errors)
FAIL: gcc.dg/torture/builtin-math-4.c  -O3 -fomit-frame-pointer -funroll-loops  (test for excess errors)
FAIL: gcc.dg/torture/builtin-math-4.c  -O3 -fomit-frame-pointer -funroll-all-loops -finline-functions  (test for excess errors)
FAIL: gcc.dg/torture/builtin-math-4.c  -O3 -g  (test for excess errors)
FAIL: gcc.dg/torture/builtin-math-4.c  -Os  (test for excess errors)

		=== gcc Summary ===

# of expected passes		48335
# of unexpected failures	12
# of expected failures		164
# of unresolved testcases	1
# of untested testcases		35
# of unsupported tests		348
/home/cuiwd/gcc4/build/gcc/xgcc  version 4.3.0 20080105 (experimental) [trunk revision 131332] (GCC) 

		=== gfortran tests ===


Running target unix
FAIL: gfortran.dg/alloc_comp_default_init_1.f90  -O0  execution test
FAIL: gfortran.dg/alloc_comp_default_init_1.f90  -O1  execution test
FAIL: gfortran.dg/alloc_comp_default_init_1.f90  -O2  execution test
FAIL: gfortran.dg/alloc_comp_default_init_1.f90  -O3 -fomit-frame-pointer  execution test
FAIL: gfortran.dg/alloc_comp_default_init_1.f90  -O3 -fomit-frame-pointer -funroll-loops  execution test
FAIL: gfortran.dg/alloc_comp_default_init_1.f90  -O3 -fomit-frame-pointer -funroll-all-loops -finline-functions  execution test
FAIL: gfortran.dg/alloc_comp_default_init_1.f90  -O3 -g  execution test
FAIL: gfortran.dg/alloc_comp_default_init_1.f90  -Os  execution test
FAIL: gfortran.dg/blockdata_1.f90  -O0   (test for warnings, line 17)
FAIL: gfortran.dg/blockdata_1.f90  -O0  (test for excess errors)
FAIL: gfortran.dg/blockdata_1.f90  -O1   (test for warnings, line 17)
FAIL: gfortran.dg/blockdata_1.f90  -O1  (test for excess errors)
FAIL: gfortran.dg/blockdata_1.f90  -O2   (test for warnings, line 17)
FAIL: gfortran.dg/blockdata_1.f90  -O2  (test for excess errors)
FAIL: gfortran.dg/blockdata_1.f90  -O3 -fomit-frame-pointer   (test for warnings, line 17)
FAIL: gfortran.dg/blockdata_1.f90  -O3 -fomit-frame-pointer  (test for excess errors)
FAIL: gfortran.dg/blockdata_1.f90  -O3 -fomit-frame-pointer -funroll-loops   (test for warnings, line 17)
FAIL: gfortran.dg/blockdata_1.f90  -O3 -fomit-frame-pointer -funroll-loops  (test for excess errors)
FAIL: gfortran.dg/blockdata_1.f90  -O3 -fomit-frame-pointer -funroll-all-loops -finline-functions   (test for warnings, line 17)
FAIL: gfortran.dg/blockdata_1.f90  -O3 -fomit-frame-pointer -funroll-all-loops -finline-functions  (test for excess errors)
FAIL: gfortran.dg/blockdata_1.f90  -O3 -g   (test for warnings, line 17)
FAIL: gfortran.dg/blockdata_1.f90  -O3 -g  (test for excess errors)
FAIL: gfortran.dg/blockdata_1.f90  -Os   (test for warnings, line 17)
FAIL: gfortran.dg/blockdata_1.f90  -Os  (test for excess errors)
FAIL: gfortran.dg/blockdata_2.f90  -O  (test for excess errors)
FAIL: gfortran.dg/char_result_3.f90  -Os  (internal compiler error)
FAIL: gfortran.dg/char_result_3.f90  -Os  (test for excess errors)
UNRESOLVED: gfortran.dg/char_result_3.f90  -Os  compilation failed to produce executable
FAIL: gfortran.dg/common_11.f90  -O   (test for warnings, line 9)
FAIL: gfortran.dg/common_11.f90  -O   (test for warnings, line 10)
FAIL: gfortran.dg/common_11.f90  -O   (test for errors, line 22)
FAIL: gfortran.dg/common_11.f90  -O   (test for warnings, line 28)
FAIL: gfortran.dg/common_11.f90  -O  (test for excess errors)
FAIL: gfortran.dg/elemental_args_check_2.f90  -O   (test for errors, line 11)
FAIL: gfortran.dg/equiv_constraint_9.f90  -O   (test for errors, line 23)
FAIL: gfortran.dg/intent_out_3.f90  -O   (test for errors, line 18)
FAIL: gfortran.dg/internal_io_unf.f90  -O   (test for errors, line 10)
FAIL: gfortran.dg/list_read_8.f90  -O0  execution test
FAIL: gfortran.dg/list_read_8.f90  -O1  execution test
FAIL: gfortran.dg/list_read_8.f90  -O2  execution test
FAIL: gfortran.dg/list_read_8.f90  -O3 -fomit-frame-pointer  execution test
FAIL: gfortran.dg/list_read_8.f90  -O3 -fomit-frame-pointer -funroll-loops  execution test
FAIL: gfortran.dg/list_read_8.f90  -O3 -fomit-frame-pointer -funroll-all-loops -finline-functions  execution test
FAIL: gfortran.dg/list_read_8.f90  -O3 -g  execution test
FAIL: gfortran.dg/list_read_8.f90  -Os  execution test
FAIL: gfortran.dg/optional_dim_3.f90  -O0  execution test
FAIL: gfortran.dg/optional_dim_3.f90  -O1  execution test
FAIL: gfortran.dg/optional_dim_3.f90  -O2  execution test
FAIL: gfortran.dg/optional_dim_3.f90  -O3 -fomit-frame-pointer  execution test
FAIL: gfortran.dg/optional_dim_3.f90  -O3 -fomit-frame-pointer -funroll-loops  execution test
FAIL: gfortran.dg/optional_dim_3.f90  -O3 -fomit-frame-pointer -funroll-all-loops -finline-functions  execution test
FAIL: gfortran.dg/optional_dim_3.f90  -O3 -g  execution test
FAIL: gfortran.dg/optional_dim_3.f90  -Os  execution test
FAIL: gfortran.dg/parameter_array_init_3.f90  -O  (test for excess errors)
FAIL: gfortran.dg/use_12.f90  -O  (internal compiler error)
FAIL: gfortran.dg/use_12.f90  -O  (test for excess errors)
FAIL: gfortran.dg/use_only_2.f90  -O  (test for excess errors)

		=== gfortran Summary ===

# of expected passes		23036
# of unexpected failures	56
# of expected failures		8
# of unresolved testcases	1
# of unsupported tests		16
/home/cuiwd/gcc4/build/gcc/testsuite/gfortran/../../gfortran  version 4.3.0 20080105 (experimental) [trunk revision 131332] (GCC) 

		=== objc tests ===


Running target unix

		=== objc Summary ===

# of expected passes		1812
# of expected failures		7
# of unsupported tests		24
/home/cuiwd/gcc4/build/gcc/xgcc  version 4.3.0 20080105 (experimental) [trunk revision 131332] (GCC) 

		=== libffi tests ===


Running target unix

		=== libffi Summary ===

# of expected passes		1116
# of unsupported tests		8
		=== libgomp tests ===


Running target unix
FAIL: libgomp.c/barrier-1.c (internal compiler error)
FAIL: libgomp.c/barrier-1.c (test for excess errors)
UNRESOLVED: libgomp.c/barrier-1.c compilation failed to produce executable

		=== libgomp Summary ===

# of expected passes		1673
# of unexpected failures	2
# of unresolved testcases	1
		=== libjava tests ===


Running target unix

		=== libjava Summary ===

# of expected passes		2550
		=== libmudflap tests ===


Running target unix
FAIL: libmudflap.c++/pass41-frag.cxx execution test
FAIL: libmudflap.c++/pass41-frag.cxx (-static) execution test
FAIL: libmudflap.c++/pass41-frag.cxx ( -O) execution test
FAIL: libmudflap.c++/pass41-frag.cxx (-O2) execution test
FAIL: libmudflap.c++/pass41-frag.cxx (-O3) execution test

		=== libmudflap Summary ===

# of expected passes		1844
# of unexpected failures	5
		=== libstdc++ tests ===


Running target unix
FAIL: 22_locale/global_templates/standard_facet_hierarchies.cc execution test
FAIL: 22_locale/global_templates/user_facet_hierarchies.cc execution test
XPASS: 26_numerics/headers/cmath/c99_classification_macros_c.cc (test for excess errors)

		=== libstdc++ Summary ===

# of expected passes		4960
# of unexpected failures	2
# of unexpected successes	1
# of expected failures		61
# of unsupported tests		326

Compiler version: 4.3.0 20080105 (experimental) [trunk revision 131332] (GCC) 
Platform: i686-pc-linux-gnu
configure flags: --prefix=/home/cuiwd/gcc4/ins --with-gnu-as --with-as=/home/cuiwd/binutils217/bin/as --with-gnu-ld --with-ld=/home/cuiwd/binutils217/bin/ld --with-mpfr=/home/cuiwd/mpfr --with-gmp=/home/cuiwd/gmp --enable-clocale=gnu --with-system-zlib --enable-shared --enable-threads=posix --enable-decimal-float=bid --with-demangler-in-ld --enable-haifa --enable-checking=assert


Index Nav: [Date Index] [Subject Index] [Author Index] [Thread Index]
Message Nav: [Date Prev] [Date Next] [Thread Prev] [Thread Next]