This is the mail archive of the gcc-testresults@gcc.gnu.org mailing list for the GCC project.


Index Nav: [Date Index] [Subject Index] [Author Index] [Thread Index]
Message Nav: [Date Prev] [Date Next] [Thread Prev] [Thread Next]
Other format: [Raw text]

Results for 4.3.0 20080107 (experimental) (GCC) testsuite on arm-none-eabi


LAST_UPDATED: Mon Jan  7 08:10:11 UTC 2008 (/trunk revision 131371)

Target is arm-none-eabi
Host   is i686-pc-linux-gnu

		=== g++ tests ===


Running target arm-sim-fsf
FAIL: g++.dg/conversion/enum1.C execution test
FAIL: g++.dg/cpp/_Pragma1.C (test for excess errors)
FAIL: g++.dg/ext/java-1.C (test for excess errors)
FAIL: g++.dg/ext/java-2.C (test for excess errors)
FAIL: g++.dg/ext/visibility/arm1.C scan-not-hidden hidden[ \\t_]*_ZTI1S
FAIL: g++.dg/ext/visibility/arm1.C scan-not-hidden hidden[ \\t_]*_ZTS1S
FAIL: g++.dg/ext/visibility/arm1.C scan-not-hidden hidden[ \\t_]*_ZTI1U
FAIL: g++.dg/ext/visibility/arm1.C scan-not-hidden hidden[ \\t_]*_ZTS1U
FAIL: g++.dg/ext/visibility/arm3.C scan-not-hidden hidden[ \\t_]*_ZTI1A
FAIL: g++.dg/ext/visibility/arm3.C scan-not-hidden hidden[ \\t_]*_ZTS1A
FAIL: g++.dg/ext/visibility/arm3.C scan-not-hidden hidden[ \\t_]*_ZTI1B
FAIL: g++.dg/ext/visibility/arm3.C scan-not-hidden hidden[ \\t_]*_ZTS1B
FAIL: g++.dg/init/ref15.C execution test
XPASS: g++.dg/other/packed1.C execution test
FAIL: g++.dg/tree-ssa/ivopts-1.C scan-tree-dump-not ivopts "offset: (4294967292|0x0f+fc)"
FAIL: g++.dg/special/initpri1.C execution test

		=== g++ Summary ===

# of expected passes		16555
# of unexpected failures	15
# of unexpected successes	1
# of expected failures		83
# of unsupported tests		153
/scratch/gcc/nightly-2008-01-07-mainline/arm-none-eabi/build_gcc/build/test-mainline-0-arm-none-eabi/host-i686-pc-linux-gnu/fsf-mainline/bin/arm-none-eabi-g++  version 4.3.0 20080107 (experimental) (GCC) 

Host   is i686-pc-linux-gnu

		=== gcc tests ===


Running target arm-sim-fsf
FAIL: gcc.dg/compat/struct-layout-1 c_compat_x_tst.o compile
FAIL: gcc.dg/compat/struct-layout-1 c_compat_y_tst.o compile
UNRESOLVED: gcc.dg/compat/struct-layout-1 c_compat_x_tst.o-c_compat_y_tst.o link 
UNRESOLVED: gcc.dg/compat/struct-layout-1 c_compat_x_tst.o-c_compat_y_tst.o execute 
FAIL: gcc.dg/cpp/_Pragma6.c (test for excess errors)
FAIL: gcc.dg/fshort-wchar.c (test for excess errors)
UNRESOLVED: gcc.dg/fshort-wchar.c compilation failed to produce executable
FAIL: gcc.dg/initpri1.c execution test
FAIL: gcc.dg/memcpy-1.c scan-tree-dump-times optimized "nasty_local" 0
FAIL: gcc.dg/pr30957-1.c scan-rtl-dump loop2_unroll "Expanding Accumulator"
FAIL: gcc.dg/uninit-13.c unconditional (test for warnings, line 8)
FAIL: gcc.dg/uninit-13.c (test for excess errors)
FAIL: gcc.dg/var-expand1.c scan-rtl-dump loop2_unroll "Expanding Accumulator"
FAIL: gcc.dg/struct/wo_prof_single_str_global.c execution test
FAIL: gcc.dg/struct/wo_prof_single_str_local.c execution test
FAIL: gcc.dg/struct/wo_prof_single_str_pointer.c execution test
FAIL: gcc.dg/struct/wo_prof_two_strs.c (internal compiler error)
FAIL: gcc.dg/struct/wo_prof_two_strs.c (test for excess errors)
UNRESOLVED: gcc.dg/struct/wo_prof_two_strs.c compilation failed to produce executable
FAIL: gcc.dg/struct/wo_prof_two_strs.c scan-ipa-dump ipa_struct_reorg "Number of structures to transform is 2"
FAIL: gcc.dg/tls/alias-1.c (test for excess errors)
FAIL: gcc.dg/tls/opt-2.c (test for excess errors)

		=== gcc Summary ===

# of expected passes		44767
# of unexpected failures	18
# of expected failures		83
# of unresolved testcases	4
# of untested testcases		35
# of unsupported tests		2261
/scratch/gcc/nightly-2008-01-07-mainline/arm-none-eabi/build_gcc/build/test-mainline-0-arm-none-eabi/host-i686-pc-linux-gnu/fsf-mainline/bin/arm-none-eabi-gcc  version 4.3.0 20080107 (experimental) (GCC) 

Host   is i686-pc-linux-gnu

		=== libstdc++ tests ===


Running target arm-sim-fsf
FAIL: 20_util/make_signed/requirements/typedefs-1.cc execution test
FAIL: 20_util/make_unsigned/requirements/typedefs-1.cc execution test
XPASS: ext/stdio_filebuf/char/10063-2.cc execution test
XPASS: ext/stdio_filebuf/char/10063-3.cc execution test

		=== libstdc++ Summary ===

# of expected passes		3995
# of unexpected failures	2
# of unexpected successes	2
# of expected failures		66
# of unsupported tests		205
Host   is i686-pc-linux-gnu

		=== g++ tests ===


Running target arm-sim-fsf/-mthumb
FAIL: g++.dg/conversion/enum1.C execution test
FAIL: g++.dg/cpp/_Pragma1.C (test for excess errors)
FAIL: g++.dg/ext/java-1.C (test for excess errors)
FAIL: g++.dg/ext/java-2.C (test for excess errors)
FAIL: g++.dg/ext/visibility/arm1.C scan-not-hidden hidden[ \\t_]*_ZTI1S
FAIL: g++.dg/ext/visibility/arm1.C scan-not-hidden hidden[ \\t_]*_ZTS1S
FAIL: g++.dg/ext/visibility/arm1.C scan-not-hidden hidden[ \\t_]*_ZTI1U
FAIL: g++.dg/ext/visibility/arm1.C scan-not-hidden hidden[ \\t_]*_ZTS1U
FAIL: g++.dg/ext/visibility/arm3.C scan-not-hidden hidden[ \\t_]*_ZTI1A
FAIL: g++.dg/ext/visibility/arm3.C scan-not-hidden hidden[ \\t_]*_ZTS1A
FAIL: g++.dg/ext/visibility/arm3.C scan-not-hidden hidden[ \\t_]*_ZTI1B
FAIL: g++.dg/ext/visibility/arm3.C scan-not-hidden hidden[ \\t_]*_ZTS1B
FAIL: g++.dg/init/ref15.C execution test
XPASS: g++.dg/other/packed1.C execution test
FAIL: g++.dg/special/initpri1.C execution test

		=== g++ Summary ===

# of expected passes		16517
# of unexpected failures	14
# of unexpected successes	1
# of expected failures		83
# of unsupported tests		164
/scratch/gcc/nightly-2008-01-07-mainline/arm-none-eabi/build_gcc/build/test-mainline-0-arm-none-eabi/host-i686-pc-linux-gnu/fsf-mainline/bin/arm-none-eabi-g++  version 4.3.0 20080107 (experimental) (GCC) 

Host   is i686-pc-linux-gnu

		=== gcc tests ===


Running target arm-sim-fsf/-mthumb
FAIL: gcc.dg/compat/struct-layout-1 c_compat_x_tst.o compile
FAIL: gcc.dg/compat/struct-layout-1 c_compat_y_tst.o compile
UNRESOLVED: gcc.dg/compat/struct-layout-1 c_compat_x_tst.o-c_compat_y_tst.o link 
UNRESOLVED: gcc.dg/compat/struct-layout-1 c_compat_x_tst.o-c_compat_y_tst.o execute 
FAIL: gcc.dg/cpp/_Pragma6.c (test for excess errors)
FAIL: gcc.dg/fshort-wchar.c (test for excess errors)
UNRESOLVED: gcc.dg/fshort-wchar.c compilation failed to produce executable
FAIL: gcc.dg/initpri1.c execution test
FAIL: gcc.dg/memcpy-1.c scan-tree-dump-times optimized "nasty_local" 0
FAIL: gcc.dg/pr30957-1.c scan-rtl-dump loop2_unroll "Expanding Accumulator"
FAIL: gcc.dg/sibcall-3.c execution test
FAIL: gcc.dg/sibcall-4.c execution test
FAIL: gcc.dg/uninit-13.c unconditional (test for warnings, line 8)
FAIL: gcc.dg/uninit-13.c (test for excess errors)
FAIL: gcc.dg/var-expand1.c scan-rtl-dump loop2_unroll "Expanding Accumulator"
FAIL: gcc.dg/struct/wo_prof_single_str_global.c execution test
FAIL: gcc.dg/struct/wo_prof_single_str_local.c execution test
FAIL: gcc.dg/struct/wo_prof_single_str_pointer.c execution test
FAIL: gcc.dg/struct/wo_prof_two_strs.c (internal compiler error)
FAIL: gcc.dg/struct/wo_prof_two_strs.c (test for excess errors)
UNRESOLVED: gcc.dg/struct/wo_prof_two_strs.c compilation failed to produce executable
FAIL: gcc.dg/struct/wo_prof_two_strs.c scan-ipa-dump ipa_struct_reorg "Number of structures to transform is 2"

		=== gcc Summary ===

# of expected passes		44445
# of unexpected failures	18
# of expected failures		83
# of unresolved testcases	4
# of untested testcases		35
# of unsupported tests		2297
/scratch/gcc/nightly-2008-01-07-mainline/arm-none-eabi/build_gcc/build/test-mainline-0-arm-none-eabi/host-i686-pc-linux-gnu/fsf-mainline/bin/arm-none-eabi-gcc  version 4.3.0 20080107 (experimental) (GCC) 

Host   is i686-pc-linux-gnu

		=== libstdc++ tests ===


Running target arm-sim-fsf/-mthumb
FAIL: 20_util/make_signed/requirements/typedefs-1.cc execution test
FAIL: 20_util/make_unsigned/requirements/typedefs-1.cc execution test
XPASS: ext/stdio_filebuf/char/10063-2.cc execution test
XPASS: ext/stdio_filebuf/char/10063-3.cc execution test

		=== libstdc++ Summary ===

# of expected passes		3995
# of unexpected failures	2
# of unexpected successes	2
# of expected failures		66
# of unsupported tests		205

Compiler version: 4.3.0 20080107 (experimental) (GCC) 
Platform: arm-none-eabi
configure flags: --build=i686-pc-linux-gnu --host=i686-pc-linux-gnu --target=arm-none-eabi --enable-threads --disable-libmudflap --disable-libssp --disable-libgomp --disable-libstdcxx-pch --with-gnu-as --with-gnu-ld --enable-languages=c,c++ --disable-shared --with-newlib --disable-nls --prefix=/opt/codesourcery --with-headers=yes --with-sysroot=/opt/codesourcery/arm-none-eabi --with-build-sysroot=/scratch/gcc/nightly-2008-01-07-mainline/arm-none-eabi/build_gcc/install/arm-none-eabi --with-gmp=/scratch/gcc/nightly-2008-01-07-mainline/arm-none-eabi/build_gcc/build/host-libs-mainline-0-arm-none-eabi-i686-pc-linux-gnu/usr --with-mpfr=/scratch/gcc/nightly-2008-01-07-mainline/arm-none-eabi/build_gcc/build/host-libs-mainline-0-arm-none-eabi-i686-pc-linux-gnu/usr --enable-poison-system-directories --with-build-time-tools=/scratch/gcc/nightly-2008-01-07-mainline/arm-none-eabi/build_gcc/install/arm-none-eabi/bin --with-build-time-tools=/scratch/gcc/nightly-2008-01-07-mainline/arm-none!
 -eabi/build_gcc/install/arm-none-eabi/bin


Index Nav: [Date Index] [Subject Index] [Author Index] [Thread Index]
Message Nav: [Date Prev] [Date Next] [Thread Prev] [Thread Next]