This is the mail archive of the gcc-testresults@gcc.gnu.org mailing list for the GCC project.


Index Nav: [Date Index] [Subject Index] [Author Index] [Thread Index]
Message Nav: [Date Prev] [Date Next] [Thread Prev] [Thread Next]
Other format: [Raw text]

Results for 4.3.0 20080104 (experimental) [trunk revision 131325] (GCC) testsuite on x86_64-unknown-linux-gnu


LAST_UPDATED: Fri Jan  4 17:02:36 UTC 2008 (revision 131325)

Native configuration is x86_64-unknown-linux-gnu

		=== g++ tests ===


Running target unix/-m32

		=== g++ Summary for unix/-m32 ===

# of expected passes		17160
# of expected failures		84
# of unsupported tests		89

Running target unix

		=== g++ Summary for unix ===

# of expected passes		17075
# of expected failures		84
# of unsupported tests		118

		=== g++ Summary ===

# of expected passes		34235
# of expected failures		168
# of unsupported tests		207
/home/jye2/gcc/build-daily/gcc/testsuite/g++/../../g++  version 4.3.0 20080104 (experimental) [trunk revision 131325] (GCC) 

		=== gcc tests ===


Running target unix/-m32
FAIL: gcc.dg/torture/builtin-math-4.c  -O0  (test for excess errors)
FAIL: gcc.dg/torture/builtin-math-4.c  -O1  (test for excess errors)
FAIL: gcc.dg/torture/builtin-math-4.c  -O2  (test for excess errors)
FAIL: gcc.dg/torture/builtin-math-4.c  -O3 -fomit-frame-pointer  (test for excess errors)
FAIL: gcc.dg/torture/builtin-math-4.c  -O3 -fomit-frame-pointer -funroll-loops  (test for excess errors)
FAIL: gcc.dg/torture/builtin-math-4.c  -O3 -fomit-frame-pointer -funroll-all-loops -finline-functions  (test for excess errors)
FAIL: gcc.dg/torture/builtin-math-4.c  -O3 -g  (test for excess errors)
FAIL: gcc.dg/torture/builtin-math-4.c  -Os  (test for excess errors)

		=== gcc Summary for unix/-m32 ===

# of expected passes		48500
# of unexpected failures	8
# of expected failures		164
# of untested testcases		35
# of unsupported tests		266

Running target unix
FAIL: gcc.dg/torture/builtin-math-4.c  -O0  (test for excess errors)
FAIL: gcc.dg/torture/builtin-math-4.c  -O1  (test for excess errors)
FAIL: gcc.dg/torture/builtin-math-4.c  -O2  (test for excess errors)
FAIL: gcc.dg/torture/builtin-math-4.c  -O3 -fomit-frame-pointer  (test for excess errors)
FAIL: gcc.dg/torture/builtin-math-4.c  -O3 -fomit-frame-pointer -funroll-loops  (test for excess errors)
FAIL: gcc.dg/torture/builtin-math-4.c  -O3 -fomit-frame-pointer -funroll-all-loops -finline-functions  (test for excess errors)
FAIL: gcc.dg/torture/builtin-math-4.c  -O3 -g  (test for excess errors)
FAIL: gcc.dg/torture/builtin-math-4.c  -Os  (test for excess errors)
FAIL: gcc.dg/tree-prof/bb-reorg.c compilation,  -fprofile-use -D_PROFILE_USE
UNRESOLVED: gcc.dg/tree-prof/bb-reorg.c execution,    -fprofile-use -D_PROFILE_USE

		=== gcc Summary for unix ===

# of expected passes		48362
# of unexpected failures	9
# of expected failures		163
# of unresolved testcases	1
# of untested testcases		35
# of unsupported tests		378

		=== gcc Summary ===

# of expected passes		96862
# of unexpected failures	17
# of expected failures		327
# of unresolved testcases	1
# of untested testcases		70
# of unsupported tests		644
/home/jye2/gcc/build-daily/gcc/xgcc  version 4.3.0 20080104 (experimental) [trunk revision 131325] (GCC) 

		=== gfortran tests ===


Running target unix/-m32

		=== gfortran Summary for unix/-m32 ===

# of expected passes		23027
# of expected failures		8
# of unsupported tests		16

Running target unix

		=== gfortran Summary for unix ===

# of expected passes		23025
# of expected failures		8
# of unsupported tests		18

		=== gfortran Summary ===

# of expected passes		46052
# of expected failures		16
# of unsupported tests		34
/home/jye2/gcc/build-daily/gcc/testsuite/gfortran/../../gfortran  version 4.3.0 20080104 (experimental) [trunk revision 131325] (GCC) 

		=== objc tests ===


Running target unix/-m32

		=== objc Summary for unix/-m32 ===

# of expected passes		1812
# of expected failures		7
# of unsupported tests		24

Running target unix

		=== objc Summary for unix ===

# of expected passes		1812
# of expected failures		7
# of unsupported tests		24

		=== objc Summary ===

# of expected passes		3624
# of expected failures		14
# of unsupported tests		48
/home/jye2/gcc/build-daily/gcc/xgcc  version 4.3.0 20080104 (experimental) [trunk revision 131325] (GCC) 

		=== libffi tests ===


Running target unix/-m32

		=== libffi Summary for unix/-m32 ===

# of expected passes		1116
# of unsupported tests		8

Running target unix

		=== libffi Summary for unix ===

# of expected passes		1116
# of unsupported tests		8

		=== libffi Summary ===

# of expected passes		2232
# of unsupported tests		16
		=== libgomp tests ===


Running target unix/-m32

		=== libgomp Summary for unix/-m32 ===

# of expected passes		1675

Running target unix

		=== libgomp Summary for unix ===

# of expected passes		1675

		=== libgomp Summary ===

# of expected passes		3350
		=== libjava tests ===


Running target unix/-m32

		=== libjava Summary for unix/-m32 ===

# of expected passes		2550

Running target unix

		=== libjava Summary for unix ===

# of expected passes		2550

		=== libjava Summary ===

# of expected passes		5100
		=== libmudflap tests ===


Running target unix/-m32
FAIL: libmudflap.c++/pass41-frag.cxx execution test
FAIL: libmudflap.c++/pass41-frag.cxx (-static) execution test
FAIL: libmudflap.c++/pass41-frag.cxx ( -O) execution test
FAIL: libmudflap.c++/pass41-frag.cxx (-O2) execution test
FAIL: libmudflap.c++/pass41-frag.cxx (-O3) execution test

		=== libmudflap Summary for unix/-m32 ===

# of expected passes		1836
# of unexpected failures	5

Running target unix
FAIL: libmudflap.c/fail8-frag.c (-static) output pattern test
FAIL: libmudflap.c/fail9-frag.c (-static) output pattern test
FAIL: libmudflap.c++/pass41-frag.cxx execution test
FAIL: libmudflap.c++/pass41-frag.cxx (-static) execution test
FAIL: libmudflap.c++/pass41-frag.cxx ( -O) execution test
FAIL: libmudflap.c++/pass41-frag.cxx (-O2) execution test
FAIL: libmudflap.c++/pass41-frag.cxx (-O3) execution test

		=== libmudflap Summary for unix ===

# of expected passes		1834
# of unexpected failures	7

		=== libmudflap Summary ===

# of expected passes		3670
# of unexpected failures	12
		=== libstdc++ tests ===


Running target unix/-m32
XPASS: 26_numerics/headers/cmath/c99_classification_macros_c.cc (test for excess errors)

		=== libstdc++ Summary for unix/-m32 ===

# of expected passes		5594
# of unexpected successes	1
# of expected failures		61
# of unsupported tests		10

Running target unix
XPASS: 26_numerics/headers/cmath/c99_classification_macros_c.cc (test for excess errors)
XPASS: 27_io/fpos/14320-1.cc execution test

		=== libstdc++ Summary for unix ===

# of expected passes		5594
# of unexpected successes	2
# of expected failures		60
# of unsupported tests		10

		=== libstdc++ Summary ===

# of expected passes		11188
# of unexpected successes	3
# of expected failures		121
# of unsupported tests		20

Compiler version: 4.3.0 20080104 (experimental) [trunk revision 131325] (GCC) 
Platform: x86_64-unknown-linux-gnu
configure flags: --enable-clocale=gnu --with-system-zlib --enable-decimal-float=bid --with-demangler-in-ld --enable-shared --enable-threads=posix --enable-haifa --enable-checking=assert


Index Nav: [Date Index] [Subject Index] [Author Index] [Thread Index]
Message Nav: [Date Prev] [Date Next] [Thread Prev] [Thread Next]