This is the mail archive of the gcc-testresults@gcc.gnu.org mailing list for the GCC project.


Index Nav: [Date Index] [Subject Index] [Author Index] [Thread Index]
Message Nav: [Date Prev] [Date Next] [Thread Prev] [Thread Next]
Other format: [Raw text]

Results for 4.3.0 20071230 (experimental) [trunk revision 131229] (GCC) testsuite on powerpc64-apple-darwin8.11.0


LAST_UPDATED: Sun Dec 30 16:30:19 UTC 2007 (revision 131229)

Native configuration is powerpc64-apple-darwin8.11.0

		=== g++ tests ===


Running target unix/-mcpu=970/-m64
FAIL: tmpdir-g++.dg-struct-layout-1/t003 cp_compat_x_tst.o-cp_compat_y_tst.o execute 
FAIL: tmpdir-g++.dg-struct-layout-1/t006 cp_compat_x_tst.o-cp_compat_y_tst.o execute 
FAIL: tmpdir-g++.dg-struct-layout-1/t007 cp_compat_x_tst.o-cp_compat_y_tst.o execute 
FAIL: tmpdir-g++.dg-struct-layout-1/t008 cp_compat_x_tst.o-cp_compat_y_tst.o execute 
FAIL: tmpdir-g++.dg-struct-layout-1/t010 cp_compat_x_tst.o-cp_compat_y_tst.o execute 
FAIL: tmpdir-g++.dg-struct-layout-1/t011 cp_compat_x_tst.o-cp_compat_y_tst.o execute 
FAIL: tmpdir-g++.dg-struct-layout-1/t020 cp_compat_x_tst.o-cp_compat_y_tst.o execute 
FAIL: tmpdir-g++.dg-struct-layout-1/t026 cp_compat_x_tst.o-cp_compat_y_tst.o execute 
FAIL: tmpdir-g++.dg-struct-layout-1/t027 cp_compat_x_tst.o-cp_compat_y_tst.o execute 
FAIL: g++.dg/eh/simd-4.C execution test
FAIL: g++.dg/ext/cleanup-10.C execution test
FAIL: g++.dg/ext/cleanup-11.C execution test
FAIL: g++.dg/ext/cleanup-8.C execution test
FAIL: g++.dg/ext/cleanup-9.C execution test
FAIL: g++.dg/ext/visibility/anon6.C scan-assembler 1BIiE1cE
FAIL: g++.dg/other/spu2vmx-1.C (test for excess errors)
FAIL: g++.dg/other/unused1.C scan-assembler (string|ascii?)z?[\\t ]"printer("|\\\\\\\\0)
FAIL: g++.dg/pubtypes.C scan-assembler long+[ \\t]+0x24+[ \\t]+[#;]+[ \\t]+Length of Public Type Names Info
FAIL: g++.dg/rtti/repo1.C (test for excess errors)
FAIL: g++.dg/template/repo1.C (test for excess errors)
FAIL: g++.dg/template/repo3.C (test for excess errors)
FAIL: g++.dg/template/repo6.C (test for excess errors)
FAIL: g++.dg/template/repo8.C (test for excess errors)
FAIL: g++.dg/tree-ssa/ivopts-1.C scan-tree-dump-not ivopts "offset: (4294967292|0x0f+fc)"
FAIL: g++.dg/pch/pch.C -g assembly comparison
FAIL: g++.dg/pch/pch.C -O2 -g assembly comparison
FAIL: g++.dg/special/conpr-3.C execution test
FAIL: g++.dg/special/initpri1.C execution test
FAIL: g++.old-deja/g++.pt/instantiate4.C (test for excess errors)
FAIL: g++.old-deja/g++.pt/instantiate6.C (test for excess errors)
FAIL: g++.old-deja/g++.pt/repo1.C (test for excess errors)
FAIL: g++.old-deja/g++.pt/repo2.C (test for excess errors)
FAIL: g++.old-deja/g++.pt/repo3.C (test for excess errors)
FAIL: g++.old-deja/g++.pt/repo4.C (test for excess errors)

		=== g++ Summary ===

# of expected passes		16911
# of unexpected failures	34
# of expected failures		83
# of unsupported tests		148
/Users/lucier/programs/gcc/objdirs/mainline/gcc/testsuite/g++/../../g++  version 4.3.0 20071230 (experimental) [trunk revision 131229] (GCC) 

		=== gcc tests ===


Running target unix/-mcpu=970/-m64
FAIL: gcc.c-torture/compile/20071117-1.c  -O0  (internal compiler error)
FAIL: gcc.c-torture/compile/20071117-1.c  -O0  (test for excess errors)
FAIL: gcc.c-torture/compile/limits-exprparen.c  -O0  (test for excess errors)
FAIL: gcc.c-torture/compile/limits-exprparen.c  -O1  (test for excess errors)
FAIL: gcc.c-torture/compile/limits-exprparen.c  -O2  (test for excess errors)
FAIL: gcc.c-torture/compile/limits-exprparen.c  -O3 -fomit-frame-pointer  (test for excess errors)
FAIL: gcc.c-torture/compile/limits-exprparen.c  -O3 -g  (test for excess errors)
FAIL: gcc.c-torture/compile/limits-exprparen.c  -Os  (test for excess errors)
FAIL: gcc.c-torture/compile/limits-externalid.c  -O0  (test for excess errors)
FAIL: gcc.c-torture/compile/limits-externalid.c  -O1  (test for excess errors)
FAIL: gcc.c-torture/compile/limits-externalid.c  -O2  (test for excess errors)
FAIL: gcc.c-torture/compile/limits-externalid.c  -O3 -fomit-frame-pointer  (test for excess errors)
FAIL: gcc.c-torture/compile/limits-externalid.c  -O3 -g  (test for excess errors)
FAIL: gcc.c-torture/compile/limits-externalid.c  -Os  (test for excess errors)
FAIL: tmpdir-gcc.dg-struct-layout-1/t001 c_compat_x_tst.o-c_compat_y_tst.o execute 
FAIL: tmpdir-gcc.dg-struct-layout-1/t003 c_compat_x_tst.o-c_compat_y_tst.o execute 
FAIL: tmpdir-gcc.dg-struct-layout-1/t005 c_compat_x_tst.o-c_compat_y_tst.o execute 
FAIL: tmpdir-gcc.dg-struct-layout-1/t006 c_compat_x_tst.o-c_compat_y_tst.o execute 
FAIL: tmpdir-gcc.dg-struct-layout-1/t008 c_compat_x_tst.o-c_compat_y_tst.o execute 
FAIL: tmpdir-gcc.dg-struct-layout-1/t016 c_compat_x_tst.o-c_compat_y_tst.o execute 
FAIL: tmpdir-gcc.dg-struct-layout-1/t024 c_compat_x_tst.o-c_compat_y_tst.o execute 
FAIL: tmpdir-gcc.dg-struct-layout-1/t026 c_compat_x_tst.o-c_compat_y_tst.o execute 
FAIL: tmpdir-gcc.dg-struct-layout-1/t028 c_compat_x_tst.o-c_compat_y_tst.o execute 
FAIL: gcc.dg/20020425-1.c (test for excess errors)
FAIL: gcc.dg/20020919-1.c  (test for errors, line 108)
FAIL: gcc.dg/20020919-1.c  (test for errors, line 126)
FAIL: gcc.dg/20020919-1.c  (test for errors, line 135)
FAIL: gcc.dg/20020919-1.c  (test for errors, line 162)
FAIL: gcc.dg/20020919-1.c  (test for errors, line 180)
FAIL: gcc.dg/20020919-1.c  (test for errors, line 234)
FAIL: gcc.dg/cleanup-10.c execution test
FAIL: gcc.dg/cleanup-11.c execution test
FAIL: gcc.dg/cleanup-8.c execution test
FAIL: gcc.dg/cleanup-9.c execution test
FAIL: gcc.dg/framework-1.c (test for excess errors)
FAIL: gcc.dg/initpri1.c execution test
FAIL: gcc.dg/out-of-bounds-1.c (test for excess errors)
FAIL: gcc.dg/pch/save-temps-1.c -O0 -g assembly comparison
FAIL: gcc.dg/pch/save-temps-1.c  -O3 -g  assembly comparison
FAIL: gcc.dg/torture/builtin-modf-1.c  -O0  (test for excess errors)
FAIL: gcc.dg/torture/builtin-modf-1.c  -O1  (test for excess errors)
FAIL: gcc.dg/torture/builtin-modf-1.c  -O2  (test for excess errors)
FAIL: gcc.dg/torture/builtin-modf-1.c  -O3 -fomit-frame-pointer  (test for excess errors)
FAIL: gcc.dg/torture/builtin-modf-1.c  -O3 -fomit-frame-pointer -funroll-loops  (test for excess errors)
FAIL: gcc.dg/torture/builtin-modf-1.c  -O3 -fomit-frame-pointer -funroll-all-loops -finline-functions  (test for excess errors)
FAIL: gcc.dg/torture/builtin-modf-1.c  -O3 -g  (test for excess errors)
FAIL: gcc.dg/torture/builtin-modf-1.c  -Os  (test for excess errors)
FAIL: gcc.dg/tree-prof/bb-reorg.c execution,    -fprofile-use -D_PROFILE_USE
XPASS: gcc.dg/tree-ssa/sra-2.c scan-tree-dump-times optimized "link_error" 0
FAIL: gcc.dg/vect/costmodel/ppc/costmodel-vect-31d.c scan-tree-dump-times vect "vectorization not profitable" 1
FAIL: gcc.dg/vect/costmodel/ppc/costmodel-vect-31d.c scan-tree-dump-times vect "vectorized 1 loops" 0
FAIL: gcc.dg/vect/costmodel/ppc/costmodel-vect-68d.c scan-tree-dump-times vect "vectorization not profitable" 1
FAIL: gcc.dg/vect/costmodel/ppc/costmodel-vect-68d.c scan-tree-dump-times vect "vectorized 1 loops" 0
FAIL: gcc.dg/vect/pr33953.c scan-tree-dump-times vect "vectorized 1 loops" 1
FAIL: gcc.dg/vect/pr33953.c scan-tree-dump-times vect "vectorizing stmts using SLP" 1
FAIL: gcc.dg/vect/section-anchors-pr27770.c (test for excess errors)
FAIL: gcc.dg/vect/section-anchors-vect-69.c (test for excess errors)
FAIL: gcc.dg/vect/section-anchors-vect-69.c scan-tree-dump-times vect "Alignment of access forced using versioning" 4
FAIL: gcc.target/powerpc/ppc-negeq0-1.c scan-assembler-not cntlzw
FAIL: gcc.target/powerpc/ppc64-abi-1.c (test for excess errors)
WARNING: gcc.target/powerpc/ppc64-abi-1.c compilation failed to produce executable

		=== gcc Summary ===

# of expected passes		47572
# of unexpected failures	59
# of unexpected successes	1
# of expected failures		170
# of untested testcases		35
# of unsupported tests		511
/Users/lucier/programs/gcc/objdirs/mainline/gcc/xgcc  version 4.3.0 20071230 (experimental) [trunk revision 131229] (GCC) 

		=== gfortran tests ===


Running target unix/-mcpu=970/-m64
FAIL: gfortran.dg/actual_array_constructor_1.f90  -O3 -g  (test for excess errors)
FAIL: gfortran.dg/actual_array_result_1.f90  -O3 -g  (test for excess errors)
FAIL: gfortran.dg/assign.f90  -O3 -g  (test for excess errors)
FAIL: gfortran.dg/assign_2.f90  -O3 -g  (test for excess errors)
FAIL: gfortran.dg/auto_char_dummy_array_1.f90  -O3 -g  (test for excess errors)
FAIL: gfortran.dg/bind_c_coms.f90  -O3 -g  (test for excess errors)
FAIL: gfortran.dg/bind_c_dts.f90  -O3 -g  (test for excess errors)
FAIL: gfortran.dg/bind_c_vars.f90  -O3 -g  (test for excess errors)
FAIL: gfortran.dg/binding_label_tests_16.f03  -O3 -g  (test for excess errors)
FAIL: gfortran.dg/blockdata_1.f90  -O3 -g  (test for excess errors)
FAIL: gfortran.dg/char_array_constructor.f90  -O3 -g  (test for excess errors)
FAIL: gfortran.dg/char_array_structure_constructor.f90  -O3 -g  (test for excess errors)
FAIL: gfortran.dg/char_length_7.f90  -O3 -g  (test for excess errors)
FAIL: gfortran.dg/com_block_driver.f90  -O3 -g  (test for excess errors)
FAIL: gfortran.dg/common_2.f90  -O3 -g  (test for excess errors)
FAIL: gfortran.dg/common_4.f90  -O3 -g  (test for excess errors)
FAIL: gfortran.dg/common_equivalence_1.f  -O3 -g  (test for excess errors)
FAIL: gfortran.dg/common_pointer_1.f90  -O3 -g  (test for excess errors)
FAIL: gfortran.dg/common_resize_1.f  -O3 -g  (test for excess errors)
FAIL: gfortran.dg/contained_1.f90  -O3 -g  (test for excess errors)
FAIL: gfortran.dg/cray_pointers_2.f90  -O3 -g  (test for excess errors)
FAIL: gfortran.dg/cray_pointers_5.f90  -O3 -g  (test for excess errors)
FAIL: gfortran.dg/derived_comp_array_ref_2.f90  -O3 -g  (test for excess errors)
FAIL: gfortran.dg/derived_comp_array_ref_3.f90  -O3 -g  (test for excess errors)
FAIL: gfortran.dg/derived_comp_array_ref_4.f90  -O3 -g  (test for excess errors)
FAIL: gfortran.dg/entry_array_specs_2.f  -O3 -g  (test for excess errors)
FAIL: gfortran.dg/equiv_6.f90  -O3 -g  (test for excess errors)
FAIL: gfortran.dg/equiv_7.f90  -O3 -g  (test for excess errors)
FAIL: gfortran.dg/external_procedures_3.f90  -O3 -g  (test for excess errors)
FAIL: gfortran.dg/f2c_6.f90  -O3 -g  (test for excess errors)
FAIL: gfortran.dg/host_assoc_function_1.f90  -O3 -g  (test for excess errors)
FAIL: gfortran.dg/host_assoc_function_3.f90  -O3 -g  (test for excess errors)
FAIL: gfortran.dg/iso_fortran_env_1.f90  -O3 -g  (test for excess errors)
FAIL: gfortran.dg/large_real_kind_2.F90  -O0  execution test
FAIL: gfortran.dg/large_real_kind_2.F90  -O1  execution test
FAIL: gfortran.dg/large_real_kind_2.F90  -O2  execution test
FAIL: gfortran.dg/large_real_kind_2.F90  -O3 -fomit-frame-pointer  execution test
FAIL: gfortran.dg/large_real_kind_2.F90  -O3 -fomit-frame-pointer -funroll-loops  execution test
FAIL: gfortran.dg/large_real_kind_2.F90  -O3 -fomit-frame-pointer -funroll-all-loops -finline-functions  execution test
FAIL: gfortran.dg/large_real_kind_2.F90  -O3 -g  execution test
FAIL: gfortran.dg/large_real_kind_2.F90  -Os  execution test
FAIL: gfortran.dg/large_real_kind_form_io_2.f90  -O0  execution test
FAIL: gfortran.dg/large_real_kind_form_io_2.f90  -O1  execution test
FAIL: gfortran.dg/large_real_kind_form_io_2.f90  -O2  execution test
FAIL: gfortran.dg/large_real_kind_form_io_2.f90  -O3 -fomit-frame-pointer  execution test
FAIL: gfortran.dg/large_real_kind_form_io_2.f90  -O3 -fomit-frame-pointer -funroll-loops  execution test
FAIL: gfortran.dg/large_real_kind_form_io_2.f90  -O3 -fomit-frame-pointer -funroll-all-loops -finline-functions  execution test
FAIL: gfortran.dg/large_real_kind_form_io_2.f90  -O3 -g  execution test
FAIL: gfortran.dg/large_real_kind_form_io_2.f90  -Os  execution test
FAIL: gfortran.dg/loc_1.f90  -O3 -g  (test for excess errors)
FAIL: gfortran.dg/loc_2.f90  -O3 -g  (test for excess errors)
FAIL: gfortran.dg/mapping_1.f90  -O3 -g  (test for excess errors)
FAIL: gfortran.dg/module_blank_common.f90  -O3 -g  (test for excess errors)
FAIL: gfortran.dg/module_commons_1.f90  -O3 -g  (test for excess errors)
FAIL: gfortran.dg/module_equivalence_1.f90  -O3 -g  (test for excess errors)
FAIL: gfortran.dg/module_equivalence_2.f90  -O3 -g  (test for excess errors)
FAIL: gfortran.dg/module_equivalence_3.f90  -O3 -g  (test for excess errors)
FAIL: gfortran.dg/namelist_14.f90  -O3 -g  (test for excess errors)
FAIL: gfortran.dg/namelist_use.f90  -O3 -g  (test for excess errors)
FAIL: gfortran.dg/namelist_use_only.f90  -O3 -g  (test for excess errors)
FAIL: gfortran.dg/nested_modules_1.f90  -O3 -g  (test for excess errors)
FAIL: gfortran.dg/nested_modules_2.f90  -O3 -g  (test for excess errors)
FAIL: gfortran.dg/pr16861.f90  -O3 -g  (test for excess errors)
FAIL: gfortran.dg/pr29581.f90  -O3 -g  (test for excess errors)
FAIL: gfortran.dg/pr32635.f  -O3 -g  (test for excess errors)
FAIL: gfortran.dg/protected_1.f90  -O3 -g  (test for excess errors)
FAIL: gfortran.dg/protected_2.f90  -O3 -g  (test for excess errors)
FAIL: gfortran.dg/substr_4.f  -O3 -g  (test for excess errors)
FAIL: gfortran.dg/test_com_block.f90  -O3 -g  (test for excess errors)
FAIL: gfortran.dg/transfer_assumed_size_1.f90  -O3 -g  (test for excess errors)
FAIL: gfortran.dg/use_11.f90  -O3 -g  (test for excess errors)
FAIL: gfortran.dg/use_allocated_1.f90  -O3 -g  (test for excess errors)
FAIL: gfortran.dg/use_only_1.f90  -O3 -g  (test for excess errors)
FAIL: gfortran.dg/used_dummy_types_1.f90  -O3 -g  (test for excess errors)
FAIL: gfortran.dg/used_interface_ref.f90  -O3 -g  (test for excess errors)
FAIL: gfortran.dg/value_4.f90  -O3 -g  (test for excess errors)
FAIL: gfortran.dg/volatile10.f90  -O3 -g  (test for excess errors)
FAIL: gfortran.dg/g77/13037.f  -O3 -g  (test for excess errors)
FAIL: gfortran.dg/g77/19990419-1.f  -O3 -g  (test for excess errors)
FAIL: gfortran.dg/g77/f90-intrinsic-bit.f  -O3 -g  (test for excess errors)
FAIL: gfortran.dg/g77/f90-intrinsic-mathematical.f  -O3 -g  (test for excess errors)
FAIL: gfortran.dg/g77/f90-intrinsic-numeric.f  -O3 -g  (test for excess errors)
FAIL: gfortran.dg/g77/intrinsic-unix-bessel.f  -O3 -g  (test for excess errors)
FAIL: gfortran.dg/g77/intrinsic-unix-erf.f  -O3 -g  (test for excess errors)
FAIL: gfortran.dg/g77/short.f  -O3 -g  (test for excess errors)

		=== gfortran Summary ===

# of expected passes		22788
# of unexpected failures	85
# of expected failures		38
# of unsupported tests		43
/Users/lucier/programs/gcc/objdirs/mainline/gcc/testsuite/gfortran/../../gfortran  version 4.3.0 20071230 (experimental) [trunk revision 131229] (GCC) 

		=== objc tests ===


Running target unix/-mcpu=970/-m64
FAIL: objc/execute/bf-10.m execution,  -O0  -fgnu-runtime
FAIL: objc/execute/bf-10.m execution,  -O1  -fgnu-runtime
FAIL: objc/execute/bf-10.m execution,  -O2  -fgnu-runtime
FAIL: objc/execute/bf-10.m execution,  -O3 -fomit-frame-pointer  -fgnu-runtime
FAIL: objc/execute/bf-10.m execution,  -O3 -g  -fgnu-runtime
FAIL: objc/execute/bf-10.m execution,  -Os  -fgnu-runtime
FAIL: objc/execute/bf-14.m execution,  -O0  -fgnu-runtime
FAIL: objc/execute/bf-14.m execution,  -O1  -fgnu-runtime
FAIL: objc/execute/bf-14.m execution,  -O2  -fgnu-runtime
FAIL: objc/execute/bf-14.m execution,  -O3 -fomit-frame-pointer  -fgnu-runtime
FAIL: objc/execute/bf-14.m execution,  -O3 -g  -fgnu-runtime
FAIL: objc/execute/bf-14.m execution,  -Os  -fgnu-runtime
FAIL: objc/execute/bf-16.m execution,  -O0  -fgnu-runtime
FAIL: objc/execute/bf-16.m execution,  -O1  -fgnu-runtime
FAIL: objc/execute/bf-16.m execution,  -O2  -fgnu-runtime
FAIL: objc/execute/bf-16.m execution,  -O3 -fomit-frame-pointer  -fgnu-runtime
FAIL: objc/execute/bf-16.m execution,  -O3 -g  -fgnu-runtime
FAIL: objc/execute/bf-16.m execution,  -Os  -fgnu-runtime
FAIL: objc/execute/bf-17.m execution,  -O0  -fgnu-runtime
FAIL: objc/execute/bf-17.m execution,  -O1  -fgnu-runtime
FAIL: objc/execute/bf-17.m execution,  -O2  -fgnu-runtime
FAIL: objc/execute/bf-17.m execution,  -O3 -fomit-frame-pointer  -fgnu-runtime
FAIL: objc/execute/bf-17.m execution,  -O3 -g  -fgnu-runtime
FAIL: objc/execute/bf-17.m execution,  -Os  -fgnu-runtime
FAIL: objc/execute/bf-19.m execution,  -O0  -fgnu-runtime
FAIL: objc/execute/bf-19.m execution,  -O1  -fgnu-runtime
FAIL: objc/execute/bf-19.m execution,  -O2  -fgnu-runtime
FAIL: objc/execute/bf-19.m execution,  -O3 -fomit-frame-pointer  -fgnu-runtime
FAIL: objc/execute/bf-19.m execution,  -O3 -g  -fgnu-runtime
FAIL: objc/execute/bf-19.m execution,  -Os  -fgnu-runtime
FAIL: objc/execute/bf-5.m execution,  -O0  -fgnu-runtime
FAIL: objc/execute/bf-5.m execution,  -O1  -fgnu-runtime
FAIL: objc/execute/bf-5.m execution,  -O2  -fgnu-runtime
FAIL: objc/execute/bf-5.m execution,  -O3 -fomit-frame-pointer  -fgnu-runtime
FAIL: objc/execute/bf-5.m execution,  -O3 -g  -fgnu-runtime
FAIL: objc/execute/bf-5.m execution,  -Os  -fgnu-runtime
FAIL: objc/execute/bf-6.m execution,  -O0  -fgnu-runtime
FAIL: objc/execute/bf-6.m execution,  -O1  -fgnu-runtime
FAIL: objc/execute/bf-6.m execution,  -O2  -fgnu-runtime
FAIL: objc/execute/bf-6.m execution,  -O3 -fomit-frame-pointer  -fgnu-runtime
FAIL: objc/execute/bf-6.m execution,  -O3 -g  -fgnu-runtime
FAIL: objc/execute/bf-6.m execution,  -Os  -fgnu-runtime
FAIL: objc/execute/bf-7.m execution,  -O0  -fgnu-runtime
FAIL: objc/execute/bf-7.m execution,  -O1  -fgnu-runtime
FAIL: objc/execute/bf-7.m execution,  -O2  -fgnu-runtime
FAIL: objc/execute/bf-7.m execution,  -O3 -fomit-frame-pointer  -fgnu-runtime
FAIL: objc/execute/bf-7.m execution,  -O3 -g  -fgnu-runtime
FAIL: objc/execute/bf-7.m execution,  -Os  -fgnu-runtime
FAIL: objc/execute/bf-8.m execution,  -O0  -fgnu-runtime
FAIL: objc/execute/bf-8.m execution,  -O1  -fgnu-runtime
FAIL: objc/execute/bf-8.m execution,  -O2  -fgnu-runtime
FAIL: objc/execute/bf-8.m execution,  -O3 -fomit-frame-pointer  -fgnu-runtime
FAIL: objc/execute/bf-8.m execution,  -O3 -g  -fgnu-runtime
FAIL: objc/execute/bf-8.m execution,  -Os  -fgnu-runtime
FAIL: objc/execute/bf-9.m execution,  -O0  -fgnu-runtime
FAIL: objc/execute/bf-9.m execution,  -O1  -fgnu-runtime
FAIL: objc/execute/bf-9.m execution,  -O2  -fgnu-runtime
FAIL: objc/execute/bf-9.m execution,  -O3 -fomit-frame-pointer  -fgnu-runtime
FAIL: objc/execute/bf-9.m execution,  -O3 -g  -fgnu-runtime
FAIL: objc/execute/bf-9.m execution,  -Os  -fgnu-runtime
FAIL: objc.dg/bitfield-1.m (test for excess errors)
WARNING: objc.dg/bitfield-1.m compilation failed to produce executable
FAIL: objc.dg/bitfield-2.m (test for excess errors)
FAIL: objc.dg/bitfield-3.m (test for excess errors)
FAIL: objc.dg/bitfield-5.m (test for excess errors)
FAIL: objc.dg/call-super-1.m (test for excess errors)
WARNING: objc.dg/call-super-1.m compilation failed to produce executable
FAIL: objc.dg/call-super-3.m (test for excess errors)
WARNING: objc.dg/call-super-3.m compilation failed to produce executable
FAIL: objc.dg/category-1.m (test for excess errors)
WARNING: objc.dg/category-1.m compilation failed to produce executable
FAIL: objc.dg/const-str-10.m scan-assembler .long\\t__NSConstantStringClassReference\\n\\t.long\\t.*\\n\\t.long\\t5\\n\\t.data
FAIL: objc.dg/const-str-11.m scan-assembler .long\\t__XStrClassReference\\n\\t.long\\t.*\\n\\t.long\\t5\\n\\t.data
FAIL: objc.dg/const-str-3.m (test for excess errors)
WARNING: objc.dg/const-str-3.m compilation failed to produce executable
FAIL: objc.dg/const-str-4.m (test for excess errors)
FAIL: objc.dg/const-str-7.m (test for excess errors)
WARNING: objc.dg/const-str-7.m compilation failed to produce executable
FAIL: objc.dg/const-str-8.m (test for excess errors)
WARNING: objc.dg/const-str-8.m compilation failed to produce executable
FAIL: objc.dg/const-str-9.m scan-assembler .long\\t__NSConstantStringClassReference\\n\\t.long\\t.*\\n\\t.long\\t5\\n\\t.data
FAIL: objc.dg/defs.m (test for excess errors)
WARNING: objc.dg/defs.m compilation failed to produce executable
FAIL: objc.dg/desig-init-1.m (test for excess errors)
WARNING: objc.dg/desig-init-1.m compilation failed to produce executable
FAIL: objc.dg/encode-1.m (test for excess errors)
FAIL: objc.dg/encode-2.m (test for excess errors)
WARNING: objc.dg/encode-2.m compilation failed to produce executable
FAIL: objc.dg/encode-3.m (test for excess errors)
WARNING: objc.dg/encode-3.m compilation failed to produce executable
FAIL: objc.dg/encode-4.m (test for excess errors)
WARNING: objc.dg/encode-4.m compilation failed to produce executable
FAIL: objc.dg/encode-8.m execution test
FAIL: objc.dg/fix-and-continue-1.m (test for excess errors)
WARNING: objc.dg/fix-and-continue-1.m compilation failed to produce executable
FAIL: objc.dg/func-ptr-1.m (test for excess errors)
WARNING: objc.dg/func-ptr-1.m compilation failed to produce executable
FAIL: objc.dg/func-ptr-2.m (test for excess errors)
WARNING: objc.dg/func-ptr-2.m compilation failed to produce executable
FAIL: objc.dg/lookup-1.m (test for excess errors)
WARNING: objc.dg/lookup-1.m compilation failed to produce executable
FAIL: objc.dg/method-10.m (test for excess errors)
WARNING: objc.dg/method-10.m compilation failed to produce executable
FAIL: objc.dg/method-13.m (test for excess errors)
WARNING: objc.dg/method-13.m compilation failed to produce executable
FAIL: objc.dg/method-3.m (test for excess errors)
WARNING: objc.dg/method-3.m compilation failed to produce executable
FAIL: objc.dg/next-runtime-1.m scan-assembler L_OBJC_MODULES:\\n[ \\t]*.long\\t6\\n
FAIL: objc.dg/no-extra-load.m (test for excess errors)
ERROR: objc.dg/no-extra-load.m: error executing dg-final: couldn't open "no-extra-load.s": no such file or directory
UNRESOLVED: objc.dg/no-extra-load.m: error executing dg-final: couldn't open "no-extra-load.s": no such file or directory
FAIL: objc.dg/proto-lossage-3.m (test for excess errors)
WARNING: objc.dg/proto-lossage-3.m compilation failed to produce executable
FAIL: objc.dg/proto-qual-1.m (test for excess errors)
WARNING: objc.dg/proto-qual-1.m compilation failed to produce executable
FAIL: objc.dg/sizeof-1.m (test for excess errors)
WARNING: objc.dg/sizeof-1.m compilation failed to produce executable
FAIL: objc.dg/stret-1.m (test for excess errors)
WARNING: objc.dg/stret-1.m compilation failed to produce executable
FAIL: objc.dg/stret-2.m scan-assembler objc_msgSend_stret
FAIL: objc.dg/stret-2.m scan-assembler objc_msgSendSuper_stret
FAIL: objc.dg/stret-2.m scan-assembler-not objc_msgSend[^_S]
FAIL: objc.dg/stret-2.m scan-assembler-not objc_msgSendSuper[^_]
FAIL: objc.dg/super-class-3.m (test for excess errors)
WARNING: objc.dg/super-class-3.m compilation failed to produce executable
FAIL: objc.dg/symtab-1.m scan-assembler L_OBJC_SYMBOLS.*:\\n\\t.long\\t0\\n\\t.long\\t0\\n\\t.short\\t2\\n\\t.short\\t0\\n\\t.long\\tL_OBJC_CLASS_Derived.*\\n\\t.long\\tL_OBJC_CLASS_Base.*\\n
FAIL: objc.dg/type-size-2.m (test for excess errors)
WARNING: objc.dg/type-size-2.m compilation failed to produce executable
FAIL: objc.dg/va-meth-1.m (test for excess errors)
WARNING: objc.dg/va-meth-1.m compilation failed to produce executable
FAIL: objc.dg/zero-link-3.m (test for excess errors)
WARNING: objc.dg/zero-link-3.m compilation failed to produce executable
FAIL: objc.dg-struct-layout-encoding-1/t001_main.m execution test
FAIL: objc.dg-struct-layout-encoding-1/t005_main.m execution test
FAIL: objc.dg-struct-layout-encoding-1/t009_main.m execution test
FAIL: objc.dg-struct-layout-encoding-1/t010_main.m execution test
FAIL: objc.dg-struct-layout-encoding-1/t013_main.m execution test
FAIL: objc.dg-struct-layout-encoding-1/t014_main.m execution test
FAIL: objc.dg-struct-layout-encoding-1/t016_main.m execution test
FAIL: objc.dg-struct-layout-encoding-1/t017_main.m execution test
FAIL: objc.dg-struct-layout-encoding-1/t018_main.m execution test
FAIL: objc.dg-struct-layout-encoding-1/t019_main.m execution test
FAIL: objc.dg-struct-layout-encoding-1/t020_main.m execution test
FAIL: objc.dg-struct-layout-encoding-1/t021_main.m execution test
FAIL: objc.dg-struct-layout-encoding-1/t023_main.m execution test
FAIL: objc.dg-struct-layout-encoding-1/t024_main.m execution test
FAIL: objc.dg/special/unclaimed-category-1.m unclaimed-category-1a.o (test for excess errors)
WARNING: objc.dg/special/unclaimed-category-1.m unclaimed-category-1a.o compilation failed to produce executable

		=== objc Summary ===

# of expected passes		1706
# of unexpected failures	118
# of expected failures		17
# of unresolved testcases	1
# of unsupported tests		2
/Users/lucier/programs/gcc/objdirs/mainline/gcc/xgcc  version 4.3.0 20071230 (experimental) [trunk revision 131229] (GCC) 

		=== libgomp tests ===


Running target unix/-mcpu=970/-m64
FAIL: libgomp.fortran/appendix-a/a.19.1.f90  -O3 -g  (test for excess errors)
FAIL: libgomp.fortran/appendix-a/a.28.1.f90  -O3 -g  (test for excess errors)
FAIL: libgomp.fortran/appendix-a/a.28.2.f90  -O3 -g  (test for excess errors)
FAIL: libgomp.fortran/jacobi.f  -O3 -g  (test for excess errors)
FAIL: libgomp.fortran/nestedfn2.f90  -O3 -g  (test for excess errors)
FAIL: libgomp.fortran/sharing1.f90  -O3 -g  (test for excess errors)

		=== libgomp Summary ===

# of expected passes		1451
# of unexpected failures	6
# of unsupported tests		109
		=== libstdc++ tests ===


Running target unix/-mcpu=970/-m64
FAIL: 19_diagnostics/error_category/cons/default.cc (test for excess errors)
FAIL: 19_diagnostics/error_category/operators/equal.cc (test for excess errors)
FAIL: 19_diagnostics/error_category/operators/not_equal.cc (test for excess errors)
FAIL: 19_diagnostics/error_code/cons/1.cc (test for excess errors)
FAIL: 19_diagnostics/error_code/operators/equal.cc (test for excess errors)
FAIL: 19_diagnostics/error_code/operators/not_equal.cc (test for excess errors)
FAIL: 21_strings/basic_string/cons/char/1.cc execution test
FAIL: 21_strings/basic_string/cons/wchar_t/1.cc execution test
XPASS: 21_strings/basic_string/element_access/char/21674.cc execution test
XPASS: 21_strings/basic_string/element_access/wchar_t/21674.cc execution test
FAIL: 21_strings/basic_string/insert/char/1.cc execution test
FAIL: 21_strings/basic_string/insert/wchar_t/1.cc execution test
FAIL: 23_containers/bitset/input/1.cc (test for excess errors)
FAIL: 23_containers/bitset/to_ulong/1.cc (test for excess errors)
FAIL: 23_containers/deque/modifiers/swap/2.cc (test for excess errors)
FAIL: 23_containers/deque/modifiers/swap/3.cc (test for excess errors)
FAIL: 23_containers/list/modifiers/swap/2.cc (test for excess errors)
FAIL: 23_containers/list/modifiers/swap/3.cc (test for excess errors)
FAIL: 23_containers/list/operators/5.cc (test for excess errors)
FAIL: 23_containers/map/modifiers/swap/2.cc (test for excess errors)
FAIL: 23_containers/map/modifiers/swap/3.cc (test for excess errors)
FAIL: 23_containers/multimap/modifiers/swap/2.cc (test for excess errors)
FAIL: 23_containers/multimap/modifiers/swap/3.cc (test for excess errors)
FAIL: 23_containers/multiset/modifiers/swap/2.cc (test for excess errors)
FAIL: 23_containers/multiset/modifiers/swap/3.cc (test for excess errors)
FAIL: 23_containers/set/modifiers/swap/2.cc (test for excess errors)
FAIL: 23_containers/set/modifiers/swap/3.cc (test for excess errors)
FAIL: 23_containers/vector/bool/modifiers/swap/1.cc (test for excess errors)
FAIL: 23_containers/vector/bool/modifiers/swap/2.cc (test for excess errors)
FAIL: 23_containers/vector/modifiers/swap/2.cc (test for excess errors)
FAIL: 23_containers/vector/modifiers/swap/3.cc (test for excess errors)
XPASS: 26_numerics/headers/cmath/c99_classification_macros_c.cc (test for excess errors)
WARNING: program timed out.
FAIL: 27_io/ios_base/storage/2.cc execution test
FAIL: ext/bitmap_allocator/check_allocate_max_size.cc (test for excess errors)
FAIL: ext/bitmap_allocator/check_deallocate_null.cc (test for excess errors)
FAIL: ext/bitmap_allocator/check_delete.cc (test for excess errors)
FAIL: ext/bitmap_allocator/variadic_construct.cc (test for excess errors)
FAIL: ext/mt_allocator/check_allocate_big_per_type.cc (test for excess errors)
FAIL: ext/mt_allocator/check_allocate_max_size.cc (test for excess errors)
FAIL: ext/mt_allocator/check_deallocate_null.cc (test for excess errors)
FAIL: ext/mt_allocator/check_deallocate_null_thread.cc (test for excess errors)
FAIL: ext/mt_allocator/check_delete.cc (test for excess errors)
FAIL: ext/mt_allocator/check_new.cc (test for excess errors)
FAIL: ext/mt_allocator/deallocate_global-2.cc (test for excess errors)
FAIL: ext/mt_allocator/deallocate_global-4.cc (test for excess errors)
FAIL: ext/mt_allocator/deallocate_global_thread-1.cc (test for excess errors)
FAIL: ext/mt_allocator/deallocate_global_thread-3.cc (test for excess errors)
FAIL: ext/mt_allocator/deallocate_local-2.cc (test for excess errors)
FAIL: ext/mt_allocator/deallocate_local-4.cc (test for excess errors)
FAIL: ext/mt_allocator/deallocate_local-6.cc (test for excess errors)
FAIL: ext/mt_allocator/deallocate_local-8.cc (test for excess errors)
FAIL: ext/mt_allocator/deallocate_local_thread-1.cc (test for excess errors)
FAIL: ext/mt_allocator/deallocate_local_thread-3.cc (test for excess errors)
FAIL: ext/mt_allocator/deallocate_local_thread-5.cc (test for excess errors)
FAIL: ext/mt_allocator/deallocate_local_thread-5.cc execution test
FAIL: ext/mt_allocator/deallocate_local_thread-7.cc (test for excess errors)
FAIL: ext/mt_allocator/deallocate_local_thread-7.cc execution test
FAIL: ext/mt_allocator/tune-1.cc (test for excess errors)
FAIL: ext/mt_allocator/tune-2.cc (test for excess errors)
FAIL: ext/mt_allocator/tune-3.cc (test for excess errors)
FAIL: ext/mt_allocator/tune-4.cc (test for excess errors)
FAIL: ext/mt_allocator/variadic_construct.cc (test for excess errors)
FAIL: tr1/5_numerical_facilities/random/discard_block/operators/equal.cc (test for excess errors)
FAIL: tr1/5_numerical_facilities/random/discard_block/operators/not_equal.cc (test for excess errors)
FAIL: tr1/5_numerical_facilities/random/discard_block/operators/serialize.cc (test for excess errors)
FAIL: tr1/5_numerical_facilities/random/linear_congruential/cons/default.cc (test for excess errors)
FAIL: tr1/5_numerical_facilities/random/linear_congruential/operators/serialize.cc (test for excess errors)
FAIL: tr1/5_numerical_facilities/random/minstd_rand.cc (test for excess errors)
FAIL: tr1/5_numerical_facilities/random/minstd_rand0.cc (test for excess errors)
FAIL: tr1/5_numerical_facilities/random/ranlux3.cc (test for excess errors)
FAIL: tr1/5_numerical_facilities/random/ranlux3_01.cc (test for excess errors)
FAIL: tr1/5_numerical_facilities/random/ranlux4.cc (test for excess errors)
FAIL: tr1/5_numerical_facilities/random/ranlux4_01.cc (test for excess errors)
FAIL: tr1/5_numerical_facilities/random/subtract_with_carry/cons/default.cc (test for excess errors)
FAIL: tr1/5_numerical_facilities/random/subtract_with_carry/cons/seed1.cc (test for excess errors)
FAIL: tr1/5_numerical_facilities/random/subtract_with_carry/cons/seed2.cc (test for excess errors)
FAIL: tr1/5_numerical_facilities/random/subtract_with_carry/operators/equal.cc (test for excess errors)
FAIL: tr1/5_numerical_facilities/random/subtract_with_carry/operators/not_equal.cc (test for excess errors)
FAIL: tr1/5_numerical_facilities/random/subtract_with_carry/operators/serialize.cc (test for excess errors)
FAIL: tr1/5_numerical_facilities/random/subtract_with_carry_01/cons/default.cc (test for excess errors)
FAIL: tr1/5_numerical_facilities/random/subtract_with_carry_01/cons/seed1.cc (test for excess errors)
FAIL: tr1/5_numerical_facilities/random/subtract_with_carry_01/cons/seed2.cc (test for excess errors)
FAIL: tr1/5_numerical_facilities/random/subtract_with_carry_01/operators/equal.cc (test for excess errors)
FAIL: tr1/5_numerical_facilities/random/subtract_with_carry_01/operators/not_equal.cc (test for excess errors)
FAIL: tr1/5_numerical_facilities/random/subtract_with_carry_01/operators/serialize.cc (test for excess errors)
FAIL: tr1/5_numerical_facilities/random/xor_combine/cons/default.cc (test for excess errors)
FAIL: tr1/5_numerical_facilities/random/xor_combine/operators/equal.cc (test for excess errors)
FAIL: tr1/5_numerical_facilities/random/xor_combine/operators/serialize.cc (test for excess errors)
FAIL: tr1/5_numerical_facilities/special_functions/17_hyperg/check_nan.cc (test for excess errors)
FAIL: tr1/5_numerical_facilities/special_functions/17_hyperg/check_value.cc (test for excess errors)
FAIL: tr1/5_numerical_facilities/special_functions/20_riemann_zeta/check_nan.cc (test for excess errors)
FAIL: tr1/5_numerical_facilities/special_functions/20_riemann_zeta/check_value_neg.cc (test for excess errors)
FAIL: tr1/5_numerical_facilities/special_functions/20_riemann_zeta/check_value_pos.cc (test for excess errors)
FAIL: tr1/6_containers/unordered_map/swap/1.cc (test for excess errors)
FAIL: tr1/6_containers/unordered_map/swap/2.cc (test for excess errors)
FAIL: tr1/6_containers/unordered_multimap/swap/1.cc (test for excess errors)
FAIL: tr1/6_containers/unordered_multimap/swap/2.cc (test for excess errors)
FAIL: tr1/6_containers/unordered_multiset/swap/1.cc (test for excess errors)
FAIL: tr1/6_containers/unordered_multiset/swap/2.cc (test for excess errors)
FAIL: tr1/6_containers/unordered_set/swap/1.cc (test for excess errors)
FAIL: tr1/6_containers/unordered_set/swap/2.cc (test for excess errors)

		=== libstdc++ Summary ===

# of expected passes		4833
# of unexpected failures	98
# of unexpected successes	3
# of expected failures		59
# of unsupported tests		336

Compiler version: 4.3.0 20071230 (experimental) [trunk revision 131229] (GCC) 
Platform: powerpc64-apple-darwin8.11.0
configure flags: CC='gcc -mcpu=970 -m64' --build=powerpc64-apple-darwin8.11.0 --host=powerpc64-apple-darwin8.11.0 --target=powerpc64-apple-darwin8.11.0 --with-gmp-include=/sw/include/ --with-gmp-lib=/sw/lib/ppc64 --with-mpfr-include=/sw/include/ --with-mpfr-lib=/sw/lib/ppc64 --prefix=/pkgs/mainline
BOOT_CFLAGS=-g -O2


Index Nav: [Date Index] [Subject Index] [Author Index] [Thread Index]
Message Nav: [Date Prev] [Date Next] [Thread Prev] [Thread Next]