This is the mail archive of the gcc-testresults@gcc.gnu.org mailing list for the GCC project.


Index Nav: [Date Index] [Subject Index] [Author Index] [Thread Index]
Message Nav: [Date Prev] [Date Next] [Thread Prev] [Thread Next]
Other format: [Raw text]

Results for 4.2.3 20080101 (prerelease) testsuite on arm-none-eabi


LAST_UPDATED: Tue Jan  1 11:09:57 UTC 2008 (/branches/gcc-4_2-branch revision 131244)

Target is arm-none-eabi
Host   is i686-pc-linux-gnu

		=== g++ tests ===


Running target arm-sim-fsf
FAIL: g++.dg/abi/local1.C execution test
FAIL: g++.dg/conversion/enum1.C (test for excess errors)
FAIL: g++.dg/conversion/enum1.C execution test
FAIL: g++.dg/cpp/_Pragma1.C (test for excess errors)
FAIL: g++.dg/opt/switch4.C (test for excess errors)
XPASS: g++.dg/other/packed1.C execution test
FAIL: g++.old-deja/g++.other/init19.C execution test

		=== g++ Summary ===

# of expected passes		13094
# of unexpected failures	6
# of unexpected successes	1
# of expected failures		68
# of unsupported tests		132
/scratch/gcc/nightly-2008-01-01-4.2/arm-none-eabi/build_gcc/build/test-4.2-0-arm-none-eabi/host-i686-pc-linux-gnu/fsf-4.2/bin/arm-none-eabi-g++  version 4.2.3 20080101 (prerelease)

Host   is i686-pc-linux-gnu

		=== gcc tests ===


Running target arm-sim-fsf
UNRESOLVED: gcc.c-torture/execute/mayalias-2.c execution,  -O3 -g 
FAIL: gcc.dg/compat/struct-layout-1 c_compat_x_tst.o compile
FAIL: gcc.dg/compat/struct-layout-1 c_compat_y_tst.o compile
UNRESOLVED: gcc.dg/compat/struct-layout-1 c_compat_x_tst.o-c_compat_y_tst.o link 
UNRESOLVED: gcc.dg/compat/struct-layout-1 c_compat_x_tst.o-c_compat_y_tst.o execute 
FAIL: gcc.dg/cpp/_Pragma6.c (test for excess errors)
FAIL: gcc.dg/tls/alias-1.c (test for excess errors)
FAIL: gcc.dg/tls/opt-2.c (test for excess errors)

		=== gcc Summary ===

# of expected passes		40502
# of unexpected failures	5
# of expected failures		79
# of unresolved testcases	3
# of untested testcases		28
# of unsupported tests		411
/scratch/gcc/nightly-2008-01-01-4.2/arm-none-eabi/build_gcc/build/test-4.2-0-arm-none-eabi/host-i686-pc-linux-gnu/fsf-4.2/bin/arm-none-eabi-gcc  version 4.2.3 20080101 (prerelease)

Host   is i686-pc-linux-gnu

		=== libstdc++ tests ===


Running target arm-sim-fsf
FAIL: 26_numerics/cmath/c99_classification_macros_c.cc (test for excess errors)
FAIL: 27_io/basic_istream/extractors_arithmetic/char/12.cc execution test
FAIL: 27_io/ios_base/sync_with_stdio/1.cc execution test
FAIL: abi/header_cxxabi.c (test for excess errors)
WARNING: program timed out.
FAIL: ext/pb_ds/example/priority_queue_dijkstra.cc execution test
XPASS: ext/stdio_filebuf/char/10063-2.cc execution test
XPASS: ext/stdio_filebuf/char/10063-3.cc execution test

		=== libstdc++ Summary ===

# of expected passes		2987
# of unexpected failures	5
# of unexpected successes	2
# of expected failures		18
# of unsupported tests		152
Host   is i686-pc-linux-gnu

		=== g++ tests ===


Running target arm-sim-fsf/-mthumb
FAIL: g++.dg/abi/local1.C execution test
FAIL: g++.dg/conversion/enum1.C (test for excess errors)
FAIL: g++.dg/conversion/enum1.C execution test
FAIL: g++.dg/cpp/_Pragma1.C (test for excess errors)
FAIL: g++.dg/opt/switch4.C (test for excess errors)
XPASS: g++.dg/other/packed1.C execution test
FAIL: g++.old-deja/g++.other/init19.C execution test

		=== g++ Summary ===

# of expected passes		13092
# of unexpected failures	6
# of unexpected successes	1
# of expected failures		68
# of unsupported tests		133
/scratch/gcc/nightly-2008-01-01-4.2/arm-none-eabi/build_gcc/build/test-4.2-0-arm-none-eabi/host-i686-pc-linux-gnu/fsf-4.2/bin/arm-none-eabi-g++  version 4.2.3 20080101 (prerelease)

Host   is i686-pc-linux-gnu

		=== gcc tests ===


Running target arm-sim-fsf/-mthumb
XPASS: gcc.c-torture/execute/941014-1.c execution,  -O0 
UNRESOLVED: gcc.c-torture/execute/mayalias-2.c execution,  -O3 -g 
FAIL: gcc.dg/compat/struct-layout-1 c_compat_x_tst.o compile
FAIL: gcc.dg/compat/struct-layout-1 c_compat_y_tst.o compile
UNRESOLVED: gcc.dg/compat/struct-layout-1 c_compat_x_tst.o-c_compat_y_tst.o link 
UNRESOLVED: gcc.dg/compat/struct-layout-1 c_compat_x_tst.o-c_compat_y_tst.o execute 
FAIL: gcc.dg/cpp/_Pragma6.c (test for excess errors)
FAIL: gcc.dg/sibcall-3.c execution test
FAIL: gcc.dg/sibcall-4.c execution test
FAIL: gcc.dg/tls/alias-1.c (test for excess errors)
FAIL: gcc.dg/tls/opt-2.c (test for excess errors)
XPASS: gcc.dg/tree-ssa/20040204-1.c scan-tree-dump-times link_error 0

		=== gcc Summary ===

# of expected passes		40448
# of unexpected failures	7
# of unexpected successes	2
# of expected failures		78
# of unresolved testcases	3
# of untested testcases		28
# of unsupported tests		417
/scratch/gcc/nightly-2008-01-01-4.2/arm-none-eabi/build_gcc/build/test-4.2-0-arm-none-eabi/host-i686-pc-linux-gnu/fsf-4.2/bin/arm-none-eabi-gcc  version 4.2.3 20080101 (prerelease)

Host   is i686-pc-linux-gnu

		=== libstdc++ tests ===


Running target arm-sim-fsf/-mthumb
FAIL: 26_numerics/cmath/c99_classification_macros_c.cc (test for excess errors)
FAIL: 27_io/basic_istream/extractors_arithmetic/char/12.cc execution test
FAIL: 27_io/ios_base/sync_with_stdio/1.cc execution test
FAIL: abi/header_cxxabi.c (test for excess errors)
WARNING: program timed out.
FAIL: ext/pb_ds/example/priority_queue_dijkstra.cc execution test
XPASS: ext/stdio_filebuf/char/10063-2.cc execution test
XPASS: ext/stdio_filebuf/char/10063-3.cc execution test

		=== libstdc++ Summary ===

# of expected passes		2987
# of unexpected failures	5
# of unexpected successes	2
# of expected failures		18
# of unsupported tests		152

Compiler version: 4.2.3 20080101 (prerelease) 
Platform: arm-none-eabi
configure flags: --build=i686-pc-linux-gnu --host=i686-pc-linux-gnu --target=arm-none-eabi --enable-threads --disable-libmudflap --disable-libssp --disable-libgomp --disable-libstdcxx-pch --with-gnu-as --with-gnu-ld --enable-languages=c,c++ --disable-shared --with-newlib --disable-nls --prefix=/opt/codesourcery --with-headers=yes --with-sysroot=/opt/codesourcery/arm-none-eabi --with-build-sysroot=/scratch/gcc/nightly-2008-01-01-4.2/arm-none-eabi/build_gcc/install/arm-none-eabi --enable-poison-system-directories --with-build-time-tools=/scratch/gcc/nightly-2008-01-01-4.2/arm-none-eabi/build_gcc/install/arm-none-eabi/bin --with-build-time-tools=/scratch/gcc/nightly-2008-01-01-4.2/arm-none-eabi/build_gcc/install/arm-none-eabi/bin


Index Nav: [Date Index] [Subject Index] [Author Index] [Thread Index]
Message Nav: [Date Prev] [Date Next] [Thread Prev] [Thread Next]