This is the mail archive of the
gcc-testresults@gcc.gnu.org
mailing list for the GCC project.
Results for 4.3.0 20071223 (experimental) [trunk revision 131146] (GCC) testsuite on powerpc-ibm-aix5.3.0.0
- From: David Edelsohn <dje at watson dot ibm dot com>
- To: gcc-testresults at gcc dot gnu dot org
- Date: Sun, 23 Dec 2007 14:07:03 -0500
- Subject: Results for 4.3.0 20071223 (experimental) [trunk revision 131146] (GCC) testsuite on powerpc-ibm-aix5.3.0.0
LAST_UPDATED: Sun Dec 23 02:54:08 UTC 2007 (revision 131146)
Native configuration is powerpc-ibm-aix5.3.0.0
=== g++ tests ===
Running target unix
FAIL: tmpdir-g++.dg-struct-layout-1/t026 cp_compat_x_tst.o-cp_compat_y_tst.o execute
FAIL: tmpdir-g++.dg-struct-layout-1/t027 cp_compat_x_tst.o-cp_compat_y_tst.o execute
FAIL: tmpdir-g++.dg-struct-layout-1/t028 cp_compat_x_tst.o-cp_compat_y_tst.o execute
FAIL: g++.dg/abi/local1.C execution test
FAIL: g++.dg/conversion/simd1.C (test for excess errors)
XPASS: g++.dg/eh/simd-2.C (test for excess errors)
FAIL: g++.dg/ext/alignof2.C execution test
FAIL: g++.dg/ext/attribute-test-1.C (test for excess errors)
FAIL: g++.dg/ext/attribute-test-2.C (test for excess errors)
FAIL: g++.dg/ext/attribute-test-3.C (test for excess errors)
FAIL: g++.dg/ext/attribute-test-4.C (test for excess errors)
FAIL: g++.dg/ext/java-2.C (test for excess errors)
FAIL: g++.dg/ext/visibility/anon1.C scan-assembler-not globl.*_ZN.*1fEv
FAIL: g++.dg/ext/visibility/anon2.C scan-assembler-not globl.*_Z1fv
FAIL: g++.dg/other/first-global.C scan-assembler _GLOBAL__I_foobar
FAIL: g++.dg/other/spu2vmx-1.C (test for excess errors)
WARNING: g++.dg/other/ucnid-1.C compilation failed to produce executable
FAIL: g++.dg/other/unused1.C scan-assembler (string|ascii?)z?[\\t ]"printer("|\\\\\\\\0)
FAIL: g++.dg/template/repo3.C (test for excess errors)
FAIL: g++.dg/tree-ssa/ivopts-1.C scan-tree-dump-not ivopts "offset: (4294967292|0x0f+fc)"
XPASS: g++.old-deja/g++.other/init19.C execution test
FAIL: g++.old-deja/g++.pt/instantiate4.C (test for excess errors)
FAIL: g++.old-deja/g++.pt/instantiate6.C (test for excess errors)
FAIL: g++.old-deja/g++.pt/repo2.C (test for excess errors)
FAIL: g++.old-deja/g++.pt/repo4.C (test for excess errors)
=== g++ Summary ===
# of expected passes 15891
# of unexpected failures 22
# of unexpected successes 2
# of expected failures 88
# of unsupported tests 207
/tmp2/20071222/gcc/testsuite/g++/../../g++ version 4.3.0 20071223 (experimental) [trunk revision 131146] (GCC)
=== gcc tests ===
Running target unix
FAIL: gcc.c-torture/compile/20071117-1.c -O0 (internal compiler error)
FAIL: gcc.c-torture/compile/20071117-1.c -O0 (test for excess errors)
WARNING: program timed out.
FAIL: gcc.c-torture/compile/limits-externalid.c -O3 -g (test for excess errors)
XPASS: gcc.dg/cpp/cmdlne-dI-M.c scan-file (^|\\\\n)cmdlne-dI-M.*:[^\\\\n]*cmdlne-dI-M.c
XPASS: gcc.dg/cpp/cmdlne-dM-M.c scan-file (^|\\\\n)cmdlne-dM-M[^\\\\n]*:[^\\\\n]*cmdlne-dM-M.c
XPASS: gcc.dg/20020103-1.c scan-assembler-not LC[0-9]
FAIL: gcc.dg/alias-7.c execution test
FAIL: gcc.dg/asm-names.c scan-assembler-not ____frob14
FAIL: gcc.dg/memcpy-1.c scan-tree-dump-times optimized "nasty_local" 0
FAIL: gcc.dg/out-of-bounds-1.c (test for excess errors)
FAIL: gcc.dg/pthread-init-1.c (test for excess errors)
FAIL: gcc.dg/pthread-init-2.c (test for excess errors)
WARNING: gcc.dg/ucnid-2.c compilation failed to produce executable
WARNING: gcc.dg/ucnid-3.c compilation failed to produce executable
WARNING: gcc.dg/ucnid-4.c compilation failed to produce executable
WARNING: gcc.dg/ucnid-5.c compilation failed to produce executable
XPASS: gcc.dg/ucnid-6.c (test for excess errors)
FAIL: gcc.dg/var-expand3.c execution test
FAIL: gcc.dg/struct/wo_prof_two_strs.c (internal compiler error)
FAIL: gcc.dg/struct/wo_prof_two_strs.c (test for excess errors)
WARNING: gcc.dg/struct/wo_prof_two_strs.c compilation failed to produce executable
FAIL: gcc.dg/struct/wo_prof_two_strs.c scan-ipa-dump ipa_struct_reorg "Number of structures to transform is 2"
FAIL: gcc.dg/struct/w_prof_two_strs.c compilation, -O3 -fwhole-program -combine -fipa-type-escape -fprofile-use -fipa-struct-reorg -fdump-ipa-all (internal compiler error)
UNRESOLVED: gcc.dg/struct/w_prof_two_strs.c execution, -O3 -fwhole-program -combine -fipa-type-escape -fprofile-use -fipa-struct-reorg -fdump-ipa-all
FAIL: gcc.dg/torture/builtin-math-4.c -O0 (test for excess errors)
FAIL: gcc.dg/torture/builtin-math-4.c -O1 (test for excess errors)
FAIL: gcc.dg/torture/builtin-math-4.c -O2 (test for excess errors)
FAIL: gcc.dg/torture/builtin-math-4.c -O3 -fomit-frame-pointer (test for excess errors)
FAIL: gcc.dg/torture/builtin-math-4.c -O3 -fomit-frame-pointer -funroll-loops (test for excess errors)
FAIL: gcc.dg/torture/builtin-math-4.c -O3 -fomit-frame-pointer -funroll-all-loops -finline-functions (test for excess errors)
FAIL: gcc.dg/torture/builtin-math-4.c -O3 -g (test for excess errors)
FAIL: gcc.dg/torture/builtin-math-4.c -Os (test for excess errors)
FAIL: gcc.dg/vect/costmodel/ppc/costmodel-vect-31d.c scan-tree-dump-times vect "vectorization not profitable" 1
FAIL: gcc.dg/vect/costmodel/ppc/costmodel-vect-31d.c scan-tree-dump-times vect "vectorized 1 loops" 0
FAIL: gcc.dg/vect/costmodel/ppc/costmodel-vect-68d.c scan-tree-dump-times vect "vectorization not profitable" 1
FAIL: gcc.dg/vect/costmodel/ppc/costmodel-vect-68d.c scan-tree-dump-times vect "vectorized 1 loops" 0
FAIL: gcc.dg/vect/pr33953.c scan-tree-dump-times vect "vectorized 1 loops" 1
FAIL: gcc.dg/vect/pr33953.c scan-tree-dump-times vect "vectorizing stmts using SLP" 1
FAIL: gcc.dg/vect/vect-44.c scan-tree-dump-times vect "Alignment of access forced using peeling" 1
FAIL: gcc.dg/vect/vect-50.c scan-tree-dump-times vect "Alignment of access forced using peeling" 1
FAIL: gcc.dg/vect/vect-82_64.c (test for excess errors)
ERROR: gcc.dg/vect/vect-82_64.c: error executing dg-final: no files matched glob pattern "vect-82_64.c.[0-9][0-9][0-9]t.vect"
UNRESOLVED: gcc.dg/vect/vect-82_64.c: error executing dg-final: no files matched glob pattern "vect-82_64.c.[0-9][0-9][0-9]t.vect"
FAIL: gcc.dg/vect/vect-83_64.c (test for excess errors)
ERROR: gcc.dg/vect/vect-83_64.c: error executing dg-final: no files matched glob pattern "vect-83_64.c.[0-9][0-9][0-9]t.vect"
UNRESOLVED: gcc.dg/vect/vect-83_64.c: error executing dg-final: no files matched glob pattern "vect-83_64.c.[0-9][0-9][0-9]t.vect"
XPASS: gcc.target/powerpc/darwin-longlong.c (test for excess errors)
=== gcc Summary ===
# of expected passes 44934
# of unexpected failures 32
# of unexpected successes 5
# of expected failures 174
# of unresolved testcases 3
# of unsupported tests 498
/tmp2/20071222/gcc/xgcc version 4.3.0 20071223 (experimental) [trunk revision 131146] (GCC)
=== gfortran tests ===
Running target unix
FAIL: gfortran.dg/default_format_1.f90 -O0 execution test
FAIL: gfortran.dg/default_format_1.f90 -O1 execution test
FAIL: gfortran.dg/default_format_1.f90 -O2 execution test
FAIL: gfortran.dg/default_format_1.f90 -O3 -fomit-frame-pointer execution test
FAIL: gfortran.dg/default_format_1.f90 -O3 -fomit-frame-pointer -funroll-loops execution test
FAIL: gfortran.dg/default_format_1.f90 -O3 -fomit-frame-pointer -funroll-all-loops -finline-functions execution test
FAIL: gfortran.dg/default_format_1.f90 -O3 -g execution test
FAIL: gfortran.dg/default_format_1.f90 -Os execution test
FAIL: gfortran.dg/default_format_denormal_1.f90 -O0 execution test
FAIL: gfortran.dg/default_format_denormal_1.f90 -O1 execution test
FAIL: gfortran.dg/default_format_denormal_1.f90 -O2 execution test
FAIL: gfortran.dg/default_format_denormal_1.f90 -O3 -fomit-frame-pointer execution test
FAIL: gfortran.dg/default_format_denormal_1.f90 -O3 -fomit-frame-pointer -funroll-loops execution test
FAIL: gfortran.dg/default_format_denormal_1.f90 -O3 -fomit-frame-pointer -funroll-all-loops -finline-functions execution test
FAIL: gfortran.dg/default_format_denormal_1.f90 -O3 -g execution test
FAIL: gfortran.dg/default_format_denormal_1.f90 -Os execution test
FAIL: gfortran.dg/include_2.f90 -O (test for excess errors)
FAIL: gfortran.dg/integer_exponentiation_4.f90 -O (internal compiler error)
FAIL: gfortran.dg/integer_exponentiation_4.f90 -O (test for errors, line 24)
FAIL: gfortran.dg/integer_exponentiation_4.f90 -O (test for errors, line 25)
FAIL: gfortran.dg/integer_exponentiation_4.f90 -O (test for errors, line 26)
FAIL: gfortran.dg/integer_exponentiation_4.f90 -O (test for errors, line 27)
FAIL: gfortran.dg/integer_exponentiation_4.f90 -O (test for errors, line 35)
FAIL: gfortran.dg/integer_exponentiation_4.f90 -O (test for errors, line 36)
FAIL: gfortran.dg/integer_exponentiation_4.f90 -O (test for errors, line 37)
FAIL: gfortran.dg/integer_exponentiation_4.f90 -O (test for errors, line 38)
FAIL: gfortran.dg/integer_exponentiation_4.f90 -O (test for errors, line 41)
FAIL: gfortran.dg/integer_exponentiation_4.f90 -O (test for errors, line 42)
FAIL: gfortran.dg/integer_exponentiation_4.f90 -O (test for excess errors)
XPASS: gfortran.dg/nint_2.f90 -O1 execution test
XPASS: gfortran.dg/nint_2.f90 -O2 execution test
XPASS: gfortran.dg/nint_2.f90 -O3 -fomit-frame-pointer execution test
XPASS: gfortran.dg/nint_2.f90 -O3 -fomit-frame-pointer -funroll-loops execution test
XPASS: gfortran.dg/nint_2.f90 -O3 -fomit-frame-pointer -funroll-all-loops -finline-functions execution test
XPASS: gfortran.dg/nint_2.f90 -O3 -g execution test
XPASS: gfortran.dg/nint_2.f90 -Os execution test
FAIL: gfortran.dg/pr19155.f -O0 execution test
FAIL: gfortran.dg/pr19155.f -O1 execution test
FAIL: gfortran.dg/pr19155.f -O2 execution test
FAIL: gfortran.dg/pr19155.f -O3 -fomit-frame-pointer execution test
FAIL: gfortran.dg/pr19155.f -O3 -fomit-frame-pointer -funroll-loops execution test
FAIL: gfortran.dg/pr19155.f -O3 -fomit-frame-pointer -funroll-all-loops -finline-functions execution test
FAIL: gfortran.dg/pr19155.f -O3 -g execution test
FAIL: gfortran.dg/pr19155.f -Os execution test
FAIL: gfortran.dg/static_linking_1.f -O0 execution test
FAIL: gfortran.dg/static_linking_1.f -O1 execution test
FAIL: gfortran.dg/static_linking_1.f -O2 execution test
FAIL: gfortran.dg/static_linking_1.f -O3 -fomit-frame-pointer execution test
FAIL: gfortran.dg/static_linking_1.f -O3 -fomit-frame-pointer -funroll-loops execution test
FAIL: gfortran.dg/static_linking_1.f -O3 -fomit-frame-pointer -funroll-all-loops -finline-functions execution test
FAIL: gfortran.dg/static_linking_1.f -O3 -g execution test
FAIL: gfortran.dg/static_linking_1.f -Os execution test
FAIL: gfortran.fortran-torture/execute/intrinsic_nearest.f90 execution, -O0
FAIL: gfortran.fortran-torture/execute/intrinsic_nearest.f90 execution, -O1
FAIL: gfortran.fortran-torture/execute/intrinsic_nearest.f90 execution, -O2
FAIL: gfortran.fortran-torture/execute/intrinsic_nearest.f90 execution, -O3 -fomit-frame-pointer
FAIL: gfortran.fortran-torture/execute/intrinsic_nearest.f90 execution, -O3 -fomit-frame-pointer -funroll-loops
FAIL: gfortran.fortran-torture/execute/intrinsic_nearest.f90 execution, -O3 -fomit-frame-pointer -funroll-all-loops -finline-functions
FAIL: gfortran.fortran-torture/execute/intrinsic_nearest.f90 execution, -O3 -g
FAIL: gfortran.fortran-torture/execute/intrinsic_nearest.f90 execution, -Os
=== gfortran Summary ===
# of expected passes 22591
# of unexpected failures 53
# of unexpected successes 7
# of expected failures 9
# of unsupported tests 131
/tmp2/20071222/gcc/testsuite/gfortran/../../gfortran version 4.3.0 20071223 (experimental) [trunk revision 131146] (GCC)
=== objc tests ===
Running target unix
=== objc Summary ===
# of expected passes 1766
# of expected failures 17
# of unsupported tests 28
/tmp2/20071222/gcc/xgcc version 4.3.0 20071223 (experimental) [trunk revision 131146] (GCC)
=== libstdc++ tests ===
Running target unix
FAIL: 22_locale/ctype/is/char/3.cc execution test
FAIL: 27_io/ios_base/storage/11584.cc execution test
FAIL: 27_io/objects/char/6.cc execution test
FAIL: 27_io/objects/wchar_t/6.cc execution test
FAIL: ext/mt_allocator/check_new.cc execution test
FAIL: ext/pb_ds/example/basic_map.cc (test for excess errors)
WARNING: ext/pb_ds/example/basic_map.cc compilation failed to produce executable
FAIL: ext/pb_ds/example/basic_multimap.cc (test for excess errors)
WARNING: ext/pb_ds/example/basic_multimap.cc compilation failed to produce executable
FAIL: ext/pb_ds/example/basic_multiset.cc (test for excess errors)
WARNING: ext/pb_ds/example/basic_multiset.cc compilation failed to produce executable
FAIL: ext/pb_ds/example/basic_priority_queue.cc (test for excess errors)
WARNING: ext/pb_ds/example/basic_priority_queue.cc compilation failed to produce executable
FAIL: ext/pb_ds/example/basic_set.cc (test for excess errors)
WARNING: ext/pb_ds/example/basic_set.cc compilation failed to produce executable
FAIL: ext/pb_ds/example/erase_if.cc (test for excess errors)
WARNING: ext/pb_ds/example/erase_if.cc compilation failed to produce executable
FAIL: ext/pb_ds/example/hash_find_neg.cc (test for errors, line 75)
FAIL: ext/pb_ds/example/hash_find_neg.cc (test for excess errors)
FAIL: ext/pb_ds/example/hash_illegal_resize.cc (test for excess errors)
WARNING: ext/pb_ds/example/hash_illegal_resize.cc compilation failed to produce executable
FAIL: ext/pb_ds/example/hash_initial_size.cc (test for excess errors)
WARNING: ext/pb_ds/example/hash_initial_size.cc compilation failed to produce executable
FAIL: ext/pb_ds/example/hash_load_set_change.cc (test for excess errors)
WARNING: ext/pb_ds/example/hash_load_set_change.cc compilation failed to produce executable
FAIL: ext/pb_ds/example/hash_mod.cc (test for excess errors)
WARNING: ext/pb_ds/example/hash_mod.cc compilation failed to produce executable
FAIL: ext/pb_ds/example/hash_resize.cc (test for excess errors)
WARNING: ext/pb_ds/example/hash_resize.cc compilation failed to produce executable
FAIL: ext/pb_ds/example/hash_resize_neg.cc (test for errors, line 70)
FAIL: ext/pb_ds/example/hash_resize_neg.cc (test for errors, line 193)
FAIL: ext/pb_ds/example/hash_shift_mask.cc (test for excess errors)
WARNING: ext/pb_ds/example/hash_shift_mask.cc compilation failed to produce executable
FAIL: ext/pb_ds/example/priority_queue_container_traits.cc (test for excess errors)
WARNING: ext/pb_ds/example/priority_queue_container_traits.cc compilation failed to produce executable
FAIL: ext/pb_ds/example/priority_queue_dijkstra.cc (test for excess errors)
WARNING: ext/pb_ds/example/priority_queue_dijkstra.cc compilation failed to produce executable
FAIL: ext/pb_ds/example/priority_queue_erase_if.cc (test for excess errors)
WARNING: ext/pb_ds/example/priority_queue_erase_if.cc compilation failed to produce executable
FAIL: ext/pb_ds/example/priority_queue_split_join.cc (test for excess errors)
WARNING: ext/pb_ds/example/priority_queue_split_join.cc compilation failed to produce executable
FAIL: ext/pb_ds/example/priority_queue_xref.cc (test for excess errors)
WARNING: ext/pb_ds/example/priority_queue_xref.cc compilation failed to produce executable
FAIL: ext/pb_ds/example/ranged_hash.cc (test for excess errors)
WARNING: ext/pb_ds/example/ranged_hash.cc compilation failed to produce executable
FAIL: ext/pb_ds/example/store_hash.cc (test for excess errors)
WARNING: ext/pb_ds/example/store_hash.cc compilation failed to produce executable
FAIL: ext/pb_ds/example/tree_intervals.cc (test for excess errors)
WARNING: ext/pb_ds/example/tree_intervals.cc compilation failed to produce executable
FAIL: ext/pb_ds/example/tree_join.cc (test for excess errors)
WARNING: ext/pb_ds/example/tree_join.cc compilation failed to produce executable
FAIL: ext/pb_ds/example/tree_order_statistics.cc (test for excess errors)
WARNING: ext/pb_ds/example/tree_order_statistics.cc compilation failed to produce executable
FAIL: ext/pb_ds/example/tree_order_statistics_join.cc (test for excess errors)
WARNING: ext/pb_ds/example/tree_order_statistics_join.cc compilation failed to produce executable
FAIL: ext/pb_ds/example/trie_dna.cc (test for excess errors)
WARNING: ext/pb_ds/example/trie_dna.cc compilation failed to produce executable
FAIL: ext/pb_ds/example/trie_prefix_search.cc (test for excess errors)
WARNING: ext/pb_ds/example/trie_prefix_search.cc compilation failed to produce executable
FAIL: ext/pb_ds/example/trie_split.cc (test for excess errors)
WARNING: ext/pb_ds/example/trie_split.cc compilation failed to produce executable
FAIL: ext/pb_ds/regression/associative_containers.cc (test for excess errors)
WARNING: ext/pb_ds/regression/associative_containers.cc compilation failed to produce executable
FAIL: ext/pb_ds/regression/hash_data_map_rand.cc (test for excess errors)
WARNING: ext/pb_ds/regression/hash_data_map_rand.cc compilation failed to produce executable
FAIL: ext/pb_ds/regression/hash_no_data_map_rand.cc (test for excess errors)
WARNING: ext/pb_ds/regression/hash_no_data_map_rand.cc compilation failed to produce executable
FAIL: ext/pb_ds/regression/list_update_data_map_rand.cc (test for excess errors)
WARNING: ext/pb_ds/regression/list_update_data_map_rand.cc compilation failed to produce executable
FAIL: ext/pb_ds/regression/list_update_no_data_map_rand.cc (test for excess errors)
WARNING: ext/pb_ds/regression/list_update_no_data_map_rand.cc compilation failed to produce executable
FAIL: ext/pb_ds/regression/priority_queue_rand.cc (test for excess errors)
WARNING: ext/pb_ds/regression/priority_queue_rand.cc compilation failed to produce executable
FAIL: ext/pb_ds/regression/priority_queues.cc (test for excess errors)
WARNING: ext/pb_ds/regression/priority_queues.cc compilation failed to produce executable
FAIL: ext/pb_ds/regression/tree_data_map_rand.cc (test for excess errors)
WARNING: ext/pb_ds/regression/tree_data_map_rand.cc compilation failed to produce executable
FAIL: ext/pb_ds/regression/tree_no_data_map_rand.cc (test for excess errors)
WARNING: ext/pb_ds/regression/tree_no_data_map_rand.cc compilation failed to produce executable
FAIL: ext/pb_ds/regression/trie_data_map_rand.cc (test for excess errors)
WARNING: ext/pb_ds/regression/trie_data_map_rand.cc compilation failed to produce executable
FAIL: ext/pb_ds/regression/trie_no_data_map_rand.cc (test for excess errors)
WARNING: ext/pb_ds/regression/trie_no_data_map_rand.cc compilation failed to produce executable
FAIL: ext/pod_char_traits.cc (test for excess errors)
WARNING: ext/pod_char_traits.cc compilation failed to produce executable
FAIL: ext/pool_allocator/allocate_chunk.cc (test for excess errors)
WARNING: ext/pool_allocator/allocate_chunk.cc compilation failed to produce executable
FAIL: ext/pool_allocator/check_allocate_max_size.cc (test for excess errors)
WARNING: ext/pool_allocator/check_allocate_max_size.cc compilation failed to produce executable
FAIL: ext/pool_allocator/check_deallocate_null.cc (test for excess errors)
WARNING: ext/pool_allocator/check_deallocate_null.cc compilation failed to produce executable
FAIL: ext/pool_allocator/check_delete.cc (test for excess errors)
WARNING: ext/pool_allocator/check_delete.cc compilation failed to produce executable
FAIL: ext/pool_allocator/check_new.cc (test for excess errors)
WARNING: ext/pool_allocator/check_new.cc compilation failed to produce executable
FAIL: ext/pool_allocator/explicit_instantiation.cc (test for excess errors)
FAIL: ext/pool_allocator/variadic_construct.cc (test for excess errors)
WARNING: ext/pool_allocator/variadic_construct.cc compilation failed to produce executable
FAIL: ext/rope/1.cc (test for excess errors)
WARNING: ext/rope/1.cc compilation failed to produce executable
FAIL: ext/rope/2.cc (test for excess errors)
WARNING: ext/rope/2.cc compilation failed to produce executable
FAIL: ext/rope/3.cc (test for excess errors)
WARNING: ext/rope/3.cc compilation failed to produce executable
FAIL: ext/rope/4.cc (test for excess errors)
WARNING: ext/rope/4.cc compilation failed to produce executable
FAIL: ext/slist/23781.cc (test for errors, line 35)
FAIL: ext/slist/23781.cc (test for errors, line 36)
FAIL: ext/slist/23781.cc (test for excess errors)
FAIL: ext/slist/check_construct_destroy.cc (test for excess errors)
WARNING: ext/slist/check_construct_destroy.cc compilation failed to produce executable
FAIL: ext/slist/requirements/explicit_instantiation.cc (test for excess errors)
FAIL: ext/stdio_filebuf/char/10063-1.cc (test for excess errors)
WARNING: ext/stdio_filebuf/char/10063-1.cc compilation failed to produce executable
FAIL: ext/stdio_filebuf/char/10063-2.cc (test for excess errors)
WARNING: ext/stdio_filebuf/char/10063-2.cc compilation failed to produce executable
FAIL: ext/stdio_filebuf/char/10063-3.cc (test for excess errors)
WARNING: ext/stdio_filebuf/char/10063-3.cc compilation failed to produce executable
FAIL: ext/stdio_filebuf/char/2.cc (test for excess errors)
WARNING: ext/stdio_filebuf/char/2.cc compilation failed to produce executable
FAIL: ext/stdio_filebuf/requirements/explicit_instantiation.cc (test for excess errors)
FAIL: ext/stdio_sync_filebuf/char/1.cc (test for excess errors)
WARNING: ext/stdio_sync_filebuf/char/1.cc compilation failed to produce executable
FAIL: ext/stdio_sync_filebuf/char/12048-1.cc (test for excess errors)
WARNING: ext/stdio_sync_filebuf/char/12048-1.cc compilation failed to produce executable
FAIL: ext/stdio_sync_filebuf/char/12048-2.cc (test for excess errors)
WARNING: ext/stdio_sync_filebuf/char/12048-2.cc compilation failed to produce executable
FAIL: ext/stdio_sync_filebuf/char/12048-3.cc (test for excess errors)
WARNING: ext/stdio_sync_filebuf/char/12048-3.cc compilation failed to produce executable
FAIL: ext/stdio_sync_filebuf/char/12048-4.cc (test for excess errors)
WARNING: ext/stdio_sync_filebuf/char/12048-4.cc compilation failed to produce executable
FAIL: ext/stdio_sync_filebuf/wchar_t/1.cc (test for excess errors)
WARNING: ext/stdio_sync_filebuf/wchar_t/1.cc compilation failed to produce executable
FAIL: ext/stdio_sync_filebuf/wchar_t/12948-1.cc (test for excess errors)
WARNING: ext/stdio_sync_filebuf/wchar_t/12948-1.cc compilation failed to produce executable
FAIL: ext/stdio_sync_filebuf/wchar_t/12948-2.cc (test for excess errors)
WARNING: ext/stdio_sync_filebuf/wchar_t/12948-2.cc compilation failed to produce executable
FAIL: ext/stdio_sync_filebuf/wchar_t/12948-3.cc (test for excess errors)
WARNING: ext/stdio_sync_filebuf/wchar_t/12948-3.cc compilation failed to produce executable
FAIL: ext/stdio_sync_filebuf/wchar_t/12948-4.cc (test for excess errors)
WARNING: ext/stdio_sync_filebuf/wchar_t/12948-4.cc compilation failed to produce executable
FAIL: ext/throw_allocator/check_allocate_max_size.cc (test for excess errors)
WARNING: ext/throw_allocator/check_allocate_max_size.cc compilation failed to produce executable
FAIL: ext/throw_allocator/check_deallocate_null.cc (test for excess errors)
WARNING: ext/throw_allocator/check_deallocate_null.cc compilation failed to produce executable
FAIL: ext/throw_allocator/check_delete.cc (test for excess errors)
WARNING: ext/throw_allocator/check_delete.cc compilation failed to produce executable
FAIL: ext/throw_allocator/check_new.cc (test for excess errors)
WARNING: ext/throw_allocator/check_new.cc compilation failed to produce executable
FAIL: ext/throw_allocator/deallocate_global.cc (test for excess errors)
WARNING: ext/throw_allocator/deallocate_global.cc compilation failed to produce executable
FAIL: ext/throw_allocator/deallocate_local.cc (test for excess errors)
WARNING: ext/throw_allocator/deallocate_local.cc compilation failed to produce executable
FAIL: ext/throw_allocator/explicit_instantiation.cc (test for excess errors)
FAIL: ext/throw_allocator/variadic_construct.cc (test for excess errors)
WARNING: ext/throw_allocator/variadic_construct.cc compilation failed to produce executable
FAIL: ext/type_traits/add_unsigned.cc (test for excess errors)
WARNING: ext/type_traits/add_unsigned.cc compilation failed to produce executable
FAIL: ext/type_traits/add_unsigned_floating_neg.cc (test for errors, line 34)
FAIL: ext/type_traits/add_unsigned_floating_neg.cc (test for errors, line 29)
FAIL: ext/type_traits/add_unsigned_floating_neg.cc (test for errors, line 73)
FAIL: ext/type_traits/add_unsigned_integer_neg.cc (test for errors, line 34)
FAIL: ext/type_traits/add_unsigned_integer_neg.cc (test for errors, line 35)
FAIL: ext/type_traits/add_unsigned_integer_neg.cc (test for errors, line 29)
FAIL: ext/type_traits/add_unsigned_integer_neg.cc (test for errors, line 68)
FAIL: ext/type_traits/add_unsigned_integer_neg.cc (test for excess errors)
FAIL: ext/type_traits/remove_unsigned.cc (test for excess errors)
WARNING: ext/type_traits/remove_unsigned.cc compilation failed to produce executable
FAIL: ext/type_traits/remove_unsigned_floating_neg.cc (test for errors, line 34)
FAIL: ext/type_traits/remove_unsigned_floating_neg.cc (test for errors, line 29)
FAIL: ext/type_traits/remove_unsigned_floating_neg.cc (test for errors, line 116)
FAIL: ext/type_traits/remove_unsigned_integer_neg.cc (test for errors, line 34)
FAIL: ext/type_traits/remove_unsigned_integer_neg.cc (test for errors, line 35)
FAIL: ext/type_traits/remove_unsigned_integer_neg.cc (test for errors, line 29)
FAIL: ext/type_traits/remove_unsigned_integer_neg.cc (test for errors, line 111)
FAIL: ext/type_traits/remove_unsigned_integer_neg.cc (test for excess errors)
FAIL: ext/vstring/capacity/29134.cc (test for excess errors)
WARNING: ext/vstring/capacity/29134.cc compilation failed to produce executable
FAIL: ext/vstring/element_access/char/front_back.cc (test for excess errors)
WARNING: ext/vstring/element_access/char/front_back.cc compilation failed to produce executable
FAIL: ext/vstring/element_access/wchar_t/front_back.cc (test for excess errors)
WARNING: ext/vstring/element_access/wchar_t/front_back.cc compilation failed to produce executable
FAIL: ext/vstring/inserters_extractors/char/28277.cc (test for excess errors)
WARNING: ext/vstring/inserters_extractors/char/28277.cc compilation failed to produce executable
FAIL: ext/vstring/inserters_extractors/wchar_t/28277.cc (test for excess errors)
WARNING: ext/vstring/inserters_extractors/wchar_t/28277.cc compilation failed to produce executable
FAIL: ext/vstring/moveable.cc (test for excess errors)
WARNING: ext/vstring/moveable.cc compilation failed to produce executable
FAIL: ext/vstring/requirements/citerators.cc (test for excess errors)
WARNING: ext/vstring/requirements/citerators.cc compilation failed to produce executable
FAIL: ext/vstring/requirements/dr438/constructor.cc (test for excess errors)
FAIL: ext/vstring/requirements/explicit_instantiation/1.cc (test for excess errors)
FAIL: ext/vstring/requirements/explicit_instantiation/2.cc (test for excess errors)
FAIL: ext/vstring/requirements/explicit_instantiation/char/1.cc (test for excess errors)
FAIL: ext/vstring/requirements/explicit_instantiation/wchar_t/1.cc (test for excess errors)
FAIL: ext/vstring/types/23767.cc (test for excess errors)
FAIL: tr1/2_general_utilities/enable_shared_from_this/1.cc (test for excess errors)
FAIL: tr1/2_general_utilities/enable_shared_from_this/not_shared.cc (test for excess errors)
WARNING: tr1/2_general_utilities/enable_shared_from_this/not_shared.cc compilation failed to produce executable
FAIL: tr1/2_general_utilities/enable_shared_from_this/not_shared2.cc (test for excess errors)
WARNING: tr1/2_general_utilities/enable_shared_from_this/not_shared2.cc compilation failed to produce executable
FAIL: tr1/2_general_utilities/enable_shared_from_this/not_shared3.cc (test for excess errors)
WARNING: tr1/2_general_utilities/enable_shared_from_this/not_shared3.cc compilation failed to produce executable
FAIL: tr1/2_general_utilities/enable_shared_from_this/requirements/explicit_instantiation/1.cc (test for excess errors)
FAIL: tr1/2_general_utilities/enable_shared_from_this/shared.cc (test for excess errors)
WARNING: tr1/2_general_utilities/enable_shared_from_this/shared.cc compilation failed to produce executable
FAIL: tr1/2_general_utilities/enable_shared_from_this/still_shared.cc (test for excess errors)
WARNING: tr1/2_general_utilities/enable_shared_from_this/still_shared.cc compilation failed to produce executable
FAIL: tr1/2_general_utilities/headers/functional/synopsis.cc (test for excess errors)
FAIL: tr1/2_general_utilities/headers/memory/synopsis.cc (test for excess errors)
FAIL: tr1/2_general_utilities/headers/memory/types_std_tr1.cc (test for excess errors)
FAIL: tr1/2_general_utilities/shared_ptr/assign/assign.cc (test for excess errors)
WARNING: tr1/2_general_utilities/shared_ptr/assign/assign.cc compilation failed to produce executable
FAIL: tr1/2_general_utilities/shared_ptr/assign/auto_ptr.cc (test for excess errors)
WARNING: tr1/2_general_utilities/shared_ptr/assign/auto_ptr.cc compilation failed to produce executable
FAIL: tr1/2_general_utilities/shared_ptr/assign/auto_ptr_neg.cc (test for errors, line 39)
FAIL: tr1/2_general_utilities/shared_ptr/assign/auto_ptr_rvalue_neg.cc (test for errors, line 38)
FAIL: tr1/2_general_utilities/shared_ptr/assign/dr541.cc (test for excess errors)
FAIL: tr1/2_general_utilities/shared_ptr/assign/shared_ptr.cc (test for excess errors)
WARNING: tr1/2_general_utilities/shared_ptr/assign/shared_ptr.cc compilation failed to produce executable
FAIL: tr1/2_general_utilities/shared_ptr/assign/shared_ptr_neg.cc (test for errors, line 39)
FAIL: tr1/2_general_utilities/shared_ptr/assign/shared_ptr_neg.cc (test for errors, line )
FAIL: tr1/2_general_utilities/shared_ptr/assign/shared_ptr_neg.cc (test for errors, line )
FAIL: tr1/2_general_utilities/shared_ptr/assign/shared_ptr_neg.cc (test for errors, line )
FAIL: tr1/2_general_utilities/shared_ptr/assign/shared_ptr_neg.cc (test for excess errors)
FAIL: tr1/2_general_utilities/shared_ptr/casts/1.cc (test for excess errors)
FAIL: tr1/2_general_utilities/shared_ptr/comparison/cmp.cc (test for excess errors)
WARNING: tr1/2_general_utilities/shared_ptr/comparison/cmp.cc compilation failed to produce executable
FAIL: tr1/2_general_utilities/shared_ptr/cons/auto_ptr.cc (test for excess errors)
WARNING: tr1/2_general_utilities/shared_ptr/cons/auto_ptr.cc compilation failed to produce executable
FAIL: tr1/2_general_utilities/shared_ptr/cons/auto_ptr_neg.cc (test for errors, line 37)
FAIL: tr1/2_general_utilities/shared_ptr/cons/copy.cc (test for excess errors)
WARNING: tr1/2_general_utilities/shared_ptr/cons/copy.cc compilation failed to produce executable
FAIL: tr1/2_general_utilities/shared_ptr/cons/default.cc (test for excess errors)
WARNING: tr1/2_general_utilities/shared_ptr/cons/default.cc compilation failed to produce executable
FAIL: tr1/2_general_utilities/shared_ptr/cons/pointer.cc (test for excess errors)
WARNING: tr1/2_general_utilities/shared_ptr/cons/pointer.cc compilation failed to produce executable
FAIL: tr1/2_general_utilities/shared_ptr/cons/weak_ptr.cc (test for excess errors)
WARNING: tr1/2_general_utilities/shared_ptr/cons/weak_ptr.cc compilation failed to produce executable
FAIL: tr1/2_general_utilities/shared_ptr/cons/weak_ptr_expired.cc (test for excess errors)
WARNING: tr1/2_general_utilities/shared_ptr/cons/weak_ptr_expired.cc compilation failed to produce executable
FAIL: tr1/2_general_utilities/shared_ptr/dest/dest.cc (test for excess errors)
WARNING: tr1/2_general_utilities/shared_ptr/dest/dest.cc compilation failed to produce executable
FAIL: tr1/2_general_utilities/shared_ptr/misc/24595.cc (test for excess errors)
WARNING: tr1/2_general_utilities/shared_ptr/misc/24595.cc compilation failed to produce executable
FAIL: tr1/2_general_utilities/shared_ptr/misc/io.cc (test for excess errors)
WARNING: tr1/2_general_utilities/shared_ptr/misc/io.cc compilation failed to produce executable
FAIL: tr1/2_general_utilities/shared_ptr/misc/swap.cc (test for excess errors)
WARNING: tr1/2_general_utilities/shared_ptr/misc/swap.cc compilation failed to produce executable
FAIL: tr1/2_general_utilities/shared_ptr/modifiers/24805.cc (test for excess errors)
FAIL: tr1/2_general_utilities/shared_ptr/modifiers/reset.cc (test for excess errors)
WARNING: tr1/2_general_utilities/shared_ptr/modifiers/reset.cc compilation failed to produce executable
FAIL: tr1/2_general_utilities/shared_ptr/modifiers/reset_neg.cc (test for errors, line 37)
FAIL: tr1/2_general_utilities/shared_ptr/modifiers/reset_neg.cc (test for excess errors)
FAIL: tr1/2_general_utilities/shared_ptr/modifiers/swap.cc (test for excess errors)
WARNING: tr1/2_general_utilities/shared_ptr/modifiers/swap.cc compilation failed to produce executable
FAIL: tr1/2_general_utilities/shared_ptr/modifiers/swap_neg.cc (test for errors, line 38)
FAIL: tr1/2_general_utilities/shared_ptr/modifiers/swap_neg.cc (test for excess errors)
FAIL: tr1/2_general_utilities/shared_ptr/observers/bool_conv.cc (test for excess errors)
WARNING: tr1/2_general_utilities/shared_ptr/observers/bool_conv.cc compilation failed to produce executable
FAIL: tr1/2_general_utilities/shared_ptr/observers/get.cc (test for excess errors)
WARNING: tr1/2_general_utilities/shared_ptr/observers/get.cc compilation failed to produce executable
FAIL: tr1/2_general_utilities/shared_ptr/observers/unique.cc (test for excess errors)
WARNING: tr1/2_general_utilities/shared_ptr/observers/unique.cc compilation failed to produce executable
FAIL: tr1/2_general_utilities/shared_ptr/observers/use_count.cc (test for excess errors)
WARNING: tr1/2_general_utilities/shared_ptr/observers/use_count.cc compilation failed to produce executable
FAIL: tr1/2_general_utilities/shared_ptr/requirements/explicit_instantiation/1.cc (test for excess errors)
FAIL: tr1/2_general_utilities/shared_ptr/requirements/explicit_instantiation/2.cc (test for excess errors)
FAIL: tr1/2_general_utilities/weak_ptr/lock/1.cc (test for excess errors)
FAIL: tr1/2_general_utilities/weak_ptr/requirements/explicit_instantiation/1.cc (test for excess errors)
FAIL: tr1/2_general_utilities/weak_ptr/requirements/explicit_instantiation/2.cc (test for excess errors)
FAIL: tr1/3_function_objects/bind/all_bound.cc (test for excess errors)
WARNING: tr1/3_function_objects/bind/all_bound.cc compilation failed to produce executable
FAIL: tr1/3_function_objects/bind/nested.cc (test for excess errors)
WARNING: tr1/3_function_objects/bind/nested.cc compilation failed to produce executable
FAIL: tr1/3_function_objects/bind/placeholders.cc (test for excess errors)
WARNING: tr1/3_function_objects/bind/placeholders.cc compilation failed to produce executable
FAIL: tr1/3_function_objects/bind/ref.cc (test for excess errors)
WARNING: tr1/3_function_objects/bind/ref.cc compilation failed to produce executable
FAIL: tr1/3_function_objects/function/1.cc (test for excess errors)
WARNING: tr1/3_function_objects/function/1.cc compilation failed to produce executable
FAIL: tr1/3_function_objects/function/2.cc (test for excess errors)
WARNING: tr1/3_function_objects/function/2.cc compilation failed to produce executable
FAIL: tr1/3_function_objects/function/3.cc (test for excess errors)
WARNING: tr1/3_function_objects/function/3.cc compilation failed to produce executable
FAIL: tr1/3_function_objects/function/4.cc (test for excess errors)
WARNING: tr1/3_function_objects/function/4.cc compilation failed to produce executable
FAIL: tr1/3_function_objects/function/5.cc (test for excess errors)
WARNING: tr1/3_function_objects/function/5.cc compilation failed to produce executable
FAIL: tr1/3_function_objects/function/6.cc (test for excess errors)
WARNING: tr1/3_function_objects/function/6.cc compilation failed to produce executable
FAIL: tr1/3_function_objects/function/7.cc (test for excess errors)
WARNING: tr1/3_function_objects/function/7.cc compilation failed to produce executable
FAIL: tr1/3_function_objects/function/8.cc (test for excess errors)
WARNING: tr1/3_function_objects/function/8.cc compilation failed to produce executable
FAIL: tr1/3_function_objects/function/9.cc (test for excess errors)
WARNING: tr1/3_function_objects/function/9.cc compilation failed to produce executable
FAIL: tr1/3_function_objects/headers/functional/synopsis.cc (test for excess errors)
FAIL: tr1/3_function_objects/headers/functional/types_std_tr1.cc (test for excess errors)
FAIL: tr1/3_function_objects/headers/functional/using_namespace_std_tr1_placeholders.cc (test for excess errors)
FAIL: tr1/3_function_objects/mem_fn.cc (test for excess errors)
WARNING: tr1/3_function_objects/mem_fn.cc compilation failed to produce executable
FAIL: tr1/3_function_objects/reference_wrapper/invoke.cc (test for excess errors)
WARNING: tr1/3_function_objects/reference_wrapper/invoke.cc compilation failed to produce executable
FAIL: tr1/3_function_objects/reference_wrapper/typedefs.cc (test for excess errors)
WARNING: tr1/3_function_objects/reference_wrapper/typedefs.cc compilation failed to produce executable
FAIL: tr1/3_function_objects/result_of.cc (test for excess errors)
WARNING: tr1/3_function_objects/result_of.cc compilation failed to produce executable
FAIL: tr1/4_metaprogramming/add_const/requirements/explicit_instantiation.cc (test for excess errors)
FAIL: tr1/4_metaprogramming/add_const/value.cc (test for excess errors)
WARNING: tr1/4_metaprogramming/add_const/value.cc compilation failed to produce executable
FAIL: tr1/4_metaprogramming/add_cv/requirements/explicit_instantiation.cc (test for excess errors)
FAIL: tr1/4_metaprogramming/add_cv/value.cc (test for excess errors)
WARNING: tr1/4_metaprogramming/add_cv/value.cc compilation failed to produce executable
FAIL: tr1/4_metaprogramming/add_pointer/requirements/explicit_instantiation.cc (test for excess errors)
FAIL: tr1/4_metaprogramming/add_pointer/value.cc (test for excess errors)
WARNING: tr1/4_metaprogramming/add_pointer/value.cc compilation failed to produce executable
FAIL: tr1/4_metaprogramming/add_reference/requirements/explicit_instantiation.cc (test for excess errors)
=== libstdc++ Summary ===
# of expected passes 4562
# of unexpected failures 194
# of expected failures 58
# of unsupported tests 324
Compiler version: 4.3.0 20071223 (experimental) [trunk revision 131146] (GCC)
Platform: powerpc-ibm-aix5.3.0.0
configure flags: --prefix=/farm/dje/install/powerpc-ibm-aix5.3.0.0-20071222 --disable-werror --enable-languages=c,c++,fortran,objc --with-gmp=/usr/gnu --with-mpfr=/usr/gnu