This is the mail archive of the
gcc-testresults@gcc.gnu.org
mailing list for the GCC project.
Results for 4.3.0 20071215 (experimental) [trunk revision 130977] (GCC) gcc testsuite on mmix-knuth-mmixware
- From: Mike Stein <mstein at phenix dot rootshell dot be>
- To: gcc-testresults at gcc dot gnu dot org
- Date: Mon, 17 Dec 2007 23:50:07 +0100
- Subject: Results for 4.3.0 20071215 (experimental) [trunk revision 130977] (GCC) gcc testsuite on mmix-knuth-mmixware
- Reply-to: gcc at gcc dot gnu dot org
Debian 4 on x86_64
cross tool versions:
GNU assembler (GNU Binutils) 2.18.50.20071125
GNU ld (GNU Binutils) 2.18.50.20071125
GNU Make 3.81
expect version 5.43.0
host gcc version: gcc (GCC) 4.3.0 20071215 (experimental) [trunk revision 130977]
LAST_UPDATED: Sat Dec 15 23:03:08 UTC 2007 (revision 130977)
Target is mmix-knuth-mmixware
Host is x86_64-unknown-linux-gnu
=== gcc tests ===
Running target mmixware-sim
FAIL: gcc.c-torture/compile/limits-structnest.c -O2 (test for excess errors)
FAIL: gcc.c-torture/compile/limits-structnest.c -O3 -fomit-frame-pointer (test for excess errors)
FAIL: gcc.c-torture/compile/limits-structnest.c -O3 -g (test for excess errors)
FAIL: gcc.c-torture/compile/limits-structnest.c -Os (test for excess errors)
FAIL: gcc.c-torture/execute/builtins/memcpy-chk.c execution, -O2
FAIL: gcc.c-torture/execute/builtins/memcpy-chk.c execution, -O3 -fomit-frame-pointer
FAIL: gcc.c-torture/execute/builtins/memcpy-chk.c execution, -O3 -fomit-frame-pointer -funroll-loops
FAIL: gcc.c-torture/execute/builtins/memcpy-chk.c execution, -O3 -fomit-frame-pointer -funroll-all-loops -finline-functions
FAIL: gcc.c-torture/execute/builtins/memcpy-chk.c execution, -O3 -g
FAIL: gcc.c-torture/execute/builtins/memcpy-chk.c execution, -Os
FAIL: gcc.c-torture/execute/builtins/memmove-chk.c execution, -O2
FAIL: gcc.c-torture/execute/builtins/memmove-chk.c execution, -O3 -fomit-frame-pointer
FAIL: gcc.c-torture/execute/builtins/memmove-chk.c execution, -O3 -fomit-frame-pointer -funroll-loops
FAIL: gcc.c-torture/execute/builtins/memmove-chk.c execution, -O3 -fomit-frame-pointer -funroll-all-loops -finline-functions
FAIL: gcc.c-torture/execute/builtins/memmove-chk.c execution, -O3 -g
FAIL: gcc.c-torture/execute/builtins/memmove-chk.c execution, -Os
FAIL: gcc.c-torture/execute/builtins/mempcpy-chk.c execution, -O2
FAIL: gcc.c-torture/execute/builtins/mempcpy-chk.c execution, -O3 -fomit-frame-pointer
FAIL: gcc.c-torture/execute/builtins/mempcpy-chk.c execution, -O3 -fomit-frame-pointer -funroll-loops
FAIL: gcc.c-torture/execute/builtins/mempcpy-chk.c execution, -O3 -fomit-frame-pointer -funroll-all-loops -finline-functions
FAIL: gcc.c-torture/execute/builtins/mempcpy-chk.c execution, -O3 -g
FAIL: gcc.c-torture/execute/builtins/mempcpy-chk.c execution, -Os
FAIL: gcc.c-torture/execute/builtins/memset-chk.c execution, -O2
FAIL: gcc.c-torture/execute/builtins/memset-chk.c execution, -O3 -fomit-frame-pointer
FAIL: gcc.c-torture/execute/builtins/memset-chk.c execution, -O3 -fomit-frame-pointer -funroll-loops
FAIL: gcc.c-torture/execute/builtins/memset-chk.c execution, -O3 -fomit-frame-pointer -funroll-all-loops -finline-functions
FAIL: gcc.c-torture/execute/builtins/memset-chk.c execution, -O3 -g
FAIL: gcc.c-torture/execute/builtins/memset-chk.c execution, -Os
FAIL: gcc.c-torture/execute/builtins/snprintf-chk.c execution, -O2
FAIL: gcc.c-torture/execute/builtins/snprintf-chk.c execution, -O3 -fomit-frame-pointer
FAIL: gcc.c-torture/execute/builtins/snprintf-chk.c execution, -O3 -fomit-frame-pointer -funroll-loops
FAIL: gcc.c-torture/execute/builtins/snprintf-chk.c execution, -O3 -fomit-frame-pointer -funroll-all-loops -finline-functions
FAIL: gcc.c-torture/execute/builtins/snprintf-chk.c execution, -O3 -g
FAIL: gcc.c-torture/execute/builtins/snprintf-chk.c execution, -Os
FAIL: gcc.c-torture/execute/builtins/sprintf-chk.c execution, -O2
FAIL: gcc.c-torture/execute/builtins/sprintf-chk.c execution, -O3 -fomit-frame-pointer
FAIL: gcc.c-torture/execute/builtins/sprintf-chk.c execution, -O3 -fomit-frame-pointer -funroll-loops
FAIL: gcc.c-torture/execute/builtins/sprintf-chk.c execution, -O3 -fomit-frame-pointer -funroll-all-loops -finline-functions
FAIL: gcc.c-torture/execute/builtins/sprintf-chk.c execution, -O3 -g
FAIL: gcc.c-torture/execute/builtins/sprintf-chk.c execution, -Os
FAIL: gcc.c-torture/execute/builtins/stpcpy-chk.c execution, -O2
FAIL: gcc.c-torture/execute/builtins/stpcpy-chk.c execution, -O3 -fomit-frame-pointer
FAIL: gcc.c-torture/execute/builtins/stpcpy-chk.c execution, -O3 -fomit-frame-pointer -funroll-loops
FAIL: gcc.c-torture/execute/builtins/stpcpy-chk.c execution, -O3 -fomit-frame-pointer -funroll-all-loops -finline-functions
FAIL: gcc.c-torture/execute/builtins/stpcpy-chk.c execution, -O3 -g
FAIL: gcc.c-torture/execute/builtins/stpcpy-chk.c execution, -Os
FAIL: gcc.c-torture/execute/builtins/strcat-chk.c execution, -O2
FAIL: gcc.c-torture/execute/builtins/strcat-chk.c execution, -O3 -fomit-frame-pointer
FAIL: gcc.c-torture/execute/builtins/strcat-chk.c execution, -O3 -fomit-frame-pointer -funroll-loops
FAIL: gcc.c-torture/execute/builtins/strcat-chk.c execution, -O3 -fomit-frame-pointer -funroll-all-loops -finline-functions
FAIL: gcc.c-torture/execute/builtins/strcat-chk.c execution, -O3 -g
FAIL: gcc.c-torture/execute/builtins/strcat-chk.c execution, -Os
FAIL: gcc.c-torture/execute/builtins/strcpy-chk.c execution, -O2
FAIL: gcc.c-torture/execute/builtins/strcpy-chk.c execution, -O3 -fomit-frame-pointer
FAIL: gcc.c-torture/execute/builtins/strcpy-chk.c execution, -O3 -fomit-frame-pointer -funroll-loops
FAIL: gcc.c-torture/execute/builtins/strcpy-chk.c execution, -O3 -fomit-frame-pointer -funroll-all-loops -finline-functions
FAIL: gcc.c-torture/execute/builtins/strcpy-chk.c execution, -O3 -g
FAIL: gcc.c-torture/execute/builtins/strcpy-chk.c execution, -Os
FAIL: gcc.c-torture/execute/builtins/strncat-chk.c execution, -O2
FAIL: gcc.c-torture/execute/builtins/strncat-chk.c execution, -O3 -fomit-frame-pointer
FAIL: gcc.c-torture/execute/builtins/strncat-chk.c execution, -O3 -fomit-frame-pointer -funroll-loops
FAIL: gcc.c-torture/execute/builtins/strncat-chk.c execution, -O3 -fomit-frame-pointer -funroll-all-loops -finline-functions
FAIL: gcc.c-torture/execute/builtins/strncat-chk.c execution, -O3 -g
FAIL: gcc.c-torture/execute/builtins/strncat-chk.c execution, -Os
FAIL: gcc.c-torture/execute/builtins/strncpy-chk.c execution, -O2
FAIL: gcc.c-torture/execute/builtins/strncpy-chk.c execution, -O3 -fomit-frame-pointer
FAIL: gcc.c-torture/execute/builtins/strncpy-chk.c execution, -O3 -fomit-frame-pointer -funroll-loops
FAIL: gcc.c-torture/execute/builtins/strncpy-chk.c execution, -O3 -fomit-frame-pointer -funroll-all-loops -finline-functions
FAIL: gcc.c-torture/execute/builtins/strncpy-chk.c execution, -O3 -g
FAIL: gcc.c-torture/execute/builtins/strncpy-chk.c execution, -Os
FAIL: gcc.c-torture/execute/builtins/vsnprintf-chk.c execution, -O2
FAIL: gcc.c-torture/execute/builtins/vsnprintf-chk.c execution, -O3 -fomit-frame-pointer
FAIL: gcc.c-torture/execute/builtins/vsnprintf-chk.c execution, -O3 -fomit-frame-pointer -funroll-loops
FAIL: gcc.c-torture/execute/builtins/vsnprintf-chk.c execution, -O3 -fomit-frame-pointer -funroll-all-loops -finline-functions
FAIL: gcc.c-torture/execute/builtins/vsnprintf-chk.c execution, -O3 -g
FAIL: gcc.c-torture/execute/builtins/vsnprintf-chk.c execution, -Os
FAIL: gcc.c-torture/execute/builtins/vsprintf-chk.c execution, -O2
FAIL: gcc.c-torture/execute/builtins/vsprintf-chk.c execution, -O3 -fomit-frame-pointer
FAIL: gcc.c-torture/execute/builtins/vsprintf-chk.c execution, -O3 -fomit-frame-pointer -funroll-loops
FAIL: gcc.c-torture/execute/builtins/vsprintf-chk.c execution, -O3 -fomit-frame-pointer -funroll-all-loops -finline-functions
FAIL: gcc.c-torture/execute/builtins/vsprintf-chk.c execution, -O3 -g
FAIL: gcc.c-torture/execute/builtins/vsprintf-chk.c execution, -Os
FAIL: gcc.c-torture/execute/built-in-setjmp.c execution, -O2
FAIL: gcc.c-torture/execute/built-in-setjmp.c execution, -O3 -fomit-frame-pointer
FAIL: gcc.c-torture/execute/built-in-setjmp.c execution, -O3 -fomit-frame-pointer -funroll-loops
FAIL: gcc.c-torture/execute/built-in-setjmp.c execution, -O3 -fomit-frame-pointer -funroll-all-loops -finline-functions
FAIL: gcc.c-torture/execute/built-in-setjmp.c execution, -O3 -g
FAIL: gcc.c-torture/execute/built-in-setjmp.c execution, -Os
WARNING: Could not compile gcc.dg/compat/struct-layout-1 generator
FAIL: gcc.dg/cpp/_Pragma6.c (test for excess errors)
FAIL: gcc.dg/debug/debug-1.c -gdwarf-2 -O scan-assembler xyzzy
FAIL: gcc.dg/debug/debug-1.c -gdwarf-2 -O3 scan-assembler xyzzy
FAIL: gcc.dg/debug/debug-1.c -gdwarf-23 -O scan-assembler xyzzy
FAIL: gcc.dg/debug/debug-1.c -gdwarf-23 -O3 scan-assembler xyzzy
FAIL: gcc.dg/debug/debug-2.c -gdwarf-2 -O scan-assembler xyzzy
FAIL: gcc.dg/debug/debug-2.c -gdwarf-2 -O3 scan-assembler xyzzy
FAIL: gcc.dg/debug/debug-2.c -gdwarf-23 -O scan-assembler xyzzy
FAIL: gcc.dg/debug/debug-2.c -gdwarf-23 -O3 scan-assembler xyzzy
FAIL: gcc.dg/attr-weakref-1.c execution test
FAIL: gcc.dg/builtin-apply4.c execution test
FAIL: gcc.dg/builtin-return-1.c execution test
FAIL: gcc.dg/pr30957-1.c scan-rtl-dump loop2_unroll "Expanding Accumulator"
FAIL: gcc.dg/pr32912-2.c (internal compiler error)
FAIL: gcc.dg/pr32912-2.c (test for excess errors)
UNRESOLVED: gcc.dg/pr32912-2.c compilation failed to produce executable
FAIL: gcc.dg/sibcall-7.c execution test
FAIL: gcc.dg/trampoline-1.c execution test
FAIL: gcc.dg/ucnid-2.c (test for excess errors)
UNRESOLVED: gcc.dg/ucnid-2.c compilation failed to produce executable
FAIL: gcc.dg/ucnid-3.c (test for excess errors)
UNRESOLVED: gcc.dg/ucnid-3.c compilation failed to produce executable
FAIL: gcc.dg/ucnid-4.c (test for excess errors)
UNRESOLVED: gcc.dg/ucnid-4.c compilation failed to produce executable
FAIL: gcc.dg/var-expand1.c scan-rtl-dump loop2_unroll "Expanding Accumulator"
FAIL: gcc.dg/struct/wo_prof_global_var.c execution test
FAIL: gcc.dg/struct/wo_prof_local_var.c execution test
FAIL: gcc.dg/struct/wo_prof_malloc_size_var.c (internal compiler error)
FAIL: gcc.dg/struct/wo_prof_malloc_size_var.c (test for excess errors)
UNRESOLVED: gcc.dg/struct/wo_prof_malloc_size_var.c compilation failed to produce executable
FAIL: gcc.dg/struct/wo_prof_single_str_global.c execution test
FAIL: gcc.dg/struct/wo_prof_single_str_local.c execution test
FAIL: gcc.dg/struct/wo_prof_single_str_pointer.c execution test
FAIL: gcc.dg/struct/wo_prof_two_strs.c (internal compiler error)
FAIL: gcc.dg/struct/wo_prof_two_strs.c (test for excess errors)
UNRESOLVED: gcc.dg/struct/wo_prof_two_strs.c compilation failed to produce executable
FAIL: gcc.dg/struct/wo_prof_two_strs.c scan-ipa-dump ipa_struct_reorg "Number of structures to transform is 2"
FAIL: gcc.dg/torture/builtin-pow-mpfr-1.c -O0 scan-tree-dump original "pow"
FAIL: gcc.dg/torture/builtin-pow-mpfr-1.c -O1 scan-tree-dump original "pow"
FAIL: gcc.dg/torture/builtin-pow-mpfr-1.c -O2 scan-tree-dump original "pow"
FAIL: gcc.dg/torture/builtin-pow-mpfr-1.c -O3 -fomit-frame-pointer scan-tree-dump original "pow"
FAIL: gcc.dg/torture/builtin-pow-mpfr-1.c -O3 -g scan-tree-dump original "pow"
FAIL: gcc.dg/torture/builtin-pow-mpfr-1.c -Os scan-tree-dump original "pow"
FAIL: gcc.dg/tree-ssa/alias-15.c scan-tree-dump salias "SFT.5 created for var m offset 128"
FAIL: gcc.dg/tree-ssa/alias-15.c scan-tree-dump-times salias "VUSE <SFT.5_" 2
FAIL: gcc.dg/tree-ssa/loop-1.c scan-assembler-times foo 5
FAIL: gcc.dg/tree-ssa/pr32901.c scan-tree-dump-times gimple "thefoo.0 = {}" 1
FAIL: gcc.dg/tree-ssa/pr32901.c scan-tree-dump-times gimple "thefoo.0.a1 = 1" 1
FAIL: gcc.dg/tree-ssa/pr32901.c scan-tree-dump-times gimple "thefoo.0.a2 = 5" 1
FAIL: gcc.dg/weak/typeof-2.c scan-assembler baz3.*baz3.*baz3.*baz3.*baz3.*baz3
=== gcc Summary ===
# of expected passes 43260
# of unexpected failures 132
# of expected failures 90
# of unresolved testcases 6
# of untested testcases 35
# of unsupported tests 440
/home/mstein/sim/mmix/build/gcc/xgcc version 4.3.0 20071215 (experimental) [trunk revision 130977] (GCC)
Compiler version: 4.3.0 20071215 (experimental) [trunk revision 130977] (GCC) gcc
Platform: mmix-knuth-mmixware
configure flags: --target=mmix --prefix=/n/11/mstein/cross-local/mmix --enable-languages=c --disable-nls --disable-build-warnings --with-ld=/n/11/mstein/cross-local/mmix/bin/mmix-ld --with-as=/n/11/mstein/cross-local/mmix/bin/mmix-as --disable-libssp